rcellminerData 1.2.1 Augustin Luna , Vinodh Rajapakse
 | Snapshot Date: 2015-10-24 10:15:05 -0400 (Sat, 24 Oct 2015) |  | URL: https://hedgehog.fhcrc.org/bioc-data/trunk/experiment/pkgs/rcellminerData |  | Last Changed Rev: 3471 / Revision: 3473 |  | Last Changed Date: 2015-10-22 15:15:54 -0400 (Thu, 22 Oct 2015) |  
  | linux2.bioconductor.org  | Linux (Ubuntu 14.04.2 LTS) / x86_64  |  OK  |  OK  | [ WARNINGS ] |  |   | 
| windows2.bioconductor.org  | Windows Server 2012 R2 Enterprise SP1 (64-bit) / x64  |  OK  |  OK  |  WARNINGS  |  OK  |  | 
| morelia  | Mac OS X Mavericks (10.9.5) / x86_64  |  OK  |  OK  |  WARNINGS  |  OK  |  | 
##############################################################################
##############################################################################
###
### Running command:
###
###   /home/biocbuild/bbs-3.3-bioc/R/bin/R CMD check --no-vignettes --timings rcellminerData_1.2.1.tar.gz
###
##############################################################################
##############################################################################
* using log directory ‘/home/biocbuild/bbs-3.3-data-experiment/meat/rcellminerData.Rcheck’
* using R Under development (unstable) (2015-09-09 r69333)
* using platform: x86_64-pc-linux-gnu (64-bit)
* using session charset: UTF-8
* using option ‘--no-vignettes’
* checking for file ‘rcellminerData/DESCRIPTION’ ... OK
* this is package ‘rcellminerData’ version ‘1.2.1’
* checking package namespace information ... OK
* checking package dependencies ... OK
* checking if this is a source package ... OK
* checking if there is a namespace ... OK
* checking for hidden files and directories ... OK
* checking for portable file names ... OK
* checking for sufficient/correct file permissions ... OK
* checking whether package ‘rcellminerData’ can be installed ... [15s/15s] OK
* checking installed package size ... NOTE
  installed size is 161.4Mb
  sub-directories of 1Mb or more:
    data      39.2Mb
    extdata  122.1Mb
* checking package directory ... OK
* checking ‘build’ directory ... OK
* checking DESCRIPTION meta-information ... OK
* checking top-level files ... OK
* checking for left-over files ... OK
* checking index information ... OK
* checking package subdirectories ... OK
* checking whether the package can be loaded ... OK
* checking whether the package can be loaded with stated dependencies ... OK
* checking whether the package can be unloaded cleanly ... OK
* checking whether the namespace can be loaded with stated dependencies ... OK
* checking whether the namespace can be unloaded cleanly ... OK
* checking Rd files ... OK
* checking Rd metadata ... OK
* checking Rd cross-references ... OK
* checking for missing documentation entries ... OK
* checking for code/documentation mismatches ... OK
* checking Rd \usage sections ... OK
* checking Rd contents ... OK
* checking for unstated dependencies in examples ... OK
* checking contents of ‘data’ directory ... OK
* checking data for non-ASCII characters ... OK
* checking data for ASCII and uncompressed saves ... WARNING
  
  Note: significantly better compression could be obtained
        by using R CMD build --resave-data
                 old_size new_size compress
  drugData.RData   20.6Mb   10.3Mb       xz
  molData.RData    18.7Mb   10.7Mb       xz
* checking installed files from ‘inst/doc’ ... OK
* checking files in ‘vignettes’ ... OK
* checking examples ... NONE
* checking for unstated dependencies in ‘tests’ ... OK
* checking tests ...
  Running ‘runTests.R’ [1s/1s]
 [1s/1s] OK
* checking for unstated dependencies in vignettes ... OK
* checking package vignettes in ‘inst/doc’ ... OK
* checking running R code from vignettes ... SKIPPED
* checking re-building of vignette outputs ... SKIPPED
* checking PDF version of manual ... OK
* DONE
Status: 1 WARNING, 1 NOTE
See
  ‘/home/biocbuild/bbs-3.3-data-experiment/meat/rcellminerData.Rcheck/00check.log’
for details.