Back to Multiple platform build/check report for BioC 3.22: simplified long |
|
This page was generated on 2025-10-11 12:06 -0400 (Sat, 11 Oct 2025).
Hostname | OS | Arch (*) | R version | Installed pkgs |
---|---|---|---|---|
nebbiolo2 | Linux (Ubuntu 24.04.3 LTS) | x86_64 | 4.5.1 Patched (2025-08-23 r88802) -- "Great Square Root" | 4864 |
lconway | macOS 12.7.1 Monterey | x86_64 | 4.5.1 Patched (2025-09-10 r88807) -- "Great Square Root" | 4652 |
kjohnson3 | macOS 13.7.7 Ventura | arm64 | 4.5.1 Patched (2025-09-10 r88807) -- "Great Square Root" | 4597 |
taishan | Linux (openEuler 24.03 LTS) | aarch64 | 4.5.0 (2025-04-11) -- "How About a Twenty-Six" | 4586 |
Click on any hostname to see more info about the system (e.g. compilers) (*) as reported by 'uname -p', except on Windows and Mac OS X |
Package 1903/2346 | Hostname | OS / Arch | INSTALL | BUILD | CHECK | BUILD BIN | ||||||||
scDblFinder 1.23.4 (landing page) Pierre-Luc Germain
| nebbiolo2 | Linux (Ubuntu 24.04.3 LTS) / x86_64 | OK | OK | WARNINGS | ![]() | ||||||||
lconway | macOS 12.7.1 Monterey / x86_64 | OK | OK | WARNINGS | OK | ![]() | ||||||||
kjohnson3 | macOS 13.7.7 Ventura / arm64 | OK | OK | WARNINGS | OK | ![]() | ||||||||
taishan | Linux (openEuler 24.03 LTS) / aarch64 | OK | OK | WARNINGS | ||||||||||
To the developers/maintainers of the scDblFinder package: - Allow up to 24 hours (and sometimes 48 hours) for your latest push to git@git.bioconductor.org:packages/scDblFinder.git to reflect on this report. See Troubleshooting Build Report for more information. - Use the following Renviron settings to reproduce errors and warnings. - If 'R CMD check' started to fail recently on the Linux builder(s) over a missing dependency, add the missing dependency to 'Suggests:' in your DESCRIPTION file. See Renviron.bioc for more information. |
Package: scDblFinder |
Version: 1.23.4 |
Command: /Library/Frameworks/R.framework/Resources/bin/R CMD check --install=check:scDblFinder.install-out.txt --library=/Library/Frameworks/R.framework/Resources/library --no-vignettes --timings scDblFinder_1.23.4.tar.gz |
StartedAt: 2025-10-10 21:34:02 -0400 (Fri, 10 Oct 2025) |
EndedAt: 2025-10-10 21:36:25 -0400 (Fri, 10 Oct 2025) |
EllapsedTime: 142.6 seconds |
RetCode: 0 |
Status: WARNINGS |
CheckDir: scDblFinder.Rcheck |
Warnings: 1 |
############################################################################## ############################################################################## ### ### Running command: ### ### /Library/Frameworks/R.framework/Resources/bin/R CMD check --install=check:scDblFinder.install-out.txt --library=/Library/Frameworks/R.framework/Resources/library --no-vignettes --timings scDblFinder_1.23.4.tar.gz ### ############################################################################## ############################################################################## * using log directory ‘/Users/biocbuild/bbs-3.22-bioc/meat/scDblFinder.Rcheck’ * using R version 4.5.1 Patched (2025-09-10 r88807) * using platform: aarch64-apple-darwin20 * R was compiled by Apple clang version 16.0.0 (clang-1600.0.26.6) GNU Fortran (GCC) 14.2.0 * running under: macOS Ventura 13.7.7 * using session charset: UTF-8 * using option ‘--no-vignettes’ * checking for file ‘scDblFinder/DESCRIPTION’ ... OK * checking extension type ... Package * this is package ‘scDblFinder’ version ‘1.23.4’ * package encoding: UTF-8 * checking package namespace information ... OK * checking package dependencies ... OK * checking if this is a source package ... OK * checking if there is a namespace ... OK * checking for hidden files and directories ... OK * checking for portable file names ... OK * checking for sufficient/correct file permissions ... OK * checking whether package ‘scDblFinder’ can be installed ... OK * checking installed package size ... OK * checking package directory ... OK * checking ‘build’ directory ... OK * checking DESCRIPTION meta-information ... OK * checking top-level files ... OK * checking for left-over files ... OK * checking index information ... OK * checking package subdirectories ... OK * checking code files for non-ASCII characters ... OK * checking R files for syntax errors ... OK * checking whether the package can be loaded ... OK * checking whether the package can be loaded with stated dependencies ... OK * checking whether the package can be unloaded cleanly ... OK * checking whether the namespace can be loaded with stated dependencies ... OK * checking whether the namespace can be unloaded cleanly ... OK * checking dependencies in R code ... WARNING Missing or unexported object: ‘xgboost::xgb.params’ * checking S3 generic/method consistency ... OK * checking replacement functions ... OK * checking foreign function calls ... OK * checking R code for possible problems ... NOTE .xgbtrain: no visible global function definition for ‘packageVersion’ plotThresholds: no visible binding for global variable ‘threshold’ plotThresholds: no visible binding for global variable ‘value’ plotThresholds: no visible binding for global variable ‘variable’ Undefined global functions or variables: packageVersion threshold value variable Consider adding importFrom("utils", "packageVersion") to your NAMESPACE file. * checking Rd files ... OK * checking Rd metadata ... OK * checking Rd cross-references ... NOTE Found the following Rd file(s) with Rd \link{} targets missing package anchors: computeDoubletDensity.Rd: SummarizedExperiment-class, SingleCellExperiment-class, sizeFactors, scran-gene-selection, BiocNeighborParam-class, queryNeighbors, BiocSingularParam-class, BiocParallelParam-class, librarySizeFactors findDoubletClusters.Rd: SummarizedExperiment-class, SingleCellExperiment-class, findMarkers, colLabels, scran-gene-selection, librarySizeFactors, DataFrame-class, SimpleList-class recoverDoublets.Rd: SummarizedExperiment-class, SingleCellExperiment-class, assays, reducedDims, BiocNeighborParam-class, BiocParallelParam-class, DataFrame-class, metadata, doubletCells, doubletCluster Please provide package anchors for all Rd \link{} targets not in the package itself and the base packages. * checking for missing documentation entries ... OK * checking for code/documentation mismatches ... OK * checking Rd \usage sections ... OK * checking Rd contents ... OK * checking for unstated dependencies in examples ... OK * checking files in ‘vignettes’ ... OK * checking examples ... OK * checking for unstated dependencies in ‘tests’ ... OK * checking tests ... Running ‘testthat.R’ OK * checking for unstated dependencies in vignettes ... OK * checking package vignettes ... OK * checking running R code from vignettes ... SKIPPED * checking re-building of vignette outputs ... SKIPPED * checking PDF version of manual ... OK * DONE Status: 1 WARNING, 2 NOTEs See ‘/Users/biocbuild/bbs-3.22-bioc/meat/scDblFinder.Rcheck/00check.log’ for details.
scDblFinder.Rcheck/00install.out
############################################################################## ############################################################################## ### ### Running command: ### ### /Library/Frameworks/R.framework/Resources/bin/R CMD INSTALL scDblFinder ### ############################################################################## ############################################################################## * installing to library ‘/Library/Frameworks/R.framework/Versions/4.5-arm64/Resources/library’ * installing *source* package ‘scDblFinder’ ... ** this is package ‘scDblFinder’ version ‘1.23.4’ ** using staged installation ** R ** inst ** byte-compile and prepare package for lazy loading ** help *** installing help indices ** building package indices ** installing vignettes ** testing if installed package can be loaded from temporary location ** testing if installed package can be loaded from final location ** testing if installed package keeps a record of temporary installation path * DONE (scDblFinder)
scDblFinder.Rcheck/tests/testthat.Rout
R version 4.5.1 Patched (2025-09-10 r88807) -- "Great Square Root" Copyright (C) 2025 The R Foundation for Statistical Computing Platform: aarch64-apple-darwin20 R is free software and comes with ABSOLUTELY NO WARRANTY. You are welcome to redistribute it under certain conditions. Type 'license()' or 'licence()' for distribution details. R is a collaborative project with many contributors. Type 'contributors()' for more information and 'citation()' on how to cite R or R packages in publications. Type 'demo()' for some demos, 'help()' for on-line help, or 'help.start()' for an HTML browser interface to help. Type 'q()' to quit R. > library(testthat) > library(scDblFinder) Loading required package: SingleCellExperiment Loading required package: SummarizedExperiment Loading required package: MatrixGenerics Loading required package: matrixStats Attaching package: 'MatrixGenerics' The following objects are masked from 'package:matrixStats': colAlls, colAnyNAs, colAnys, colAvgsPerRowSet, colCollapse, colCounts, colCummaxs, colCummins, colCumprods, colCumsums, colDiffs, colIQRDiffs, colIQRs, colLogSumExps, colMadDiffs, colMads, colMaxs, colMeans2, colMedians, colMins, colOrderStats, colProds, colQuantiles, colRanges, colRanks, colSdDiffs, colSds, colSums2, colTabulates, colVarDiffs, colVars, colWeightedMads, colWeightedMeans, colWeightedMedians, colWeightedSds, colWeightedVars, rowAlls, rowAnyNAs, rowAnys, rowAvgsPerColSet, rowCollapse, rowCounts, rowCummaxs, rowCummins, rowCumprods, rowCumsums, rowDiffs, rowIQRDiffs, rowIQRs, rowLogSumExps, rowMadDiffs, rowMads, rowMaxs, rowMeans2, rowMedians, rowMins, rowOrderStats, rowProds, rowQuantiles, rowRanges, rowRanks, rowSdDiffs, rowSds, rowSums2, rowTabulates, rowVarDiffs, rowVars, rowWeightedMads, rowWeightedMeans, rowWeightedMedians, rowWeightedSds, rowWeightedVars Loading required package: GenomicRanges Loading required package: stats4 Loading required package: BiocGenerics Loading required package: generics Attaching package: 'generics' The following objects are masked from 'package:base': as.difftime, as.factor, as.ordered, intersect, is.element, setdiff, setequal, union Attaching package: 'BiocGenerics' The following objects are masked from 'package:stats': IQR, mad, sd, var, xtabs The following objects are masked from 'package:base': Filter, Find, Map, Position, Reduce, anyDuplicated, aperm, append, as.data.frame, basename, cbind, colnames, dirname, do.call, duplicated, eval, evalq, get, grep, grepl, is.unsorted, lapply, mapply, match, mget, order, paste, pmax, pmax.int, pmin, pmin.int, rank, rbind, rownames, sapply, saveRDS, table, tapply, unique, unsplit, which.max, which.min Loading required package: S4Vectors Attaching package: 'S4Vectors' The following object is masked from 'package:utils': findMatches The following objects are masked from 'package:base': I, expand.grid, unname Loading required package: IRanges Loading required package: Seqinfo Loading required package: Biobase Welcome to Bioconductor Vignettes contain introductory material; view with 'browseVignettes()'. To cite Bioconductor, see 'citation("Biobase")', and for packages 'citation("pkgname")'. Attaching package: 'Biobase' The following object is masked from 'package:MatrixGenerics': rowMedians The following objects are masked from 'package:matrixStats': anyMissing, rowMedians > test_check("scDblFinder") [1] train-logloss:0.440600 Will train until train_logloss hasn't improved in 2 rounds. [2] train-logloss:0.300078 [3] train-logloss:0.211246 [4] train-logloss:0.151689 [5] train-logloss:0.110405 [6] train-logloss:0.081185 [7] train-logloss:0.060214 [8] train-logloss:0.045017 [9] train-logloss:0.033927 [10] train-logloss:0.025788 [11] train-logloss:0.019788 [12] train-logloss:0.015345 [13] train-logloss:0.012039 [14] train-logloss:0.009565 [15] train-logloss:0.007703 [16] train-logloss:0.006290 [17] train-logloss:0.005208 [18] train-logloss:0.004371 [1] train-logloss:0.440600 Will train until train_logloss hasn't improved in 2 rounds. [2] train-logloss:0.300078 [3] train-logloss:0.211246 [4] train-logloss:0.151689 [5] train-logloss:0.110405 [6] train-logloss:0.081185 [7] train-logloss:0.060214 [8] train-logloss:0.045017 [9] train-logloss:0.033927 [10] train-logloss:0.025788 [11] train-logloss:0.019788 [12] train-logloss:0.015345 [13] train-logloss:0.012039 [14] train-logloss:0.009565 [15] train-logloss:0.007703 [16] train-logloss:0.006290 [17] train-logloss:0.005208 [18] train-logloss:0.004371 [19] train-logloss:0.003716 [1] train-logloss:0.440600 Will train until train_logloss hasn't improved in 2 rounds. [2] train-logloss:0.300078 [3] train-logloss:0.211246 [4] train-logloss:0.151689 [5] train-logloss:0.110405 [6] train-logloss:0.081185 [7] train-logloss:0.060214 [8] train-logloss:0.045017 [9] train-logloss:0.033927 [10] train-logloss:0.025788 [11] train-logloss:0.019788 [12] train-logloss:0.015345 [13] train-logloss:0.012039 [14] train-logloss:0.009565 [15] train-logloss:0.007703 [16] train-logloss:0.006290 [17] train-logloss:0.005208 [18] train-logloss:0.004371 [1] train-logloss:0.440589 Will train until train_logloss hasn't improved in 2 rounds. [2] train-logloss:0.300064 [3] train-logloss:0.211231 [4] train-logloss:0.151674 [5] train-logloss:0.110391 [6] train-logloss:0.081172 [7] train-logloss:0.060201 [8] train-logloss:0.045005 [9] train-logloss:0.033915 [10] train-logloss:0.025777 [11] train-logloss:0.019777 [12] train-logloss:0.015334 [13] train-logloss:0.012029 [14] train-logloss:0.009556 [15] train-logloss:0.007694 [16] train-logloss:0.006282 [17] train-logloss:0.005200 [18] train-logloss:0.004363 [1] train-logloss:0.440589 Will train until train_logloss hasn't improved in 2 rounds. [2] train-logloss:0.300064 [3] train-logloss:0.211231 [4] train-logloss:0.151674 [5] train-logloss:0.110391 [6] train-logloss:0.081172 [7] train-logloss:0.060201 [8] train-logloss:0.045005 [9] train-logloss:0.033915 [10] train-logloss:0.025777 [11] train-logloss:0.019777 [12] train-logloss:0.015334 [13] train-logloss:0.012029 [14] train-logloss:0.009556 [15] train-logloss:0.007694 [16] train-logloss:0.006282 [17] train-logloss:0.005200 [18] train-logloss:0.004363 [1] train-logloss:0.440589 Will train until train_logloss hasn't improved in 2 rounds. [2] train-logloss:0.300064 [3] train-logloss:0.211231 [4] train-logloss:0.151674 [5] train-logloss:0.110391 [6] train-logloss:0.081172 [7] train-logloss:0.060201 [8] train-logloss:0.045005 [9] train-logloss:0.033915 [10] train-logloss:0.025777 [11] train-logloss:0.019777 [12] train-logloss:0.015334 [13] train-logloss:0.012029 [14] train-logloss:0.009556 [15] train-logloss:0.007694 [16] train-logloss:0.006282 [17] train-logloss:0.005200 [18] train-logloss:0.004363 [1] train-logloss:0.452128 Will train until train_logloss hasn't improved in 2 rounds. [2] train-logloss:0.315466 [3] train-logloss:0.229512 [4] train-logloss:0.171102 [5] train-logloss:0.129213 [6] train-logloss:0.098401 [7] train-logloss:0.076744 [8] train-logloss:0.060646 [9] train-logloss:0.048861 [10] train-logloss:0.038763 [11] train-logloss:0.031785 [12] train-logloss:0.026552 [13] train-logloss:0.022271 [14] train-logloss:0.019233 [1] train-logloss:0.452304 Will train until train_logloss hasn't improved in 2 rounds. [2] train-logloss:0.317391 [3] train-logloss:0.231008 [4] train-logloss:0.170496 [5] train-logloss:0.129289 [6] train-logloss:0.099357 [7] train-logloss:0.077656 [8] train-logloss:0.061780 [9] train-logloss:0.049264 [10] train-logloss:0.040031 [11] train-logloss:0.033227 [12] train-logloss:0.027839 [13] train-logloss:0.023343 [14] train-logloss:0.019784 [15] train-logloss:0.017421 [1] train-logloss:0.452428 Will train until train_logloss hasn't improved in 2 rounds. [2] train-logloss:0.317780 [3] train-logloss:0.231028 [4] train-logloss:0.171114 [5] train-logloss:0.130186 [6] train-logloss:0.099669 [7] train-logloss:0.077414 [8] train-logloss:0.061148 [9] train-logloss:0.049199 [10] train-logloss:0.039181 [11] train-logloss:0.031675 [12] train-logloss:0.026024 [13] train-logloss:0.021416 [14] train-logloss:0.018695 [15] train-logloss:0.016206 [16] train-logloss:0.014242 [17] train-logloss:0.012803 [18] train-logloss:0.011730 [19] train-logloss:0.010661 [1] train-logloss:0.453349 Will train until train_logloss hasn't improved in 2 rounds. [2] train-logloss:0.321416 [3] train-logloss:0.234769 [4] train-logloss:0.175099 [5] train-logloss:0.135425 [6] train-logloss:0.104870 [7] train-logloss:0.083247 [8] train-logloss:0.065410 [9] train-logloss:0.053837 [10] train-logloss:0.043968 [11] train-logloss:0.036427 [12] train-logloss:0.031027 [13] train-logloss:0.026353 [14] train-logloss:0.023304 [15] train-logloss:0.020464 [16] train-logloss:0.018444 [1] train-logloss:0.454807 Will train until train_logloss hasn't improved in 2 rounds. [2] train-logloss:0.323296 [3] train-logloss:0.239074 [4] train-logloss:0.178444 [5] train-logloss:0.136276 [6] train-logloss:0.104052 [7] train-logloss:0.082649 [8] train-logloss:0.066683 [9] train-logloss:0.054362 [10] train-logloss:0.044132 [11] train-logloss:0.036758 [12] train-logloss:0.030527 [13] train-logloss:0.026307 [14] train-logloss:0.022304 [15] train-logloss:0.019818 [16] train-logloss:0.017817 [17] train-logloss:0.016034 [1] train-logloss:0.454807 Will train until train_logloss hasn't improved in 2 rounds. [2] train-logloss:0.323296 [3] train-logloss:0.239074 [4] train-logloss:0.178444 [5] train-logloss:0.136276 [6] train-logloss:0.104052 [7] train-logloss:0.082649 [8] train-logloss:0.066683 [9] train-logloss:0.054362 [10] train-logloss:0.044132 [11] train-logloss:0.036758 [12] train-logloss:0.030527 [13] train-logloss:0.026307 [14] train-logloss:0.022304 [15] train-logloss:0.019818 [16] train-logloss:0.017817 [1] train-logloss:0.439549 Will train until train_logloss hasn't improved in 2 rounds. [2] train-logloss:0.298794 [3] train-logloss:0.209914 [4] train-logloss:0.150369 [5] train-logloss:0.109118 [6] train-logloss:0.079937 [7] train-logloss:0.059007 [8] train-logloss:0.043851 [9] train-logloss:0.032800 [10] train-logloss:0.024702 [11] train-logloss:0.018742 [12] train-logloss:0.014341 [13] train-logloss:0.011080 [14] train-logloss:0.008653 [15] train-logloss:0.006840 [16] train-logloss:0.005477 [1] train-logloss:0.439549 Will train until train_logloss hasn't improved in 2 rounds. [2] train-logloss:0.298794 [3] train-logloss:0.209914 [4] train-logloss:0.150369 [5] train-logloss:0.109118 [6] train-logloss:0.079937 [7] train-logloss:0.059007 [8] train-logloss:0.043851 [9] train-logloss:0.032800 [10] train-logloss:0.024702 [11] train-logloss:0.018742 [12] train-logloss:0.014341 [13] train-logloss:0.011080 [14] train-logloss:0.008653 [1] train-logloss:0.439549 Will train until train_logloss hasn't improved in 2 rounds. [2] train-logloss:0.298794 [3] train-logloss:0.209914 [4] train-logloss:0.150369 [5] train-logloss:0.109118 [6] train-logloss:0.079937 [7] train-logloss:0.059007 [8] train-logloss:0.043851 [9] train-logloss:0.032800 [10] train-logloss:0.024702 [11] train-logloss:0.018742 [12] train-logloss:0.014341 [13] train-logloss:0.011080 [14] train-logloss:0.008653 [ FAIL 0 | WARN 8 | SKIP 0 | PASS 104 ] [ FAIL 0 | WARN 8 | SKIP 0 | PASS 104 ] > > proc.time() user system elapsed 21.146 0.512 21.775
scDblFinder.Rcheck/scDblFinder-Ex.timings
name | user | system | elapsed | |
TFIDF | 0.035 | 0.001 | 0.041 | |
addDoublets | 0.121 | 0.002 | 0.124 | |
amulet | 0.615 | 0.003 | 0.662 | |
amuletFromCounts | 0.081 | 0.001 | 0.084 | |
clusterStickiness | 2.729 | 0.034 | 2.801 | |
computeDoubletDensity | 1.572 | 0.023 | 1.636 | |
createDoublets | 0.071 | 0.002 | 0.074 | |
cxds2 | 0.102 | 0.001 | 0.106 | |
directDblClassification | 0.720 | 0.017 | 0.791 | |
doubletPairwiseEnrichment | 1.839 | 0.020 | 1.990 | |
doubletThresholding | 2.549 | 0.029 | 2.704 | |
fastcluster | 0.183 | 0.002 | 0.188 | |
findDoubletClusters | 0.248 | 0.014 | 0.263 | |
getArtificialDoublets | 0.001 | 0.001 | 0.001 | |
getCellPairs | 0.003 | 0.000 | 0.003 | |
getExpectedDoublets | 0.001 | 0.000 | 0.001 | |
mockDoubletSCE | 0.067 | 0.001 | 0.068 | |
propHomotypic | 0 | 0 | 0 | |
recoverDoublets | 0.069 | 0.001 | 0.071 | |
scDblFinder | 2.409 | 0.034 | 2.455 | |
selFeatures | 0.081 | 0.001 | 0.082 | |