Back to Multiple platform build/check report for BioC 3.22: simplified long |
|
This page was generated on 2025-10-06 12:05 -0400 (Mon, 06 Oct 2025).
Hostname | OS | Arch (*) | R version | Installed pkgs |
---|---|---|---|---|
nebbiolo2 | Linux (Ubuntu 24.04.3 LTS) | x86_64 | 4.5.1 Patched (2025-08-23 r88802) -- "Great Square Root" | 4853 |
lconway | macOS 12.7.1 Monterey | x86_64 | 4.5.1 Patched (2025-09-10 r88807) -- "Great Square Root" | 4640 |
kjohnson3 | macOS 13.7.7 Ventura | arm64 | 4.5.1 Patched (2025-09-10 r88807) -- "Great Square Root" | 4585 |
taishan | Linux (openEuler 24.03 LTS) | aarch64 | 4.5.0 (2025-04-11) -- "How About a Twenty-Six" | 4576 |
Click on any hostname to see more info about the system (e.g. compilers) (*) as reported by 'uname -p', except on Windows and Mac OS X |
Package 1296/2341 | Hostname | OS / Arch | INSTALL | BUILD | CHECK | BUILD BIN | ||||||||
mina 1.17.0 (landing page) Rui Guan
| nebbiolo2 | Linux (Ubuntu 24.04.3 LTS) / x86_64 | OK | OK | WARNINGS | ![]() | ||||||||
lconway | macOS 12.7.1 Monterey / x86_64 | OK | OK | WARNINGS | OK | ![]() | ||||||||
kjohnson3 | macOS 13.7.7 Ventura / arm64 | OK | OK | WARNINGS | OK | ![]() | ||||||||
taishan | Linux (openEuler 24.03 LTS) / aarch64 | OK | ERROR | skipped | ||||||||||
To the developers/maintainers of the mina package: - Allow up to 24 hours (and sometimes 48 hours) for your latest push to git@git.bioconductor.org:packages/mina.git to reflect on this report. See Troubleshooting Build Report for more information. - Use the following Renviron settings to reproduce errors and warnings. - If 'R CMD check' started to fail recently on the Linux builder(s) over a missing dependency, add the missing dependency to 'Suggests:' in your DESCRIPTION file. See Renviron.bioc for more information. |
Package: mina |
Version: 1.17.0 |
Command: /Library/Frameworks/R.framework/Resources/bin/R CMD check --install=check:mina.install-out.txt --library=/Library/Frameworks/R.framework/Resources/library --no-vignettes --timings mina_1.17.0.tar.gz |
StartedAt: 2025-10-05 22:48:38 -0400 (Sun, 05 Oct 2025) |
EndedAt: 2025-10-05 22:52:59 -0400 (Sun, 05 Oct 2025) |
EllapsedTime: 261.1 seconds |
RetCode: 0 |
Status: WARNINGS |
CheckDir: mina.Rcheck |
Warnings: 1 |
############################################################################## ############################################################################## ### ### Running command: ### ### /Library/Frameworks/R.framework/Resources/bin/R CMD check --install=check:mina.install-out.txt --library=/Library/Frameworks/R.framework/Resources/library --no-vignettes --timings mina_1.17.0.tar.gz ### ############################################################################## ############################################################################## * using log directory ‘/Users/biocbuild/bbs-3.22-bioc/meat/mina.Rcheck’ * using R version 4.5.1 Patched (2025-09-10 r88807) * using platform: x86_64-apple-darwin20 * R was compiled by Apple clang version 14.0.0 (clang-1400.0.29.202) GNU Fortran (GCC) 14.2.0 * running under: macOS Monterey 12.7.6 * using session charset: UTF-8 * using option ‘--no-vignettes’ * checking for file ‘mina/DESCRIPTION’ ... OK * this is package ‘mina’ version ‘1.17.0’ * package encoding: UTF-8 * checking package namespace information ... OK * checking package dependencies ... OK * checking if this is a source package ... OK * checking if there is a namespace ... OK * checking for hidden files and directories ... OK * checking for portable file names ... OK * checking for sufficient/correct file permissions ... OK * checking whether package ‘mina’ can be installed ... OK * used C++ compiler: ‘Apple clang version 14.0.0 (clang-1400.0.29.202)’ * used SDK: ‘MacOSX11.3.1.sdk’ * checking installed package size ... INFO installed size is 8.2Mb sub-directories of 1Mb or more: data 7.6Mb * checking package directory ... OK * checking ‘build’ directory ... OK * checking DESCRIPTION meta-information ... OK * checking top-level files ... OK * checking for left-over files ... OK * checking index information ... OK * checking package subdirectories ... OK * checking code files for non-ASCII characters ... OK * checking R files for syntax errors ... OK * checking whether the package can be loaded ... OK * checking whether the package can be loaded with stated dependencies ... OK * checking whether the package can be unloaded cleanly ... OK * checking whether the namespace can be loaded with stated dependencies ... OK * checking whether the namespace can be unloaded cleanly ... OK * checking dependencies in R code ... OK * checking S3 generic/method consistency ... OK * checking replacement functions ... OK * checking foreign function calls ... OK * checking R code for possible problems ... NOTE sparcc: no visible binding for global variable ‘i’ net_dis_pcoa,character: no visible binding for global variable ‘y’ net_dis_pcoa,character: no visible binding for global variable ‘Group’ net_dis_plot,mina: no visible binding for global variable ‘Group1’ net_dis_plot,mina: no visible binding for global variable ‘Group2’ net_dis_plot,mina: no visible binding for global variable ‘Distance’ net_dis_plot,mina: no visible binding for global variable ‘Sig’ Undefined global functions or variables: Distance Group Group1 Group2 Sig i y * checking Rd files ... NOTE checkRd: (-1) re_format_AP.Rd:10: Lost braces; missing escapes or markup? 10 | \item{x}{an {APResult} object from \pkg{apcluster}.} | ^ * checking Rd metadata ... OK * checking Rd cross-references ... OK * checking for missing documentation entries ... OK * checking for code/documentation mismatches ... OK * checking Rd \usage sections ... OK * checking Rd contents ... OK * checking for unstated dependencies in examples ... OK * checking contents of ‘data’ directory ... OK * checking data for non-ASCII characters ... OK * checking LazyData ... WARNING LazyData DB of 7.6 MB without LazyDataCompression set See §1.1.6 of 'Writing R Extensions' * checking data for ASCII and uncompressed saves ... OK * checking line endings in C/C++/Fortran sources/headers ... OK * checking compiled code ... NOTE Note: information on .o files is not available * checking files in ‘vignettes’ ... OK * checking examples ... OK Examples with CPU (user + system) or elapsed time > 5s user system elapsed net_dis_plot 33.765 36.761 36.001 net_dis-mina 17.096 21.726 18.482 dis_stat_accessor 13.994 16.574 14.950 bs_pm-mina 8.267 19.580 6.872 net_cls-mina 18.661 0.626 18.821 com_plot-mina 12.254 2.661 2.073 net_cls 6.520 0.778 6.779 net_cls-matrix 6.483 0.382 6.467 bs_pm 2.129 4.054 2.139 net_dis 2.133 3.085 2.336 get_net_cls_tab 4.829 0.373 4.774 get_net_cls_tab-matrix-data.frame-method 4.499 0.558 4.666 * checking for unstated dependencies in vignettes ... OK * checking package vignettes ... OK * checking running R code from vignettes ... SKIPPED * checking re-building of vignette outputs ... SKIPPED * checking PDF version of manual ... OK * DONE Status: 1 WARNING, 3 NOTEs See ‘/Users/biocbuild/bbs-3.22-bioc/meat/mina.Rcheck/00check.log’ for details.
mina.Rcheck/00install.out
############################################################################## ############################################################################## ### ### Running command: ### ### /Library/Frameworks/R.framework/Resources/bin/R CMD INSTALL mina ### ############################################################################## ############################################################################## * installing to library ‘/Library/Frameworks/R.framework/Versions/4.5-x86_64/Resources/library’ * installing *source* package ‘mina’ ... ** this is package ‘mina’ version ‘1.17.0’ ** using staged installation ** libs using C++ compiler: ‘Apple clang version 14.0.0 (clang-1400.0.29.202)’ using SDK: ‘MacOSX11.3.1.sdk’ clang++ -arch x86_64 -std=gnu++17 -I"/Library/Frameworks/R.framework/Resources/include" -DNDEBUG -I'/Library/Frameworks/R.framework/Versions/4.5-x86_64/Resources/library/Rcpp/include' -I'/Library/Frameworks/R.framework/Versions/4.5-x86_64/Resources/library/RcppParallel/include' -I'/Library/Frameworks/R.framework/Versions/4.5-x86_64/Resources/library/RcppArmadillo/include' -I/opt/R/x86_64/include -fPIC -falign-functions=64 -Wall -g -O2 -c RcppExports.cpp -o RcppExports.o clang++ -arch x86_64 -std=gnu++17 -I"/Library/Frameworks/R.framework/Resources/include" -DNDEBUG -I'/Library/Frameworks/R.framework/Versions/4.5-x86_64/Resources/library/Rcpp/include' -I'/Library/Frameworks/R.framework/Versions/4.5-x86_64/Resources/library/RcppParallel/include' -I'/Library/Frameworks/R.framework/Versions/4.5-x86_64/Resources/library/RcppArmadillo/include' -I/opt/R/x86_64/include -fPIC -falign-functions=64 -Wall -g -O2 -c cp_cor.cpp -o cp_cor.o clang++ -arch x86_64 -std=gnu++17 -dynamiclib -Wl,-headerpad_max_install_names -undefined dynamic_lookup -L/Library/Frameworks/R.framework/Resources/lib -L/opt/R/x86_64/lib -o mina.so RcppExports.o cp_cor.o -F/Library/Frameworks/R.framework/.. -framework R installing to /Library/Frameworks/R.framework/Versions/4.5-x86_64/Resources/library/00LOCK-mina/00new/mina/libs ** R ** data *** moving datasets to lazyload DB ** byte-compile and prepare package for lazy loading Creating a new generic function for ‘norm’ in package ‘mina’ ** help *** installing help indices ** building package indices ** installing vignettes ** testing if installed package can be loaded from temporary location ** checking absolute paths in shared objects and dynamic libraries ** testing if installed package can be loaded from final location ** testing if installed package keeps a record of temporary installation path * DONE (mina)
mina.Rcheck/mina-Ex.timings
name | user | system | elapsed | |
adj-matrix | 0.627 | 0.163 | 0.375 | |
adj-mina | 0.960 | 0.274 | 0.715 | |
adj | 0.919 | 0.079 | 0.659 | |
adj_method_list | 0.075 | 0.165 | 0.171 | |
bs_pm-mina | 8.267 | 19.580 | 6.872 | |
bs_pm | 2.129 | 4.054 | 2.139 | |
check_mina | 0.056 | 0.024 | 0.080 | |
check_mina_de | 0.051 | 0.022 | 0.074 | |
check_mina_qu | 0.054 | 0.023 | 0.078 | |
cls_tab | 0.060 | 0.051 | 0.113 | |
com_dis-matrix | 0.479 | 0.051 | 0.254 | |
com_dis-mina | 0.304 | 0.149 | 0.067 | |
com_dis | 0.466 | 0.171 | 0.242 | |
com_dis_list | 0.103 | 0.142 | 0.165 | |
com_plot-mina | 12.254 | 2.661 | 2.073 | |
com_plot | 0.244 | 0.199 | 0.261 | |
com_r2-mina | 0.727 | 0.180 | 0.502 | |
com_r2 | 0.897 | 0.309 | 0.650 | |
data-hmp | 0.002 | 0.002 | 0.004 | |
data-maize | 0.001 | 0.001 | 0.002 | |
des_accessor | 0.002 | 0.000 | 0.002 | |
dis_accessor | 0.289 | 0.164 | 0.066 | |
dis_stat_accessor | 13.994 | 16.574 | 14.950 | |
dmr-matrix | 0.542 | 0.115 | 0.311 | |
dmr-mina | 0.572 | 0.179 | 0.422 | |
dmr | 0.565 | 0.131 | 0.340 | |
dmr_accessor | 0.566 | 0.126 | 0.340 | |
fit_tabs-mina | 0.720 | 0.224 | 0.960 | |
fit_tabs | 1.179 | 0.372 | 1.572 | |
get_net_cls_tab-matrix-data.frame-method | 4.499 | 0.558 | 4.666 | |
get_net_cls_tab | 4.829 | 0.373 | 4.774 | |
get_r2-mat | 0.683 | 0.156 | 0.455 | |
get_r2 | 0.675 | 0.281 | 0.470 | |
get_rep-matrix | 0.238 | 0.009 | 0.248 | |
get_rep-mima | 0.638 | 0.119 | 0.778 | |
hmp_des | 0.001 | 0.001 | 0.001 | |
hmp_otu | 0.001 | 0.001 | 0.002 | |
maize_asv | 0.000 | 0.001 | 0.002 | |
maize_asv2 | 0.001 | 0.002 | 0.002 | |
maize_des | 0.001 | 0.001 | 0.002 | |
maize_des2 | 0.000 | 0.001 | 0.001 | |
mina-class | 0.001 | 0.000 | 0.000 | |
net_cls-matrix | 6.483 | 0.382 | 6.467 | |
net_cls-mina | 18.661 | 0.626 | 18.821 | |
net_cls | 6.520 | 0.778 | 6.779 | |
net_cls_tab-mina-method | 1.732 | 0.170 | 1.499 | |
net_cls_tab | 4.151 | 0.463 | 4.075 | |
net_dis-mina | 17.096 | 21.726 | 18.482 | |
net_dis | 2.133 | 3.085 | 2.336 | |
net_dis_indi | 0.001 | 0.001 | 0.001 | |
net_dis_pcoa | 0.000 | 0.001 | 0.001 | |
net_dis_plot | 33.765 | 36.761 | 36.001 | |
net_grp_cmp | 0.000 | 0.000 | 0.001 | |
net_node_cmp | 0 | 0 | 0 | |
norm_accessor | 0.032 | 0.001 | 0.033 | |
norm_tab-matrix | 0.693 | 0.151 | 0.852 | |
norm_tab-mina | 0.632 | 0.005 | 0.643 | |
norm_tab | 0.032 | 0.000 | 0.033 | |
norm_tab_method_list | 0.067 | 0.040 | 0.140 | |
pcoa_plot | 1.316 | 0.544 | 0.901 | |
sim_par | 0 | 0 | 0 | |
sparcc | 0.000 | 0.000 | 0.001 | |
tab_accessor | 0 | 0 | 0 | |
tina-matrix-method | 0.001 | 0.001 | 0.000 | |
tina | 0.000 | 0.001 | 0.001 | |