| Back to Multiple platform build/check report for BioC 3.23: simplified long |
|
This page was generated on 2025-11-20 11:37 -0500 (Thu, 20 Nov 2025).
| Hostname | OS | Arch (*) | R version | Installed pkgs |
|---|---|---|---|---|
| nebbiolo1 | Linux (Ubuntu 24.04.3 LTS) | x86_64 | R Under development (unstable) (2025-10-20 r88955) -- "Unsuffered Consequences" | 4827 |
| lconway | macOS 12.7.6 Monterey | x86_64 | R Under development (unstable) (2025-10-21 r88958) -- "Unsuffered Consequences" | 4600 |
| kjohnson3 | macOS 13.7.7 Ventura | arm64 | R Under development (unstable) (2025-11-04 r88984) -- "Unsuffered Consequences" | 4564 |
| Click on any hostname to see more info about the system (e.g. compilers) (*) as reported by 'uname -p', except on Windows and Mac OS X | ||||
| Package 1287/2325 | Hostname | OS / Arch | INSTALL | BUILD | CHECK | BUILD BIN | ||||||||
| mina 1.19.0 (landing page) Rui Guan
| nebbiolo1 | Linux (Ubuntu 24.04.3 LTS) / x86_64 | OK | OK | WARNINGS | |||||||||
| lconway | macOS 12.7.6 Monterey / x86_64 | OK | OK | WARNINGS | OK | |||||||||
| kjohnson3 | macOS 13.7.7 Ventura / arm64 | OK | OK | WARNINGS | OK | |||||||||
|
To the developers/maintainers of the mina package: - Allow up to 24 hours (and sometimes 48 hours) for your latest push to git@git.bioconductor.org:packages/mina.git to reflect on this report. See Troubleshooting Build Report for more information. - Use the following Renviron settings to reproduce errors and warnings. - If 'R CMD check' started to fail recently on the Linux builder(s) over a missing dependency, add the missing dependency to 'Suggests:' in your DESCRIPTION file. See Renviron.bioc for more information. |
| Package: mina |
| Version: 1.19.0 |
| Command: /home/biocbuild/bbs-3.23-bioc/R/bin/R CMD check --install=check:mina.install-out.txt --library=/home/biocbuild/bbs-3.23-bioc/R/site-library --timings mina_1.19.0.tar.gz |
| StartedAt: 2025-11-20 01:26:47 -0500 (Thu, 20 Nov 2025) |
| EndedAt: 2025-11-20 01:31:28 -0500 (Thu, 20 Nov 2025) |
| EllapsedTime: 281.3 seconds |
| RetCode: 0 |
| Status: WARNINGS |
| CheckDir: mina.Rcheck |
| Warnings: 1 |
##############################################################################
##############################################################################
###
### Running command:
###
### /home/biocbuild/bbs-3.23-bioc/R/bin/R CMD check --install=check:mina.install-out.txt --library=/home/biocbuild/bbs-3.23-bioc/R/site-library --timings mina_1.19.0.tar.gz
###
##############################################################################
##############################################################################
* using log directory ‘/home/biocbuild/bbs-3.23-bioc/meat/mina.Rcheck’
* using R Under development (unstable) (2025-10-20 r88955)
* using platform: x86_64-pc-linux-gnu
* R was compiled by
gcc (Ubuntu 13.3.0-6ubuntu2~24.04) 13.3.0
GNU Fortran (Ubuntu 13.3.0-6ubuntu2~24.04) 13.3.0
* running under: Ubuntu 24.04.3 LTS
* using session charset: UTF-8
* checking for file ‘mina/DESCRIPTION’ ... OK
* this is package ‘mina’ version ‘1.19.0’
* package encoding: UTF-8
* checking package namespace information ... OK
* checking package dependencies ... OK
* checking if this is a source package ... OK
* checking if there is a namespace ... OK
* checking for hidden files and directories ... OK
* checking for portable file names ... OK
* checking for sufficient/correct file permissions ... OK
* checking whether package ‘mina’ can be installed ... OK
* used C++ compiler: ‘g++ (Ubuntu 13.3.0-6ubuntu2~24.04) 13.3.0’
* checking installed package size ... INFO
installed size is 8.6Mb
sub-directories of 1Mb or more:
data 7.6Mb
* checking package directory ... OK
* checking ‘build’ directory ... OK
* checking DESCRIPTION meta-information ... OK
* checking top-level files ... OK
* checking for left-over files ... OK
* checking index information ... OK
* checking package subdirectories ... OK
* checking code files for non-ASCII characters ... OK
* checking R files for syntax errors ... OK
* checking whether the package can be loaded ... OK
* checking whether the package can be loaded with stated dependencies ... OK
* checking whether the package can be unloaded cleanly ... OK
* checking whether the namespace can be loaded with stated dependencies ... OK
* checking whether the namespace can be unloaded cleanly ... OK
* checking loading without being on the library search path ... OK
* checking dependencies in R code ... OK
* checking S3 generic/method consistency ... OK
* checking replacement functions ... OK
* checking foreign function calls ... OK
* checking R code for possible problems ... NOTE
sparcc: no visible binding for global variable ‘i’
net_dis_pcoa,character: no visible binding for global variable ‘y’
net_dis_pcoa,character: no visible binding for global variable ‘Group’
net_dis_plot,mina: no visible binding for global variable ‘Group1’
net_dis_plot,mina: no visible binding for global variable ‘Group2’
net_dis_plot,mina: no visible binding for global variable ‘Distance’
net_dis_plot,mina: no visible binding for global variable ‘Sig’
Undefined global functions or variables:
Distance Group Group1 Group2 Sig i y
* checking Rd files ... NOTE
checkRd: (-1) re_format_AP.Rd:10: Lost braces; missing escapes or markup?
10 | \item{x}{an {APResult} object from \pkg{apcluster}.}
| ^
* checking Rd metadata ... OK
* checking Rd cross-references ... OK
* checking for missing documentation entries ... OK
* checking for code/documentation mismatches ... OK
* checking Rd \usage sections ... OK
* checking Rd contents ... OK
* checking for unstated dependencies in examples ... OK
* checking contents of ‘data’ directory ... OK
* checking data for non-ASCII characters ... OK
* checking LazyData ... WARNING
LazyData DB of 7.6 MB without LazyDataCompression set
See §1.1.6 of 'Writing R Extensions'
* checking data for ASCII and uncompressed saves ... OK
* checking line endings in C/C++/Fortran sources/headers ... OK
* checking compiled code ... INFO
Note: information on .o files is not available
* checking files in ‘vignettes’ ... OK
* checking examples ... OK
Examples with CPU (user + system) or elapsed time > 5s
user system elapsed
net_dis_plot 38.655 3.161 27.254
net_dis-mina 20.559 1.600 14.484
com_plot-mina 16.765 0.037 1.723
dis_stat_accessor 14.940 1.563 10.965
net_cls-mina 13.635 0.202 13.338
bs_pm-mina 10.450 0.954 5.908
net_cls-matrix 6.395 0.141 6.061
net_cls 6.433 0.062 6.037
* checking for unstated dependencies in vignettes ... OK
* checking package vignettes ... OK
* checking re-building of vignette outputs ... OK
* checking PDF version of manual ... OK
* DONE
Status: 1 WARNING, 2 NOTEs
See
‘/home/biocbuild/bbs-3.23-bioc/meat/mina.Rcheck/00check.log’
for details.
mina.Rcheck/00install.out
############################################################################## ############################################################################## ### ### Running command: ### ### /home/biocbuild/bbs-3.23-bioc/R/bin/R CMD INSTALL mina ### ############################################################################## ############################################################################## * installing to library ‘/home/biocbuild/bbs-3.23-bioc/R/site-library’ * installing *source* package ‘mina’ ... ** this is package ‘mina’ version ‘1.19.0’ ** using staged installation ** libs using C++ compiler: ‘g++ (Ubuntu 13.3.0-6ubuntu2~24.04) 13.3.0’ g++ -std=gnu++17 -I"/home/biocbuild/bbs-3.23-bioc/R/include" -DNDEBUG -I'/home/biocbuild/bbs-3.23-bioc/R/site-library/Rcpp/include' -I'/home/biocbuild/bbs-3.23-bioc/R/site-library/RcppParallel/include' -I'/home/biocbuild/bbs-3.23-bioc/R/site-library/RcppArmadillo/include' -I/usr/local/include -fpic -g -O2 -Wall -Werror=format-security -c RcppExports.cpp -o RcppExports.o g++ -std=gnu++17 -I"/home/biocbuild/bbs-3.23-bioc/R/include" -DNDEBUG -I'/home/biocbuild/bbs-3.23-bioc/R/site-library/Rcpp/include' -I'/home/biocbuild/bbs-3.23-bioc/R/site-library/RcppParallel/include' -I'/home/biocbuild/bbs-3.23-bioc/R/site-library/RcppArmadillo/include' -I/usr/local/include -fpic -g -O2 -Wall -Werror=format-security -c cp_cor.cpp -o cp_cor.o g++ -std=gnu++17 -shared -L/home/biocbuild/bbs-3.23-bioc/R/lib -L/usr/local/lib -o mina.so RcppExports.o cp_cor.o -L/home/biocbuild/bbs-3.23-bioc/R/lib -lR installing to /home/biocbuild/bbs-3.23-bioc/R/site-library/00LOCK-mina/00new/mina/libs ** R ** data *** moving datasets to lazyload DB ** byte-compile and prepare package for lazy loading Creating a new generic function for ‘norm’ in package ‘mina’ ** help *** installing help indices ** building package indices ** installing vignettes ** testing if installed package can be loaded from temporary location ** checking absolute paths in shared objects and dynamic libraries ** testing if installed package can be loaded from final location ** testing if installed package keeps a record of temporary installation path * DONE (mina)
mina.Rcheck/mina-Ex.timings
| name | user | system | elapsed | |
| adj-matrix | 0.643 | 0.052 | 0.329 | |
| adj-mina | 0.987 | 0.015 | 0.576 | |
| adj | 0.772 | 0.042 | 0.332 | |
| adj_method_list | 0.061 | 0.012 | 0.076 | |
| bs_pm-mina | 10.450 | 0.954 | 5.908 | |
| bs_pm | 2.997 | 0.179 | 1.732 | |
| check_mina | 0.059 | 0.010 | 0.069 | |
| check_mina_de | 0.054 | 0.007 | 0.061 | |
| check_mina_qu | 0.057 | 0.004 | 0.061 | |
| cls_tab | 0.060 | 0.005 | 0.065 | |
| com_dis-matrix | 0.549 | 0.005 | 0.203 | |
| com_dis-mina | 0.455 | 0.007 | 0.076 | |
| com_dis | 0.594 | 0.010 | 0.247 | |
| com_dis_list | 0.094 | 0.008 | 0.103 | |
| com_plot-mina | 16.765 | 0.037 | 1.723 | |
| com_plot | 0.197 | 0.002 | 0.175 | |
| com_r2-mina | 0.659 | 0.008 | 0.387 | |
| com_r2 | 0.865 | 0.018 | 0.442 | |
| data-hmp | 0.000 | 0.002 | 0.002 | |
| data-maize | 0.001 | 0.001 | 0.001 | |
| des_accessor | 0.002 | 0.001 | 0.002 | |
| dis_accessor | 0.598 | 0.035 | 0.345 | |
| dis_stat_accessor | 14.940 | 1.563 | 10.965 | |
| dmr-matrix | 0.544 | 0.031 | 0.279 | |
| dmr-mina | 0.551 | 0.006 | 0.270 | |
| dmr | 0.570 | 0.004 | 0.274 | |
| dmr_accessor | 0.564 | 0.007 | 0.270 | |
| fit_tabs-mina | 0.737 | 0.018 | 0.754 | |
| fit_tabs | 0.739 | 0.008 | 0.747 | |
| get_net_cls_tab-matrix-data.frame-method | 2.203 | 0.015 | 1.718 | |
| get_net_cls_tab | 2.401 | 0.002 | 1.886 | |
| get_r2-mat | 0.682 | 0.002 | 0.349 | |
| get_r2 | 0.663 | 0.002 | 0.345 | |
| get_rep-matrix | 0.267 | 0.002 | 0.269 | |
| get_rep-mima | 0.561 | 0.005 | 0.566 | |
| hmp_des | 0.001 | 0.000 | 0.001 | |
| hmp_otu | 0.001 | 0.000 | 0.000 | |
| maize_asv | 0.000 | 0.001 | 0.001 | |
| maize_asv2 | 0.001 | 0.000 | 0.001 | |
| maize_des | 0.001 | 0.000 | 0.001 | |
| maize_des2 | 0 | 0 | 0 | |
| mina-class | 0.001 | 0.000 | 0.001 | |
| net_cls-matrix | 6.395 | 0.141 | 6.061 | |
| net_cls-mina | 13.635 | 0.202 | 13.338 | |
| net_cls | 6.433 | 0.062 | 6.037 | |
| net_cls_tab-mina-method | 1.759 | 0.019 | 1.319 | |
| net_cls_tab | 2.247 | 0.005 | 1.750 | |
| net_dis-mina | 20.559 | 1.600 | 14.484 | |
| net_dis | 3.223 | 0.262 | 1.932 | |
| net_dis_indi | 0 | 0 | 0 | |
| net_dis_pcoa | 0 | 0 | 0 | |
| net_dis_plot | 38.655 | 3.161 | 27.254 | |
| net_grp_cmp | 0.000 | 0.000 | 0.001 | |
| net_node_cmp | 0.000 | 0.001 | 0.000 | |
| norm_accessor | 0.025 | 0.003 | 0.028 | |
| norm_tab-matrix | 0.589 | 0.026 | 0.615 | |
| norm_tab-mina | 0.571 | 0.010 | 0.582 | |
| norm_tab | 0.024 | 0.000 | 0.024 | |
| norm_tab_method_list | 0.051 | 0.011 | 0.062 | |
| pcoa_plot | 1.411 | 0.017 | 0.767 | |
| sim_par | 0 | 0 | 0 | |
| sparcc | 0.001 | 0.000 | 0.000 | |
| tab_accessor | 0.001 | 0.000 | 0.001 | |
| tina-matrix-method | 0 | 0 | 0 | |
| tina | 0 | 0 | 0 | |