| Back to "Blame Jeroen" build/check report for BioC 3.11 |
This page was generated on 2020-04-15 03:20:10 -0400 (Wed, 15 Apr 2020).
| These builds are using Rtools40 and R-testing by Jeroen Ooms (available at https://cran.r-project.org/bin/windows/testing/rtools40.html) |
| TO THE DEVELOPERS/MAINTAINERS OF THE GenomicAlignments PACKAGE: Please make sure to use the following settings in order to reproduce any error or warning you see on this page. |
| Package 41/89 | Hostname | OS / Arch | INSTALL | BUILD | CHECK | BUILD BIN | |||||
| GenomicAlignments 1.23.2 Bioconductor Package Maintainer
| tokay2 | Windows Server 2012 R2 Standard / x64 | OK | OK | [ WARNINGS ] | OK |
| Package: GenomicAlignments |
| Version: 1.23.2 |
| Command: C:\Users\bioctesting\bbs-3.11-bioc-testing\R\bin\R.exe CMD check --force-multiarch --install=check:GenomicAlignments.install-out.txt --library=C:\Users\bioctesting\bbs-3.11-bioc-testing\R\library --no-vignettes --timings GenomicAlignments_1.23.2.tar.gz |
| StartedAt: 2020-04-14 21:41:02 -0400 (Tue, 14 Apr 2020) |
| EndedAt: 2020-04-14 21:51:09 -0400 (Tue, 14 Apr 2020) |
| EllapsedTime: 607.1 seconds |
| RetCode: 0 |
| Status: WARNINGS |
| CheckDir: GenomicAlignments.Rcheck |
| Warnings: 1 |
##############################################################################
##############################################################################
###
### Running command:
###
### C:\Users\bioctesting\bbs-3.11-bioc-testing\R\bin\R.exe CMD check --force-multiarch --install=check:GenomicAlignments.install-out.txt --library=C:\Users\bioctesting\bbs-3.11-bioc-testing\R\library --no-vignettes --timings GenomicAlignments_1.23.2.tar.gz
###
##############################################################################
##############################################################################
* using log directory 'C:/Users/bioctesting/bbs-3.11-bioc-testing/meat/GenomicAlignments.Rcheck'
* using R version 4.0.0 alpha (Rtools40) (2020-03-31 r78116)
* using platform: x86_64-w64-mingw32 (64-bit)
* using session charset: ISO8859-1
* using option '--no-vignettes'
* checking for file 'GenomicAlignments/DESCRIPTION' ... OK
* this is package 'GenomicAlignments' version '1.23.2'
* package encoding: UTF-8
* checking package namespace information ... OK
* checking package dependencies ... NOTE
Depends: includes the non-default packages:
'BiocGenerics', 'S4Vectors', 'IRanges', 'GenomeInfoDb',
'GenomicRanges', 'SummarizedExperiment', 'Biostrings', 'Rsamtools'
Adding so many packages to the search path is excessive and importing
selectively is preferable.
* checking if this is a source package ... OK
* checking if there is a namespace ... OK
* checking for hidden files and directories ... OK
* checking for portable file names ... OK
* checking whether package 'GenomicAlignments' can be installed ... WARNING
Found the following significant warnings:
Rd warning: C:/Users/bioctesting/bbs-3.11-bioc-testing/tmpdir/Rtmp40PhEe/R.INSTALLcdc26776491/GenomicAlignments/man/GAlignmentPairs-class.Rd:168: file link 'Rle' in package 'S4Vectors' does not exist and so has been treated as a topic
Rd warning: C:/Users/bioctesting/bbs-3.11-bioc-testing/tmpdir/Rtmp40PhEe/R.INSTALLcdc26776491/GenomicAlignments/man/GAlignmentPairs-class.Rd:278: file link 'IRanges' in package 'IRanges' does not exist and so has been treated as a topic
Rd warning: C:/Users/bioctesting/bbs-3.11-bioc-testing/tmpdir/Rtmp40PhEe/R.INSTALLcdc26776491/GenomicAlignments/man/GAlignmentPairs-class.Rd:355: file link 'Vector' in package 'S4Vectors' does not exist and so has been treated as a topic
Rd warning: C:/Users/bioctesting/bbs-3.11-bioc-testing/tmpdir/Rtmp40PhEe/R.INSTALLcdc26776491/GenomicAlignments/man/GAlignmentPairs-class.Rd:357: file link 'IRanges' in package 'IRanges' does not exist and so has been treated as a topic
Rd warning: C:/Users/bioctesting/bbs-3.11-bioc-testing/tmpdir/Rtmp40PhEe/R.INSTALLcdc26776491/GenomicAlignments/man/GAlignmentPairs-class.Rd:357: file link 'XStringSet' in package 'Biostrings' does not exist and so has been treated as a topic
Rd warning: C:/Users/bioctesting/bbs-3.11-bioc-testing/tmpdir/Rtmp40PhEe/R.INSTALLcdc26776491/GenomicAlignments/man/GAlignmentPairs-class.Rd:389: file link 'GRanges' in package 'GenomicRanges' does not exist and so has been treated as a topic
Rd warning: C:/Users/bioctesting/bbs-3.11-bioc-testing/tmpdir/Rtmp40PhEe/R.INSTALLcdc26776491/GenomicAlignments/man/GAlignmentPairs-class.Rd:390: file link 'GRangesList' in package 'GenomicRanges' does not exist and so has been treated as a topic
Rd warning: C:/Users/bioctesting/bbs-3.11-bioc-testing/tmpdir/Rtmp40PhEe/R.INSTALLcdc26776491/GenomicAlignments/man/GAlignments-class.Rd:177: file link 'Rle' in package 'S4Vectors' does not exist and so has been treated as a topic
Rd warning: C:/Users/bioctesting/bbs-3.11-bioc-testing/tmpdir/Rtmp40PhEe/R.INSTALLcdc26776491/GenomicAlignments/man/GAlignments-class.Rd:189: file link 'Rle' in package 'S4Vectors' does not exist and so has been treated as a topic
Rd warning: C:/Users/bioctesting/bbs-3.11-bioc-testing/tmpdir/Rtmp40PhEe/R.INSTALLcdc26776491/GenomicAlignments/man/GAlignments-class.Rd:283: file link 'IRanges' in package 'IRanges' does not exist and so has been treated as a topic
Rd warning: C:/Users/bioctesting/bbs-3.11-bioc-testing/tmpdir/Rtmp40PhEe/R.INSTALLcdc26776491/GenomicAlignments/man/GAlignments-class.Rd:299: file link 'IntegerRangesList' in package 'IRanges' does not exist and so has been treated as a topic
Rd warning: C:/Users/bioctesting/bbs-3.11-bioc-testing/tmpdir/Rtmp40PhEe/R.INSTALLcdc26776491/GenomicAlignments/man/GAlignments-class.Rd:304: file link 'IntegerRangesList' in package 'IRanges' does not exist and so has been treated as a topic
Rd warning: C:/Users/bioctesting/bbs-3.11-bioc-testing/tmpdir/Rtmp40PhEe/R.INSTALLcdc26776491/GenomicAlignments/man/GAlignments-class.Rd:305: file link 'CompressedIRangesList' in package 'IRanges' does not exist and so has been treated as a topic
Rd warning: C:/Users/bioctesting/bbs-3.11-bioc-testing/tmpdir/Rtmp40PhEe/R.INSTALLcdc26776491/GenomicAlignments/man/GAlignments-class.Rd:347: file link 'GRanges' in package 'GenomicRanges' does not exist and so has been treated as a topic
Rd warning: C:/Users/bioctesting/bbs-3.11-bioc-testing/tmpdir/Rtmp40PhEe/R.INSTALLcdc26776491/GenomicAlignments/man/GAlignments-class.Rd:353: file link 'GRanges' in package 'GenomicRanges' does not exist and so has been treated as a topic
Rd warning: C:/Users/bioctesting/bbs-3.11-bioc-testing/tmpdir/Rtmp40PhEe/R.INSTALLcdc26776491/GenomicAlignments/man/GAlignments-class.Rd:379: file link 'c' in package 'S4Vectors' does not exist and so has been treated as a topic
Rd warning: C:/Users/bioctesting/bbs-3.11-bioc-testing/tmpdir/Rtmp40PhEe/R.INSTALLcdc26776491/GenomicAlignments/man/GAlignments-class.Rd:398: file link 'IntegerRanges' in package 'IRanges' does not exist and so has been treated as a topic
Rd warning: C:/Users/bioctesting/bbs-3.11-bioc-testing/tmpdir/Rtmp40PhEe/R.INSTALLcdc26776491/GenomicAlignments/man/GAlignments-class.Rd:398: file link 'DNAStringSet' in package 'Biostrings' does not exist and so has been treated as a topic
Rd warning: C:/Users/bioctesting/bbs-3.11-bioc-testing/tmpdir/Rtmp40PhEe/R.INSTALLcdc26776491/GenomicAlignments/man/GAlignments-class.Rd:431: file link 'GRanges' in package 'GenomicRanges' does not exist and so has been treated as a topic
Rd warning: C:/Users/bioctesting/bbs-3.11-bioc-testing/tmpdir/Rtmp40PhEe/R.INSTALLcdc26776491/GenomicAlignments/man/GAlignments-class.Rd:432: file link 'GRangesList' in package 'GenomicRanges' does not exist and so has been treated as a topic
Rd warning: C:/Users/bioctesting/bbs-3.11-bioc-testing/tmpdir/Rtmp40PhEe/R.INSTALLcdc26776491/GenomicAlignments/man/GAlignments-class.Rd:435: file link 'CompressedIRangesList' in package 'IRanges' does not exist and so has been treated as a topic
Rd warning: C:/Users/bioctesting/bbs-3.11-bioc-testing/tmpdir/Rtmp40PhEe/R.INSTALLcdc26776491/GenomicAlignments/man/GAlignmentsList-class.Rd:174: file link 'IRanges' in package 'IRanges' does not exist and so has been treated as a topic
Rd warning: C:/Users/bioctesting/bbs-3.11-bioc-testing/tmpdir/Rtmp40PhEe/R.INSTALLcdc26776491/GenomicAlignments/man/GAlignmentsList-class.Rd:192: file link 'IRangesList' in package 'IRanges' does not exist and so has been treated as a topic
Rd warning: C:/Users/bioctesting/bbs-3.11-bioc-testing/tmpdir/Rtmp40PhEe/R.INSTALLcdc26776491/GenomicAlignments/man/GAlignmentsList-class.Rd:260: file link 'c' in package 'S4Vectors' does not exist and so has been treated as a topic
Rd warning: C:/Users/bioctesting/bbs-3.11-bioc-testing/tmpdir/Rtmp40PhEe/R.INSTALLcdc26776491/GenomicAlignments/man/GAlignmentsList-class.Rd:291: file link 'GRanges' in package 'GenomicRanges' does not exist and so has been treated as a topic
Rd warning: C:/Users/bioctesting/bbs-3.11-bioc-testing/tmpdir/Rtmp40PhEe/R.INSTALLcdc26776491/GenomicAlignments/man/GAlignmentsList-class.Rd:292: file link 'GRangesList' in package 'GenomicRanges' does not exist and so has been treated as a topic
Rd warning: C:/Users/bioctesting/bbs-3.11-bioc-testing/tmpdir/Rtmp40PhEe/R.INSTALLcdc26776491/GenomicAlignments/man/GappedReads-class.Rd:43: file link 'DNAStringSet' in package 'Biostrings' does not exist and so has been treated as a topic
Rd warning: C:/Users/bioctesting/bbs-3.11-bioc-testing/tmpdir/Rtmp40PhEe/R.INSTALLcdc26776491/GenomicAlignments/man/OverlapEncodings-class.Rd:112: file link 'IntegerRangesList' in package 'IRanges' does not exist and so has been treated as a topic
Rd warning: C:/Users/bioctesting/bbs-3.11-bioc-testing/tmpdir/Rtmp40PhEe/R.INSTALLcdc26776491/GenomicAlignments/man/OverlapEncodings-class.Rd:273: file link 'pcompare' in package 'IRanges' does not exist and so has been treated as a topic
Rd warning: C:/Users/bioctesting/bbs-3.11-bioc-testing/tmpdir/Rtmp40PhEe/R.INSTALLcdc26776491/GenomicAlignments/man/OverlapEncodings-class.Rd:277: file link 'GRangesList' in package 'GenomicRanges' does not exist and so has been treated as a topic
Rd warning: C:/Users/bioctesting/bbs-3.11-bioc-testing/tmpdir/Rtmp40PhEe/R.INSTALLcdc26776491/GenomicAlignments/man/cigar-utils.Rd:133: file link 'IRangesList' in package 'IRanges' does not exist and so has been treated as a topic
Rd warning: C:/Users/bioctesting/bbs-3.11-bioc-testing/tmpdir/Rtmp40PhEe/R.INSTALLcdc26776491/GenomicAlignments/man/cigar-utils.Rd:135: file link 'IRangesList' in package 'IRanges' does not exist and so has been treated as a topic
Rd warning: C:/Users/bioctesting/bbs-3.11-bioc-testing/tmpdir/Rtmp40PhEe/R.INSTALLcdc26776491/GenomicAlignments/man/cigar-utils.Rd:139: file link 'IRangesList' in package 'IRanges' does not exist and so has been treated as a topic
Rd warning: C:/Users/bioctesting/bbs-3.11-bioc-testing/tmpdir/Rtmp40PhEe/R.INSTALLcdc26776491/GenomicAlignments/man/cigar-utils.Rd:189: file link 'solveUserSEW' in package 'IRanges' does not exist and so has been treated as a topic
Rd warning: C:/Users/bioctesting/bbs-3.11-bioc-testing/tmpdir/Rtmp40PhEe/R.INSTALLcdc26776491/GenomicAlignments/man/cigar-utils.Rd:221: file link 'CompressedRleList' in package 'IRanges' does not exist and so has been treated as a topic
Rd warning: C:/Users/bioctesting/bbs-3.11-bioc-testing/tmpdir/Rtmp40PhEe/R.INSTALLcdc26776491/GenomicAlignments/man/cigar-utils.Rd:229: file link 'IRangesList' in package 'IRanges' does not exist and so has been treated as a topic
Rd warning: C:/Users/bioctesting/bbs-3.11-bioc-testing/tmpdir/Rtmp40PhEe/R.INSTALLcdc26776491/GenomicAlignments/man/cigar-utils.Rd:230: file link 'CompressedIRangesList' in package 'IRanges' does not exist and so has been treated as a topic
Rd warning: C:/Users/bioctesting/bbs-3.11-bioc-testing/tmpdir/Rtmp40PhEe/R.INSTALLcdc26776491/GenomicAlignments/man/cigar-utils.Rd:233: file link 'IRangesList' in package 'IRanges' does not exist and so has been treated as a topic
Rd warning: C:/Users/bioctesting/bbs-3.11-bioc-testing/tmpdir/Rtmp40PhEe/R.INSTALLcdc26776491/GenomicAlignments/man/cigar-utils.Rd:233: file link 'SimpleIRangesList' in package 'IRanges' does not exist and so has been treated as a topic
Rd warning: C:/Users/bioctesting/bbs-3.11-bioc-testing/tmpdir/Rtmp40PhEe/R.INSTALLcdc26776491/GenomicAlignments/man/cigar-utils.Rd:234: file link 'CompressedIRangesList' in package 'IRanges' does not exist and so has been treated as a topic
Rd warning: C:/Users/bioctesting/bbs-3.11-bioc-testing/tmpdir/Rtmp40PhEe/R.INSTALLcdc26776491/GenomicAlignments/man/cigar-utils.Rd:289: file link 'IRanges' in package 'IRanges' does not exist and so has been treated as a topic
Rd warning: C:/Users/bioctesting/bbs-3.11-bioc-testing/tmpdir/Rtmp40PhEe/R.INSTALLcdc26776491/GenomicAlignments/man/cigar-utils.Rd:289: file link 'IRangesList' in package 'IRanges' does not exist and so has been treated as a topic
Rd warning: C:/Users/bioctesting/bbs-3.11-bioc-testing/tmpdir/Rtmp40PhEe/R.INSTALLcdc26776491/GenomicAlignments/man/cigar-utils.Rd:290: file link 'RleList' in package 'IRanges' does not exist and so has been treated as a topic
Rd warning: C:/Users/bioctesting/bbs-3.11-bioc-testing/tmpdir/Rtmp40PhEe/R.INSTALLcdc26776491/GenomicAlignments/man/cigar-utils.Rd:292: file link 'coverage' in package 'IRanges' does not exist and so has been treated as a topic
Rd warning: C:/Users/bioctesting/bbs-3.11-bioc-testing/tmpdir/Rtmp40PhEe/R.INSTALLcdc26776491/GenomicAlignments/man/coordinate-mapping-methods.Rd:25: file link 'mapToTranscripts' in package 'GenomicFeatures' does not exist and so has been treated as a topic
Rd warning: C:/Users/bioctesting/bbs-3.11-bioc-testing/tmpdir/Rtmp40PhEe/R.INSTALLcdc26776491/GenomicAlignments/man/coordinate-mapping-methods.Rd:144: file link 'mapToTranscripts' in package 'GenomicFeatures' does not exist and so has been treated as a topic
Rd warning: C:/Users/bioctesting/bbs-3.11-bioc-testing/tmpdir/Rtmp40PhEe/R.INSTALLcdc26776491/GenomicAlignments/man/coverage-methods.Rd:15: file link 'coverage' in package 'IRanges' does not exist and so has been treated as a topic
Rd warning: C:/Users/bioctesting/bbs-3.11-bioc-testing/tmpdir/Rtmp40PhEe/R.INSTALLcdc26776491/GenomicAlignments/man/coverage-methods.Rd:17: file link 'BamFile' in package 'Rsamtools' does not exist and so has been treated as a topic
Rd warning: C:/Users/bioctesting/bbs-3.11-bioc-testing/tmpdir/Rtmp40PhEe/R.INSTALLcdc26776491/GenomicAlignments/man/coverage-methods.Rd:19: file link 'coverage' in package 'IRanges' does not exist and so has been treated as a topic
Rd warning: C:/Users/bioctesting/bbs-3.11-bioc-testing/tmpdir/Rtmp40PhEe/R.INSTALLcdc26776491/GenomicAlignments/man/coverage-methods.Rd:20: file link 'IntegerRanges' in package 'IRanges' does not exist and so has been treated as a topic
Rd warning: C:/Users/bioctesting/bbs-3.11-bioc-testing/tmpdir/Rtmp40PhEe/R.INSTALLcdc26776491/GenomicAlignments/man/coverage-methods.Rd:20: file link 'IntegerRangesList' in package 'IRanges' does not exist and so has been treated as a topic
Rd warning: C:/Users/bioctesting/bbs-3.11-bioc-testing/tmpdir/Rtmp40PhEe/R.INSTALLcdc26776491/GenomicAlignments/man/coverage-methods.Rd:22: file link 'GRanges' in package 'GenomicRanges' does not exist and so has been treated as a topic
Rd warning: C:/Users/bioctesting/bbs-3.11-bioc-testing/tmpdir/Rtmp40PhEe/R.INSTALLcdc26776491/GenomicAlignments/man/coverage-methods.Rd:23: file link 'GRangesList' in package 'GenomicRanges' does not exist and so has been treated as a topic
Rd warning: C:/Users/bioctesting/bbs-3.11-bioc-testing/tmpdir/Rtmp40PhEe/R.INSTALLcdc26776491/GenomicAlignments/man/coverage-methods.Rd:46: file link 'BamFile' in package 'Rsamtools' does not exist and so has been treated as a topic
Rd warning: C:/Users/bioctesting/bbs-3.11-bioc-testing/tmpdir/Rtmp40PhEe/R.INSTALLcdc26776491/GenomicAlignments/man/coverage-methods.Rd:49: file link 'GRanges' in package 'GenomicRanges' does not exist and so has been treated as a topic
Rd warning: C:/Users/bioctesting/bbs-3.11-bioc-testing/tmpdir/Rtmp40PhEe/R.INSTALLcdc26776491/GenomicAlignments/man/coverage-methods.Rd:53: file link 'coverage' in package 'IRanges' does not exist and so has been treated as a topic
Rd warning: C:/Users/bioctesting/bbs-3.11-bioc-testing/tmpdir/Rtmp40PhEe/R.INSTALLcdc26776491/GenomicAlignments/man/coverage-methods.Rd:65: file link 'ScanBamParam' in package 'Rsamtools' does not exist and so has been treated as a topic
Rd warning: C:/Users/bioctesting/bbs-3.11-bioc-testing/tmpdir/Rtmp40PhEe/R.INSTALLcdc26776491/GenomicAlignments/man/coverage-methods.Rd:70: file link 'BamFile' in package 'Rsamtools' does not exist and so has been treated as a topic
Rd warning: C:/Users/bioctesting/bbs-3.11-bioc-testing/tmpdir/Rtmp40PhEe/R.INSTALLcdc26776491/GenomicAlignments/man/coverage-methods.Rd:84: file link 'BamFile' in package 'Rsamtools' does not exist and so has been treated as a topic
Rd warning: C:/Users/bioctesting/bbs-3.11-bioc-testing/tmpdir/Rtmp40PhEe/R.INSTALLcdc26776491/GenomicAlignments/man/coverage-methods.Rd:92: file link 'BamFile' in package 'Rsamtools' does not exist and so has been treated as a topic
Rd warning: C:/Users/bioctesting/bbs-3.11-bioc-testing/tmpdir/Rtmp40PhEe/R.INSTALLcdc26776491/GenomicAlignments/man/coverage-methods.Rd:97: file link 'RleList' in package 'IRanges' does not exist and so has been treated as a topic
Rd warning: C:/Users/bioctesting/bbs-3.11-bioc-testing/tmpdir/Rtmp40PhEe/R.INSTALLcdc26776491/GenomicAlignments/man/coverage-methods.Rd:103: file link 'coverage' in package 'IRanges' does not exist and so has been treated as a topic
Rd warning: C:/Users/bioctesting/bbs-3.11-bioc-testing/tmpdir/Rtmp40PhEe/R.INSTALLcdc26776491/GenomicAlignments/man/coverage-methods.Rd:108: file link 'RleList' in package 'IRanges' does not exist and so has been treated as a topic
Rd warning: C:/Users/bioctesting/bbs-3.11-bioc-testing/tmpdir/Rtmp40PhEe/R.INSTALLcdc26776491/GenomicAlignments/man/coverage-methods.Rd:114: file link 'BamFile' in package 'Rsamtools' does not exist and so has been treated as a topic
Rd warning: C:/Users/bioctesting/bbs-3.11-bioc-testing/tmpdir/Rtmp40PhEe/R.INSTALLcdc26776491/GenomicAlignments/man/encodeOverlaps-methods.Rd:50: file link 'GRangesList' in package 'GenomicRanges' does not exist and so has been treated as a topic
Rd warning: C:/Users/bioctesting/bbs-3.11-bioc-testing/tmpdir/Rtmp40PhEe/R.INSTALLcdc26776491/GenomicAlignments/man/encodeOverlaps-methods.Rd:83: file link 'GRangesList' in package 'GenomicRanges' does not exist and so has been treated as a topic
Rd warning: C:/Users/bioctesting/bbs-3.11-bioc-testing/tmpdir/Rtmp40PhEe/R.INSTALLcdc26776491/GenomicAlignments/man/encodeOverlaps-methods.Rd:91: file link 'IntegerRangesList' in package 'IRanges' does not exist and so has been treated as a topic
Rd warning: C:/Users/bioctesting/bbs-3.11-bioc-testing/tmpdir/Rtmp40PhEe/R.INSTALLcdc26776491/GenomicAlignments/man/encodeOverlaps-methods.Rd:91: file link 'GRangesList' in package 'GenomicRanges' does not exist and so has been treated as a topic
Rd warning: C:/Users/bioctesting/bbs-3.11-bioc-testing/tmpdir/Rtmp40PhEe/R.INSTALLcdc26776491/GenomicAlignments/man/encodeOverlaps-methods.Rd:95: file link 'Hits' in package 'S4Vectors' does not exist and so has been treated as a topic
Rd warning: C:/Users/bioctesting/bbs-3.11-bioc-testing/tmpdir/Rtmp40PhEe/R.INSTALLcdc26776491/GenomicAlignments/man/encodeOverlaps-methods.Rd:96: file link 'findOverlaps' in package 'IRanges' does not exist and so has been treated as a topic
Rd warning: C:/Users/bioctesting/bbs-3.11-bioc-testing/tmpdir/Rtmp40PhEe/R.INSTALLcdc26776491/GenomicAlignments/man/encodeOverlaps-methods.Rd:100: file link 'queryLength' in package 'S4Vectors' does not exist and so has been treated as a topic
Rd warning: C:/Users/bioctesting/bbs-3.11-bioc-testing/tmpdir/Rtmp40PhEe/R.INSTALLcdc26776491/GenomicAlignments/man/encodeOverlaps-methods.Rd:101: file link 'subjectLength' in package 'S4Vectors' does not exist and so has been treated as a topic
Rd warning: C:/Users/bioctesting/bbs-3.11-bioc-testing/tmpdir/Rtmp40PhEe/R.INSTALLcdc26776491/GenomicAlignments/man/encodeOverlaps-methods.Rd:120: file link 'GRangesList' in package 'GenomicRanges' does not exist and so has been treated as a topic
Rd warning: C:/Users/bioctesting/bbs-3.11-bioc-testing/tmpdir/Rtmp40PhEe/R.INSTALLcdc26776491/GenomicAlignments/man/encodeOverlaps-methods.Rd:186: file link 'Hits' in package 'S4Vectors' does not exist and so has been treated as a topic
Rd warning: C:/Users/bioctesting/bbs-3.11-bioc-testing/tmpdir/Rtmp40PhEe/R.INSTALLcdc26776491/GenomicAlignments/man/encodeOverlaps-methods.Rd:192: file link 'findOverlaps' in package 'IRanges' does not exist and so has been treated as a topic
Rd warning: C:/Users/bioctesting/bbs-3.11-bioc-testing/tmpdir/Rtmp40PhEe/R.INSTALLcdc26776491/GenomicAlignments/man/encodeOverlaps-methods.Rd:197: file link 'GRangesList' in package 'GenomicRanges' does not exist and so has been treated as a topic
Rd warning: C:/Users/bioctesting/bbs-3.11-bioc-testing/tmpdir/Rtmp40PhEe/R.INSTALLcdc26776491/GenomicAlignments/man/encodeOverlaps-methods.Rd:200: file link 'findOverlaps' in package 'IRanges' does not exist and so has been treated as a topic
Rd warning: C:/Users/bioctesting/bbs-3.11-bioc-testing/tmpdir/Rtmp40PhEe/R.INSTALLcdc26776491/GenomicAlignments/man/findCompatibleOverlaps-methods.Rd:37: file link 'findOverlaps' in package 'IRanges' does not exist and so has been treated as a topic
Rd warning: C:/Users/bioctesting/bbs-3.11-bioc-testing/tmpdir/Rtmp40PhEe/R.INSTALLcdc26776491/GenomicAlignments/man/findCompatibleOverlaps-methods.Rd:49: file link 'Hits' in package 'S4Vectors' does not exist and so has been treated as a topic
Rd warning: C:/Users/bioctesting/bbs-3.11-bioc-testing/tmpdir/Rtmp40PhEe/R.INSTALLcdc26776491/GenomicAlignments/man/findCompatibleOverlaps-methods.Rd:59: file link 'findOverlaps' in package 'IRanges' does not exist and so has been treated as a topic
Rd warning: C:/Users/bioctesting/bbs-3.11-bioc-testing/tmpdir/Rtmp40PhEe/R.INSTALLcdc26776491/GenomicAlignments/man/findCompatibleOverlaps-methods.Rd:69: file link 'GRangesList' in package 'GenomicRanges' does not exist and so has been treated as a topic
Rd warning: C:/Users/bioctesting/bbs-3.11-bioc-testing/tmpdir/Rtmp40PhEe/R.INSTALLcdc26776491/GenomicAlignments/man/findOverlaps-methods.Rd:22: file link 'findOverlaps' in package 'IRanges' does not exist and so has been treated as a topic
Rd warning: C:/Users/bioctesting/bbs-3.11-bioc-testing/tmpdir/Rtmp40PhEe/R.INSTALLcdc26776491/GenomicAlignments/man/findOverlaps-methods.Rd:23: file link 'IntegerRanges' in package 'IRanges' does not exist and so has been treated as a topic
Rd warning: C:/Users/bioctesting/bbs-3.11-bioc-testing/tmpdir/Rtmp40PhEe/R.INSTALLcdc26776491/GenomicAlignments/man/findOverlaps-methods.Rd:23: file link 'IntegerRangesList' in package 'IRanges' does not exist and so has been treated as a topic
Rd warning: C:/Users/bioctesting/bbs-3.11-bioc-testing/tmpdir/Rtmp40PhEe/R.INSTALLcdc26776491/GenomicAlignments/man/findOverlaps-methods.Rd:25: file link 'GRanges' in package 'GenomicRanges' does not exist and so has been treated as a topic
Rd warning: C:/Users/bioctesting/bbs-3.11-bioc-testing/tmpdir/Rtmp40PhEe/R.INSTALLcdc26776491/GenomicAlignments/man/findOverlaps-methods.Rd:26: file link 'GRangesList' in package 'GenomicRanges' does not exist and so has been treated as a topic
Rd warning: C:/Users/bioctesting/bbs-3.11-bioc-testing/tmpdir/Rtmp40PhEe/R.INSTALLcdc26776491/GenomicAlignments/man/findOverlaps-methods.Rd:51: file link 'findOverlaps' in package 'IRanges' does not exist and so has been treated as a topic
Rd warning: C:/Users/bioctesting/bbs-3.11-bioc-testing/tmpdir/Rtmp40PhEe/R.INSTALLcdc26776491/GenomicAlignments/man/findOverlaps-methods.Rd:74: file link 'Hits' in package 'S4Vectors' does not exist and so has been treated as a topic
Rd warning: C:/Users/bioctesting/bbs-3.11-bioc-testing/tmpdir/Rtmp40PhEe/R.INSTALLcdc26776491/GenomicAlignments/man/findOverlaps-methods.Rd:80: file link 'findOverlaps' in package 'IRanges' does not exist and so has been treated as a topic
Rd warning: C:/Users/bioctesting/bbs-3.11-bioc-testing/tmpdir/Rtmp40PhEe/R.INSTALLcdc26776491/GenomicAlignments/man/findSpliceOverlaps-methods.Rd:37: file link 'GRangesList' in package 'GenomicRanges' does not exist and so has been treated as a topic
Rd warning: C:/Users/bioctesting/bbs-3.11-bioc-testing/tmpdir/Rtmp40PhEe/R.INSTALLcdc26776491/GenomicAlignments/man/findSpliceOverlaps-methods.Rd:38: file link 'BamFile' in package 'Rsamtools' does not exist and so has been treated as a topic
Rd warning: C:/Users/bioctesting/bbs-3.11-bioc-testing/tmpdir/Rtmp40PhEe/R.INSTALLcdc26776491/GenomicAlignments/man/findSpliceOverlaps-methods.Rd:46: file link 'GRanges' in package 'GenomicRanges' does not exist and so has been treated as a topic
Rd warning: C:/Users/bioctesting/bbs-3.11-bioc-testing/tmpdir/Rtmp40PhEe/R.INSTALLcdc26776491/GenomicAlignments/man/findSpliceOverlaps-methods.Rd:49: file link 'GRangesList' in package 'GenomicRanges' does not exist and so has been treated as a topic
Rd warning: C:/Users/bioctesting/bbs-3.11-bioc-testing/tmpdir/Rtmp40PhEe/R.INSTALLcdc26776491/GenomicAlignments/man/findSpliceOverlaps-methods.Rd:58: file link 'BamFile' in package 'Rsamtools' does not exist and so has been treated as a topic
Rd warning: C:/Users/bioctesting/bbs-3.11-bioc-testing/tmpdir/Rtmp40PhEe/R.INSTALLcdc26776491/GenomicAlignments/man/findSpliceOverlaps-methods.Rd:61: file link 'GRangesList' in package 'GenomicRanges' does not exist and so has been treated as a topic
Rd warning: C:/Users/bioctesting/bbs-3.11-bioc-testing/tmpdir/Rtmp40PhEe/R.INSTALLcdc26776491/GenomicAlignments/man/findSpliceOverlaps-methods.Rd:68: file link 'ScanBamParam' in package 'Rsamtools' does not exist and so has been treated as a topic
Rd warning: C:/Users/bioctesting/bbs-3.11-bioc-testing/tmpdir/Rtmp40PhEe/R.INSTALLcdc26776491/GenomicAlignments/man/findSpliceOverlaps-methods.Rd:94: file link 'Hits' in package 'S4Vectors' does not exist and so has been treated as a topic
Rd warning: C:/Users/bioctesting/bbs-3.11-bioc-testing/tmpdir/Rtmp40PhEe/R.INSTALLcdc26776491/GenomicAlignments/man/findSpliceOverlaps-methods.Rd:122: file link 'GRangesList' in package 'GenomicRanges' does not exist and so has been treated as a topic
Rd warning: C:/Users/bioctesting/bbs-3.11-bioc-testing/tmpdir/Rtmp40PhEe/R.INSTALLcdc26776491/GenomicAlignments/man/findSpliceOverlaps-methods.Rd:127: file link 'BamFile' in package 'Rsamtools' does not exist and so has been treated as a topic
Rd warning: C:/Users/bioctesting/bbs-3.11-bioc-testing/tmpdir/Rtmp40PhEe/R.INSTALLcdc26776491/GenomicAlignments/man/intra-range-methods.Rd:42: file link 'solveUserSEW' in package 'IRanges' does not exist and so has been treated as a topic
Rd warning: C:/Users/bioctesting/bbs-3.11-bioc-testing/tmpdir/Rtmp40PhEe/R.INSTALLcdc26776491/GenomicAlignments/man/junctions-methods.Rd:80: file link 'IntegerList' in package 'IRanges' does not exist and so has been treated as a topic
Rd warning: C:/Users/bioctesting/bbs-3.11-bioc-testing/tmpdir/Rtmp40PhEe/R.INSTALLcdc26776491/GenomicAlignments/man/junctions-methods.Rd:85: file link 'BSgenome' in package 'BSgenome' does not exist and so has been treated as a topic
Rd warning: C:/Users/bioctesting/bbs-3.11-bioc-testing/tmpdir/Rtmp40PhEe/R.INSTALLcdc26776491/GenomicAlignments/man/junctions-methods.Rd:88: file link 'getBSgenome' in package 'BSgenome' does not exist and so has been treated as a topic
Rd warning: C:/Users/bioctesting/bbs-3.11-bioc-testing/tmpdir/Rtmp40PhEe/R.INSTALLcdc26776491/GenomicAlignments/man/junctions-methods.Rd:91: file link 'getBSgenome' in package 'BSgenome' does not exist and so has been treated as a topic
Rd warning: C:/Users/bioctesting/bbs-3.11-bioc-testing/tmpdir/Rtmp40PhEe/R.INSTALLcdc26776491/GenomicAlignments/man/junctions-methods.Rd:144: file link 'GRangesList' in package 'GenomicRanges' does not exist and so has been treated as a topic
Rd warning: C:/Users/bioctesting/bbs-3.11-bioc-testing/tmpdir/Rtmp40PhEe/R.INSTALLcdc26776491/GenomicAlignments/man/junctions-methods.Rd:151: file link 'GRanges' in package 'GenomicRanges' does not exist and so has been treated as a topic
Rd warning: C:/Users/bioctesting/bbs-3.11-bioc-testing/tmpdir/Rtmp40PhEe/R.INSTALLcdc26776491/GenomicAlignments/man/junctions-methods.Rd:161: file link 'IntegerList' in package 'IRanges' does not exist and so has been treated as a topic
Rd warning: C:/Users/bioctesting/bbs-3.11-bioc-testing/tmpdir/Rtmp40PhEe/R.INSTALLcdc26776491/GenomicAlignments/man/junctions-methods.Rd:180: file link 'GRanges' in package 'GenomicRanges' does not exist and so has been treated as a topic
Rd warning: C:/Users/bioctesting/bbs-3.11-bioc-testing/tmpdir/Rtmp40PhEe/R.INSTALLcdc26776491/GenomicAlignments/man/junctions-methods.Rd:247: file link 'GRanges' in package 'GenomicRanges' does not exist and so has been treated as a topic
Rd warning: C:/Users/bioctesting/bbs-3.11-bioc-testing/tmpdir/Rtmp40PhEe/R.INSTALLcdc26776491/GenomicAlignments/man/junctions-methods.Rd:247: file link 'GRangesList' in package 'GenomicRanges' does not exist and so has been treated as a topic
Rd warning: C:/Users/bioctesting/bbs-3.11-bioc-testing/tmpdir/Rtmp40PhEe/R.INSTALLcdc26776491/GenomicAlignments/man/junctions-methods.Rd:251: file link 'IntegerList' in package 'IRanges' does not exist and so has been treated as a topic
Rd warning: C:/Users/bioctesting/bbs-3.11-bioc-testing/tmpdir/Rtmp40PhEe/R.INSTALLcdc26776491/GenomicAlignments/man/junctions-methods.Rd:254: file link 'getBSgenome' in package 'BSgenome' does not exist and so has been treated as a topic
Rd warning: C:/Users/bioctesting/bbs-3.11-bioc-testing/tmpdir/Rtmp40PhEe/R.INSTALLcdc26776491/GenomicAlignments/man/junctions-methods.Rd:257: file link 'BSgenome' in package 'BSgenome' does not exist and so has been treated as a topic
Rd warning: C:/Users/bioctesting/bbs-3.11-bioc-testing/tmpdir/Rtmp40PhEe/R.INSTALLcdc26776491/GenomicAlignments/man/junctions-methods.Rd:261: file link 'List' in package 'S4Vectors' does not exist and so has been treated as a topic
Rd warning: C:/Users/bioctesting/bbs-3.11-bioc-testing/tmpdir/Rtmp40PhEe/R.INSTALLcdc26776491/GenomicAlignments/man/pileLettersAt.Rd:13: file link 'XStringSet' in package 'Biostrings' does not exist and so has been treated as a topic
Rd warning: C:/Users/bioctesting/bbs-3.11-bioc-testing/tmpdir/Rtmp40PhEe/R.INSTALLcdc26776491/GenomicAlignments/man/pileLettersAt.Rd:14: file link 'DNAStringSet' in package 'Biostrings' does not exist and so has been treated as a topic
Rd warning: C:/Users/bioctesting/bbs-3.11-bioc-testing/tmpdir/Rtmp40PhEe/R.INSTALLcdc26776491/GenomicAlignments/man/pileLettersAt.Rd:23: file link 'XStringSet' in package 'Biostrings' does not exist and so has been treated as a topic
Rd warning: C:/Users/bioctesting/bbs-3.11-bioc-testing/tmpdir/Rtmp40PhEe/R.INSTALLcdc26776491/GenomicAlignments/man/pileLettersAt.Rd:24: file link 'DNAStringSet' in package 'Biostrings' does not exist and so has been treated as a topic
Rd warning: C:/Users/bioctesting/bbs-3.11-bioc-testing/tmpdir/Rtmp40PhEe/R.INSTALLcdc26776491/GenomicAlignments/man/pileLettersAt.Rd:29: file link 'Rle' in package 'S4Vectors' does not exist and so has been treated as a topic
Rd warning: C:/Users/bioctesting/bbs-3.11-bioc-testing/tmpdir/Rtmp40PhEe/R.INSTALLcdc26776491/GenomicAlignments/man/pileLettersAt.Rd:43: file link 'GPos' in package 'GenomicRanges' does not exist and so has been treated as a topic
Rd warning: C:/Users/bioctesting/bbs-3.11-bioc-testing/tmpdir/Rtmp40PhEe/R.INSTALLcdc26776491/GenomicAlignments/man/pileLettersAt.Rd:47: file link 'GPos' in package 'GenomicRanges' does not exist and so has been treated as a topic
Rd warning: C:/Users/bioctesting/bbs-3.11-bioc-testing/tmpdir/Rtmp40PhEe/R.INSTALLcdc26776491/GenomicAlignments/man/pileLettersAt.Rd:49: file link 'GPos' in package 'GenomicRanges' does not exist and so has been treated as a topic
Rd warning: C:/Users/bioctesting/bbs-3.11-bioc-testing/tmpdir/Rtmp40PhEe/R.INSTALLcdc26776491/GenomicAlignments/man/pileLettersAt.Rd:50: file link 'GRanges' in package 'GenomicRanges' does not exist and so has been treated as a topic
Rd warning: C:/Users/bioctesting/bbs-3.11-bioc-testing/tmpdir/Rtmp40PhEe/R.INSTALLcdc26776491/GenomicAlignments/man/pileLettersAt.Rd:51: file link 'GenomicRanges' in package 'GenomicRanges' does not exist and so has been treated as a topic
Rd warning: C:/Users/bioctesting/bbs-3.11-bioc-testing/tmpdir/Rtmp40PhEe/R.INSTALLcdc26776491/GenomicAlignments/man/pileLettersAt.Rd:53: file link 'GPos' in package 'GenomicRanges' does not exist and so has been treated as a topic
Rd warning: C:/Users/bioctesting/bbs-3.11-bioc-testing/tmpdir/Rtmp40PhEe/R.INSTALLcdc26776491/GenomicAlignments/man/pileLettersAt.Rd:64: file link 'XStringSet' in package 'Biostrings' does not exist and so has been treated as a topic
Rd warning: C:/Users/bioctesting/bbs-3.11-bioc-testing/tmpdir/Rtmp40PhEe/R.INSTALLcdc26776491/GenomicAlignments/man/pileLettersAt.Rd:64: file link 'DNAStringSet' in package 'Biostrings' does not exist and so has been treated as a topic
Rd warning: C:/Users/bioctesting/bbs-3.11-bioc-testing/tmpdir/Rtmp40PhEe/R.INSTALLcdc26776491/GenomicAlignments/man/pileLettersAt.Rd:82: file link 'DNAStringSet' in package 'Biostrings' does not exist and so has been treated as a topic
Rd warning: C:/Users/bioctesting/bbs-3.11-bioc-testing/tmpdir/Rtmp40PhEe/R.INSTALLcdc26776491/GenomicAlignments/man/pileLettersAt.Rd:85: file link 'GPos' in package 'GenomicRanges' does not exist and so has been treated as a topic
Rd warning: C:/Users/bioctesting/bbs-3.11-bioc-testing/tmpdir/Rtmp40PhEe/R.INSTALLcdc26776491/GenomicAlignments/man/readGAlignments.Rd:45: file link 'BamFile' in package 'Rsamtools' does not exist and so has been treated as a topic
Rd warning: C:/Users/bioctesting/bbs-3.11-bioc-testing/tmpdir/Rtmp40PhEe/R.INSTALLcdc26776491/GenomicAlignments/man/readGAlignments.Rd:46: file link 'BamViews' in package 'Rsamtools' does not exist and so has been treated as a topic
Rd warning: C:/Users/bioctesting/bbs-3.11-bioc-testing/tmpdir/Rtmp40PhEe/R.INSTALLcdc26776491/GenomicAlignments/man/readGAlignments.Rd:63: file link 'ScanBamParam' in package 'Rsamtools' does not exist and so has been treated as a topic
Rd warning: C:/Users/bioctesting/bbs-3.11-bioc-testing/tmpdir/Rtmp40PhEe/R.INSTALLcdc26776491/GenomicAlignments/man/readGAlignments.Rd:66: file link 'ScanBamParam' in package 'Rsamtools' does not exist and so has been treated as a topic
Rd warning: C:/Users/bioctesting/bbs-3.11-bioc-testing/tmpdir/Rtmp40PhEe/R.INSTALLcdc26776491/GenomicAlignments/man/readGAlignments.Rd:103: file link 'Rle' in package 'S4Vectors' does not exist and so has been treated as a topic
Rd warning: C:/Users/bioctesting/bbs-3.11-bioc-testing/tmpdir/Rtmp40PhEe/R.INSTALLcdc26776491/GenomicAlignments/man/readGAlignments.Rd:117: file link 'BamViews' in package 'Rsamtools' does not exist and so has been treated as a topic
Rd warning: C:/Users/bioctesting/bbs-3.11-bioc-testing/tmpdir/Rtmp40PhEe/R.INSTALLcdc26776491/GenomicAlignments/man/readGAlignments.Rd:124: file link 'SimpleList' in package 'S4Vectors' does not exist and so has been treated as a topic
Rd warning: C:/Users/bioctesting/bbs-3.11-bioc-testing/tmpdir/Rtmp40PhEe/R.INSTALLcdc26776491/GenomicAlignments/man/readGAlignments.Rd:127: file link 'SimpleList' in package 'S4Vectors' does not exist and so has been treated as a topic
Rd warning: C:/Users/bioctesting/bbs-3.11-bioc-testing/tmpdir/Rtmp40PhEe/R.INSTALLcdc26776491/GenomicAlignments/man/readGAlignments.Rd:155: file link 'BamFile' in package 'Rsamtools' does not exist and so has been treated as a topic
Rd warning: C:/Users/bioctesting/bbs-3.11-bioc-testing/tmpdir/Rtmp40PhEe/R.INSTALLcdc26776491/GenomicAlignments/man/readGAlignments.Rd:164: file link 'ScanBamParam' in package 'Rsamtools' does not exist and so has been treated as a topic
Rd warning: C:/Users/bioctesting/bbs-3.11-bioc-testing/tmpdir/Rtmp40PhEe/R.INSTALLcdc26776491/GenomicAlignments/man/readGAlignments.Rd:208: file link 'BamFile' in package 'Rsamtools' does not exist and so has been treated as a topic
Rd warning: C:/Users/bioctesting/bbs-3.11-bioc-testing/tmpdir/Rtmp40PhEe/R.INSTALLcdc26776491/GenomicAlignments/man/readGAlignments.Rd:252: file link 'ScanBamParam' in package 'Rsamtools' does not exist and so has been treated as a topic
Rd warning: C:/Users/bioctesting/bbs-3.11-bioc-testing/tmpdir/Rtmp40PhEe/R.INSTALLcdc26776491/GenomicAlignments/man/readGAlignments.Rd:258: file link 'IRangesList' in package 'IRanges' does not exist and so has been treated as a topic
Rd warning: C:/Users/bioctesting/bbs-3.11-bioc-testing/tmpdir/Rtmp40PhEe/R.INSTALLcdc26776491/GenomicAlignments/man/sequenceLayer.Rd:120: file link 'extractAt' in package 'Biostrings' does not exist and so has been treated as a topic
Rd warning: C:/Users/bioctesting/bbs-3.11-bioc-testing/tmpdir/Rtmp40PhEe/R.INSTALLcdc26776491/GenomicAlignments/man/setops-methods.Rd:14: file link 'pintersect' in package 'IRanges' does not exist and so has been treated as a topic
Rd warning: C:/Users/bioctesting/bbs-3.11-bioc-testing/tmpdir/Rtmp40PhEe/R.INSTALLcdc26776491/GenomicAlignments/man/setops-methods.Rd:15: file link 'IntegerRanges' in package 'IRanges' does not exist and so has been treated as a topic
Rd warning: C:/Users/bioctesting/bbs-3.11-bioc-testing/tmpdir/Rtmp40PhEe/R.INSTALLcdc26776491/GenomicAlignments/man/setops-methods.Rd:17: file link 'GRanges' in package 'GenomicRanges' does not exist and so has been treated as a topic
Rd warning: C:/Users/bioctesting/bbs-3.11-bioc-testing/tmpdir/Rtmp40PhEe/R.INSTALLcdc26776491/GenomicAlignments/man/setops-methods.Rd:18: file link 'GRangesList' in package 'GenomicRanges' does not exist and so has been treated as a topic
Rd warning: C:/Users/bioctesting/bbs-3.11-bioc-testing/tmpdir/Rtmp40PhEe/R.INSTALLcdc26776491/GenomicAlignments/man/setops-methods.Rd:29: file link 'GRanges' in package 'GenomicRanges' does not exist and so has been treated as a topic
Rd warning: C:/Users/bioctesting/bbs-3.11-bioc-testing/tmpdir/Rtmp40PhEe/R.INSTALLcdc26776491/GenomicAlignments/man/stackStringsFromGAlignments.Rd:48: file link 'ScanBamParam' in package 'Rsamtools' does not exist and so has been treated as a topic
Rd warning: C:/Users/bioctesting/bbs-3.11-bioc-testing/tmpdir/Rtmp40PhEe/R.INSTALLcdc26776491/GenomicAlignments/man/stackStringsFromGAlignments.Rd:52: file link 'GRanges' in package 'GenomicRanges' does not exist and so has been treated as a topic
Rd warning: C:/Users/bioctesting/bbs-3.11-bioc-testing/tmpdir/Rtmp40PhEe/R.INSTALLcdc26776491/GenomicAlignments/man/stackStringsFromGAlignments.Rd:69: file link 'stackStrings' in package 'Biostrings' does not exist and so has been treated as a topic
Rd warning: C:/Users/bioctesting/bbs-3.11-bioc-testing/tmpdir/Rtmp40PhEe/R.INSTALLcdc26776491/GenomicAlignments/man/stackStringsFromGAlignments.Rd:71: file link 'stackStrings' in package 'Biostrings' does not exist and so has been treated as a topic
Rd warning: C:/Users/bioctesting/bbs-3.11-bioc-testing/tmpdir/Rtmp40PhEe/R.INSTALLcdc26776491/GenomicAlignments/man/stackStringsFromGAlignments.Rd:82: file link 'GRanges' in package 'GenomicRanges' does not exist and so has been treated as a topic
Rd warning: C:/Users/bioctesting/bbs-3.11-bioc-testing/tmpdir/Rtmp40PhEe/R.INSTALLcdc26776491/GenomicAlignments/man/stackStringsFromGAlignments.Rd:83: file link 'IntegerRangesList' in package 'IRanges' does not exist and so has been treated as a topic
Rd warning: C:/Users/bioctesting/bbs-3.11-bioc-testing/tmpdir/Rtmp40PhEe/R.INSTALLcdc26776491/GenomicAlignments/man/stackStringsFromGAlignments.Rd:85: file link 'GRanges' in package 'GenomicRanges' does not exist and so has been treated as a topic
Rd warning: C:/Users/bioctesting/bbs-3.11-bioc-testing/tmpdir/Rtmp40PhEe/R.INSTALLcdc26776491/GenomicAlignments/man/stackStringsFromGAlignments.Rd:93: file link 'alphabetFrequency' in package 'Biostrings' does not exist and so has been treated as a topic
Rd warning: C:/Users/bioctesting/bbs-3.11-bioc-testing/tmpdir/Rtmp40PhEe/R.INSTALLcdc26776491/GenomicAlignments/man/stackStringsFromGAlignments.Rd:108: file link 'stackStrings' in package 'Biostrings' does not exist and so has been treated as a topic
Rd warning: C:/Users/bioctesting/bbs-3.11-bioc-testing/tmpdir/Rtmp40PhEe/R.INSTALLcdc26776491/GenomicAlignments/man/stackStringsFromGAlignments.Rd:132: file link 'DNAStringSet' in package 'Biostrings' does not exist and so has been treated as a topic
Rd warning: C:/Users/bioctesting/bbs-3.11-bioc-testing/tmpdir/Rtmp40PhEe/R.INSTALLcdc26776491/GenomicAlignments/man/stackStringsFromGAlignments.Rd:133: file link 'BStringSet' in package 'Biostrings' does not exist and so has been treated as a topic
Rd warning: C:/Users/bioctesting/bbs-3.11-bioc-testing/tmpdir/Rtmp40PhEe/R.INSTALLcdc26776491/GenomicAlignments/man/stackStringsFromGAlignments.Rd:136: file link 'alphabetFrequency' in package 'Biostrings' does not exist and so has been treated as a topic
Rd warning: C:/Users/bioctesting/bbs-3.11-bioc-testing/tmpdir/Rtmp40PhEe/R.INSTALLcdc26776491/GenomicAlignments/man/stackStringsFromGAlignments.Rd:167: file link 'stackStrings' in package 'Biostrings' does not exist and so has been treated as a topic
Rd warning: C:/Users/bioctesting/bbs-3.11-bioc-testing/tmpdir/Rtmp40PhEe/R.INSTALLcdc26776491/GenomicAlignments/man/stackStringsFromGAlignments.Rd:169: file link 'XStringSet' in package 'Biostrings' does not exist and so has been treated as a topic
Rd warning: C:/Users/bioctesting/bbs-3.11-bioc-testing/tmpdir/Rtmp40PhEe/R.INSTALLcdc26776491/GenomicAlignments/man/stackStringsFromGAlignments.Rd:171: file link 'alphabetFrequency' in package 'Biostrings' does not exist and so has been treated as a topic
Rd warning: C:/Users/bioctesting/bbs-3.11-bioc-testing/tmpdir/Rtmp40PhEe/R.INSTALLcdc26776491/GenomicAlignments/man/summarizeOverlaps-methods.Rd:83: file link 'GRanges' in package 'GenomicRanges' does not exist and so has been treated as a topic
Rd warning: C:/Users/bioctesting/bbs-3.11-bioc-testing/tmpdir/Rtmp40PhEe/R.INSTALLcdc26776491/GenomicAlignments/man/summarizeOverlaps-methods.Rd:83: file link 'GRangesList' in package 'GenomicRanges' does not exist and so has been treated as a topic
Rd warning: C:/Users/bioctesting/bbs-3.11-bioc-testing/tmpdir/Rtmp40PhEe/R.INSTALLcdc26776491/GenomicAlignments/man/summarizeOverlaps-methods.Rd:84: file link 'GRanges' in package 'GenomicRanges' does not exist and so has been treated as a topic
Rd warning: C:/Users/bioctesting/bbs-3.11-bioc-testing/tmpdir/Rtmp40PhEe/R.INSTALLcdc26776491/GenomicAlignments/man/summarizeOverlaps-methods.Rd:86: file link 'GRangesList' in package 'GenomicRanges' does not exist and so has been treated as a topic
Rd warning: C:/Users/bioctesting/bbs-3.11-bioc-testing/tmpdir/Rtmp40PhEe/R.INSTALLcdc26776491/GenomicAlignments/man/summarizeOverlaps-methods.Rd:90: file link 'BamViews' in package 'Rsamtools' does not exist and so has been treated as a topic
Rd warning: C:/Users/bioctesting/bbs-3.11-bioc-testing/tmpdir/Rtmp40PhEe/R.INSTALLcdc26776491/GenomicAlignments/man/summarizeOverlaps-methods.Rd:94: file link 'RangedSummarizedExperiment' in package 'SummarizedExperiment' does not exist and so has been treated as a topic
Rd warning: C:/Users/bioctesting/bbs-3.11-bioc-testing/tmpdir/Rtmp40PhEe/R.INSTALLcdc26776491/GenomicAlignments/man/summarizeOverlaps-methods.Rd:98: file link 'GRanges' in package 'GenomicRanges' does not exist and so has been treated as a topic
Rd warning: C:/Users/bioctesting/bbs-3.11-bioc-testing/tmpdir/Rtmp40PhEe/R.INSTALLcdc26776491/GenomicAlignments/man/summarizeOverlaps-methods.Rd:98: file link 'GRangesList' in package 'GenomicRanges' does not exist and so has been treated as a topic
Rd warning: C:/Users/bioctesting/bbs-3.11-bioc-testing/tmpdir/Rtmp40PhEe/R.INSTALLcdc26776491/GenomicAlignments/man/summarizeOverlaps-methods.Rd:100: file link 'BamViews' in package 'Rsamtools' does not exist and so has been treated as a topic
Rd warning: C:/Users/bioctesting/bbs-3.11-bioc-testing/tmpdir/Rtmp40PhEe/R.INSTALLcdc26776491/GenomicAlignments/man/summarizeOverlaps-methods.Rd:101: file link 'BamFileList' in package 'Rsamtools' does not exist and so has been treated as a topic
Rd warning: C:/Users/bioctesting/bbs-3.11-bioc-testing/tmpdir/Rtmp40PhEe/R.INSTALLcdc26776491/GenomicAlignments/man/summarizeOverlaps-methods.Rd:104: file link 'BamViews' in package 'Rsamtools' does not exist and so has been treated as a topic
Rd warning: C:/Users/bioctesting/bbs-3.11-bioc-testing/tmpdir/Rtmp40PhEe/R.INSTALLcdc26776491/GenomicAlignments/man/summarizeOverlaps-methods.Rd:107: file link 'BamViews' in package 'Rsamtools' does not exist and so has been treated as a topic
Rd warning: C:/Users/bioctesting/bbs-3.11-bioc-testing/tmpdir/Rtmp40PhEe/R.INSTALLcdc26776491/GenomicAlignments/man/summarizeOverlaps-methods.Rd:215: file link 'ScanBamParam' in package 'Rsamtools' does not exist and so has been treated as a topic
Rd warning: C:/Users/bioctesting/bbs-3.11-bioc-testing/tmpdir/Rtmp40PhEe/R.INSTALLcdc26776491/GenomicAlignments/man/summarizeOverlaps-methods.Rd:250: file link 'GRanges' in package 'GenomicRanges' does not exist and so has been treated as a topic
Rd warning: C:/Users/bioctesting/bbs-3.11-bioc-testing/tmpdir/Rtmp40PhEe/R.INSTALLcdc26776491/GenomicAlignments/man/summarizeOverlaps-methods.Rd:251: file link 'GRanges' in package 'GenomicRanges' does not exist and so has been treated as a topic
Rd warning: C:/Users/bioctesting/bbs-3.11-bioc-testing/tmpdir/Rtmp40PhEe/R.INSTALLcdc26776491/GenomicAlignments/man/summarizeOverlaps-methods.Rd:252: file link 'GRangesList' in package 'GenomicRanges' does not exist and so has been treated as a topic
Rd warning: C:/Users/bioctesting/bbs-3.11-bioc-testing/tmpdir/Rtmp40PhEe/R.INSTALLcdc26776491/GenomicAlignments/man/summarizeOverlaps-methods.Rd:254: file link 'GRangesList' in package 'GenomicRanges' does not exist and so has been treated as a topic
Rd warning: C:/Users/bioctesting/bbs-3.11-bioc-testing/tmpdir/Rtmp40PhEe/R.INSTALLcdc26776491/GenomicAlignments/man/summarizeOverlaps-methods.Rd:259: file link 'GRangesList' in package 'GenomicRanges' does not exist and so has been treated as a topic
Rd warning: C:/Users/bioctesting/bbs-3.11-bioc-testing/tmpdir/Rtmp40PhEe/R.INSTALLcdc26776491/GenomicAlignments/man/summarizeOverlaps-methods.Rd:261: file link 'GRanges' in package 'GenomicRanges' does not exist and so has been treated as a topic
Rd warning: C:/Users/bioctesting/bbs-3.11-bioc-testing/tmpdir/Rtmp40PhEe/R.INSTALLcdc26776491/GenomicAlignments/man/summarizeOverlaps-methods.Rd:284: file link 'RangedSummarizedExperiment' in package 'SummarizedExperiment' does not exist and so has been treated as a topic
Rd warning: C:/Users/bioctesting/bbs-3.11-bioc-testing/tmpdir/Rtmp40PhEe/R.INSTALLcdc26776491/GenomicAlignments/man/summarizeOverlaps-methods.Rd:315: file link 'RangedSummarizedExperiment' in package 'SummarizedExperiment' does not exist and so has been treated as a topic
Rd warning: C:/Users/bioctesting/bbs-3.11-bioc-testing/tmpdir/Rtmp40PhEe/R.INSTALLcdc26776491/GenomicAlignments/man/summarizeOverlaps-methods.Rd:320: file link 'BamFileList' in package 'Rsamtools' does not exist and so has been treated as a topic
Rd warning: C:/Users/bioctesting/bbs-3.11-bioc-testing/tmpdir/Rtmp40PhEe/R.INSTALLcdc26776491/GenomicAlignments/man/summarizeOverlaps-methods.Rd:320: file link 'BamViews' in package 'Rsamtools' does not exist and so has been treated as a topic
See 'C:/Users/bioctesting/bbs-3.11-bioc-testing/meat/GenomicAlignments.Rcheck/00install.out' for details.
* checking installed package size ... OK
* checking package directory ... OK
* checking 'build' directory ... OK
* checking DESCRIPTION meta-information ... NOTE
Packages listed in more than one of Depends, Imports, Suggests, Enhances:
'methods' 'BiocGenerics' 'S4Vectors' 'IRanges' 'GenomicRanges' 'Biostrings' 'Rsamtools'
A package should be listed in only one of these fields.
* checking top-level files ... OK
* checking for left-over files ... OK
* checking index information ... OK
* checking package subdirectories ... OK
* checking R files for non-ASCII characters ... OK
* checking R files for syntax errors ... OK
* loading checks for arch 'i386'
** checking whether the package can be loaded ... OK
** checking whether the package can be loaded with stated dependencies ... OK
** checking whether the package can be unloaded cleanly ... OK
** checking whether the namespace can be loaded with stated dependencies ... OK
** checking whether the namespace can be unloaded cleanly ... OK
* loading checks for arch 'x64'
** checking whether the package can be loaded ... OK
** checking whether the package can be loaded with stated dependencies ... OK
** checking whether the package can be unloaded cleanly ... OK
** checking whether the namespace can be loaded with stated dependencies ... OK
** checking whether the namespace can be unloaded cleanly ... OK
* checking dependencies in R code ... NOTE
':::' call which should be '::': 'S4Vectors:::makePrettyMatrixForCompactPrinting'
See the note in ?`:::` about the use of this operator.
Unexported objects imported by ':::' calls:
'Biostrings:::.normarg_padding.letter'
'Rsamtools:::.BamViews_delegate' 'Rsamtools:::.findMateWithinGroups'
'Rsamtools:::.load_bamcols_from_scanBam_res'
See the note in ?`:::` about the use of this operator.
* checking S3 generic/method consistency ... OK
* checking replacement functions ... OK
* checking foreign function calls ... OK
* checking R code for possible problems ... OK
* checking Rd files ... OK
* checking Rd metadata ... OK
* checking Rd cross-references ... OK
* checking for missing documentation entries ... OK
* checking for code/documentation mismatches ... OK
* checking Rd \usage sections ... OK
* checking Rd contents ... OK
* checking for unstated dependencies in examples ... OK
* checking line endings in C/C++/Fortran sources/headers ... OK
* checking compiled code ... NOTE
Note: information on .o files for i386 is not available
Note: information on .o files for x64 is not available
File 'C:/Users/bioctesting/bbs-3.11-bioc-testing/R/library/GenomicAlignments/libs/i386/GenomicAlignments.dll':
Found 'abort', possibly from 'abort' (C), 'runtime' (Fortran)
Compiled code should not call entry points which might terminate R nor
write to stdout/stderr instead of to the console, nor use Fortran I/O
nor system RNGs. The detected symbols are linked into the code but
might come from libraries and not actually be called.
See 'Writing portable packages' in the 'Writing R Extensions' manual.
* checking files in 'vignettes' ... OK
* checking examples ...
** running examples for arch 'i386' ... OK
Examples with CPU (user + system) or elapsed time > 5s
user system elapsed
junctions-methods 18.77 0.91 45.12
readGAlignments 13.63 0.94 14.59
summarizeOverlaps-methods 8.61 0.20 26.61
sequenceLayer 7.95 0.58 8.95
coordinate-mapping-methods 6.51 0.42 9.13
findSpliceOverlaps-methods 5.96 0.23 8.18
** running examples for arch 'x64' ... OK
Examples with CPU (user + system) or elapsed time > 5s
user system elapsed
junctions-methods 14.44 0.53 15.05
readGAlignments 10.33 0.34 10.70
summarizeOverlaps-methods 8.01 0.23 19.61
sequenceLayer 6.64 0.53 7.20
coordinate-mapping-methods 6.77 0.34 7.11
findSpliceOverlaps-methods 5.95 0.14 6.13
* checking for unstated dependencies in 'tests' ... OK
* checking tests ...
** running tests for arch 'i386' ...
Running 'run_unitTests.R'
OK
** running tests for arch 'x64' ...
Running 'run_unitTests.R'
OK
* checking for unstated dependencies in vignettes ... OK
* checking package vignettes in 'inst/doc' ... OK
* checking running R code from vignettes ... SKIPPED
* checking re-building of vignette outputs ... SKIPPED
* checking PDF version of manual ... OK
* DONE
Status: 1 WARNING, 4 NOTEs
See
'C:/Users/bioctesting/bbs-3.11-bioc-testing/meat/GenomicAlignments.Rcheck/00check.log'
for details.
GenomicAlignments.Rcheck/00install.out
##############################################################################
##############################################################################
###
### Running command:
###
### C:\cygwin\bin\curl.exe -O https://malbec2.bioconductor.org/BBS/3.11/bioc-testing/src/contrib/GenomicAlignments_1.23.2.tar.gz && rm -rf GenomicAlignments.buildbin-libdir && mkdir GenomicAlignments.buildbin-libdir && C:\Users\bioctesting\bbs-3.11-bioc-testing\R\bin\R.exe CMD INSTALL --merge-multiarch --build --library=GenomicAlignments.buildbin-libdir GenomicAlignments_1.23.2.tar.gz && C:\Users\bioctesting\bbs-3.11-bioc-testing\R\bin\R.exe CMD INSTALL GenomicAlignments_1.23.2.zip && rm GenomicAlignments_1.23.2.tar.gz GenomicAlignments_1.23.2.zip
###
##############################################################################
##############################################################################
% Total % Received % Xferd Average Speed Time Time Time Current
Dload Upload Total Spent Left Speed
0 0 0 0 0 0 0 0 --:--:-- --:--:-- --:--:-- 0
100 1372k 100 1372k 0 0 14.4M 0 --:--:-- --:--:-- --:--:-- 15.4M
install for i386
* installing *source* package 'GenomicAlignments' ...
** using staged installation
** libs
/mingw32/bin/gcc -I"C:/Users/BIOCTE~1/BBS-3~1.11-/R/include" -DNDEBUG -I'C:/Users/bioctesting/bbs-3.11-bioc-testing/R/library/S4Vectors/include' -I'C:/Users/bioctesting/bbs-3.11-bioc-testing/R/library/IRanges/include' -I"C:/extsoft/include" -O2 -Wall -std=gnu99 -mfpmath=sse -msse2 -mstackrealign -c IRanges_stubs.c -o IRanges_stubs.o
/mingw32/bin/gcc -I"C:/Users/BIOCTE~1/BBS-3~1.11-/R/include" -DNDEBUG -I'C:/Users/bioctesting/bbs-3.11-bioc-testing/R/library/S4Vectors/include' -I'C:/Users/bioctesting/bbs-3.11-bioc-testing/R/library/IRanges/include' -I"C:/extsoft/include" -O2 -Wall -std=gnu99 -mfpmath=sse -msse2 -mstackrealign -c R_init_GenomicAlignments.c -o R_init_GenomicAlignments.o
/mingw32/bin/gcc -I"C:/Users/BIOCTE~1/BBS-3~1.11-/R/include" -DNDEBUG -I'C:/Users/bioctesting/bbs-3.11-bioc-testing/R/library/S4Vectors/include' -I'C:/Users/bioctesting/bbs-3.11-bioc-testing/R/library/IRanges/include' -I"C:/extsoft/include" -O2 -Wall -std=gnu99 -mfpmath=sse -msse2 -mstackrealign -c S4Vectors_stubs.c -o S4Vectors_stubs.o
/mingw32/bin/gcc -I"C:/Users/BIOCTE~1/BBS-3~1.11-/R/include" -DNDEBUG -I'C:/Users/bioctesting/bbs-3.11-bioc-testing/R/library/S4Vectors/include' -I'C:/Users/bioctesting/bbs-3.11-bioc-testing/R/library/IRanges/include' -I"C:/extsoft/include" -O2 -Wall -std=gnu99 -mfpmath=sse -msse2 -mstackrealign -c cigar_utils.c -o cigar_utils.o
cigar_utils.c: In function 'cigar_ranges':
cigar_utils.c:658:27: warning: 'range_buf2' may be used uninitialized in this function [-Wmaybe-uninitialized]
range_buf1 = range_buf2->elts[*f_elt - 1];
~~~~~~~~~~^~~~~~
In file included from C:/Users/BIOCTE~1/BBS-3~1.11-/R/include/Rdefines.h:40,
from GenomicAlignments.h:1,
from cigar_utils.c:1:
C:/Users/BIOCTE~1/BBS-3~1.11-/R/include/Rinternals.h:1548:20: warning: 'f_levels' may be used uninitialized in this function [-Wmaybe-uninitialized]
#define duplicate Rf_duplicate
^~~~~~~~~~~~
cigar_utils.c:587:29: note: 'f_levels' was declared here
SEXP ans, ans_breakpoints, f_levels, cigar_elt;
^~~~~~~~
cigar_utils.c:542:4: warning: 'ans_breakpoints' may be used uninitialized in this function [-Wmaybe-uninitialized]
new_PartitioningByEnd("PartitioningByEnd",
^~~~~~~~~~~~~~~~~~~~~
cigar_utils.c:587:12: note: 'ans_breakpoints' was declared here
SEXP ans, ans_breakpoints, f_levels, cigar_elt;
^~~~~~~~~~~~~~~
cigar_utils.c:676:9: warning: 'f_elt' may be used uninitialized in this function [-Wmaybe-uninitialized]
f_elt++;
~~~~~^~
cigar_utils.c:674:22: warning: 'range_buf1' may be used uninitialized in this function [-Wmaybe-uninitialized]
*(breakpoint++) = IntPairAE_get_nelt(range_buf1);
^~~~~~~~~~~~~~~~~~~~~~~~~~~~~~
cigar_utils.c:674:16: warning: 'breakpoint' may be used uninitialized in this function [-Wmaybe-uninitialized]
*(breakpoint++) = IntPairAE_get_nelt(range_buf1);
~~~~~~~~~~~^~~
cigar_utils.c:626:8: warning: 'flag_elt' may be used uninitialized in this function [-Wmaybe-uninitialized]
if (*flag_elt == NA_INTEGER) {
^~~~~~~~~
cigar_utils.c: In function 'cigar_width':
cigar_utils.c:708:8: warning: 'flag_elt' may be used uninitialized in this function [-Wmaybe-uninitialized]
if (*flag_elt == NA_INTEGER) {
^~~~~~~~~
/mingw32/bin/gcc -I"C:/Users/BIOCTE~1/BBS-3~1.11-/R/include" -DNDEBUG -I'C:/Users/bioctesting/bbs-3.11-bioc-testing/R/library/S4Vectors/include' -I'C:/Users/bioctesting/bbs-3.11-bioc-testing/R/library/IRanges/include' -I"C:/extsoft/include" -O2 -Wall -std=gnu99 -mfpmath=sse -msse2 -mstackrealign -c coordinate_mapping_methods.c -o coordinate_mapping_methods.o
/mingw32/bin/gcc -I"C:/Users/BIOCTE~1/BBS-3~1.11-/R/include" -DNDEBUG -I'C:/Users/bioctesting/bbs-3.11-bioc-testing/R/library/S4Vectors/include' -I'C:/Users/bioctesting/bbs-3.11-bioc-testing/R/library/IRanges/include' -I"C:/extsoft/include" -O2 -Wall -std=gnu99 -mfpmath=sse -msse2 -mstackrealign -c encodeOverlaps_methods.c -o encodeOverlaps_methods.o
/mingw32/bin/gcc -shared -s -static-libgcc -o GenomicAlignments.dll tmp.def IRanges_stubs.o R_init_GenomicAlignments.o S4Vectors_stubs.o cigar_utils.o coordinate_mapping_methods.o encodeOverlaps_methods.o -LC:/extsoft/lib/i386 -LC:/extsoft/lib -LC:/Users/BIOCTE~1/BBS-3~1.11-/R/bin/i386 -lR
installing to C:/Users/bioctesting/bbs-3.11-bioc-testing/meat/GenomicAlignments.buildbin-libdir/00LOCK-GenomicAlignments/00new/GenomicAlignments/libs/i386
** R
** inst
** byte-compile and prepare package for lazy loading
** help
*** installing help indices
converting help for package 'GenomicAlignments'
finding HTML links ... done
GAlignmentPairs-class html
finding level-2 HTML links ... done
Rd warning: C:/Users/bioctesting/bbs-3.11-bioc-testing/tmpdir/Rtmp40PhEe/R.INSTALLcdc26776491/GenomicAlignments/man/GAlignmentPairs-class.Rd:168: file link 'Rle' in package 'S4Vectors' does not exist and so has been treated as a topic
Rd warning: C:/Users/bioctesting/bbs-3.11-bioc-testing/tmpdir/Rtmp40PhEe/R.INSTALLcdc26776491/GenomicAlignments/man/GAlignmentPairs-class.Rd:278: file link 'IRanges' in package 'IRanges' does not exist and so has been treated as a topic
Rd warning: C:/Users/bioctesting/bbs-3.11-bioc-testing/tmpdir/Rtmp40PhEe/R.INSTALLcdc26776491/GenomicAlignments/man/GAlignmentPairs-class.Rd:355: file link 'Vector' in package 'S4Vectors' does not exist and so has been treated as a topic
Rd warning: C:/Users/bioctesting/bbs-3.11-bioc-testing/tmpdir/Rtmp40PhEe/R.INSTALLcdc26776491/GenomicAlignments/man/GAlignmentPairs-class.Rd:357: file link 'IRanges' in package 'IRanges' does not exist and so has been treated as a topic
Rd warning: C:/Users/bioctesting/bbs-3.11-bioc-testing/tmpdir/Rtmp40PhEe/R.INSTALLcdc26776491/GenomicAlignments/man/GAlignmentPairs-class.Rd:357: file link 'XStringSet' in package 'Biostrings' does not exist and so has been treated as a topic
Rd warning: C:/Users/bioctesting/bbs-3.11-bioc-testing/tmpdir/Rtmp40PhEe/R.INSTALLcdc26776491/GenomicAlignments/man/GAlignmentPairs-class.Rd:389: file link 'GRanges' in package 'GenomicRanges' does not exist and so has been treated as a topic
Rd warning: C:/Users/bioctesting/bbs-3.11-bioc-testing/tmpdir/Rtmp40PhEe/R.INSTALLcdc26776491/GenomicAlignments/man/GAlignmentPairs-class.Rd:390: file link 'GRangesList' in package 'GenomicRanges' does not exist and so has been treated as a topic
GAlignments-class html
Rd warning: C:/Users/bioctesting/bbs-3.11-bioc-testing/tmpdir/Rtmp40PhEe/R.INSTALLcdc26776491/GenomicAlignments/man/GAlignments-class.Rd:177: file link 'Rle' in package 'S4Vectors' does not exist and so has been treated as a topic
Rd warning: C:/Users/bioctesting/bbs-3.11-bioc-testing/tmpdir/Rtmp40PhEe/R.INSTALLcdc26776491/GenomicAlignments/man/GAlignments-class.Rd:189: file link 'Rle' in package 'S4Vectors' does not exist and so has been treated as a topic
Rd warning: C:/Users/bioctesting/bbs-3.11-bioc-testing/tmpdir/Rtmp40PhEe/R.INSTALLcdc26776491/GenomicAlignments/man/GAlignments-class.Rd:283: file link 'IRanges' in package 'IRanges' does not exist and so has been treated as a topic
Rd warning: C:/Users/bioctesting/bbs-3.11-bioc-testing/tmpdir/Rtmp40PhEe/R.INSTALLcdc26776491/GenomicAlignments/man/GAlignments-class.Rd:299: file link 'IntegerRangesList' in package 'IRanges' does not exist and so has been treated as a topic
Rd warning: C:/Users/bioctesting/bbs-3.11-bioc-testing/tmpdir/Rtmp40PhEe/R.INSTALLcdc26776491/GenomicAlignments/man/GAlignments-class.Rd:304: file link 'IntegerRangesList' in package 'IRanges' does not exist and so has been treated as a topic
Rd warning: C:/Users/bioctesting/bbs-3.11-bioc-testing/tmpdir/Rtmp40PhEe/R.INSTALLcdc26776491/GenomicAlignments/man/GAlignments-class.Rd:305: file link 'CompressedIRangesList' in package 'IRanges' does not exist and so has been treated as a topic
Rd warning: C:/Users/bioctesting/bbs-3.11-bioc-testing/tmpdir/Rtmp40PhEe/R.INSTALLcdc26776491/GenomicAlignments/man/GAlignments-class.Rd:347: file link 'GRanges' in package 'GenomicRanges' does not exist and so has been treated as a topic
Rd warning: C:/Users/bioctesting/bbs-3.11-bioc-testing/tmpdir/Rtmp40PhEe/R.INSTALLcdc26776491/GenomicAlignments/man/GAlignments-class.Rd:353: file link 'GRanges' in package 'GenomicRanges' does not exist and so has been treated as a topic
Rd warning: C:/Users/bioctesting/bbs-3.11-bioc-testing/tmpdir/Rtmp40PhEe/R.INSTALLcdc26776491/GenomicAlignments/man/GAlignments-class.Rd:379: file link 'c' in package 'S4Vectors' does not exist and so has been treated as a topic
Rd warning: C:/Users/bioctesting/bbs-3.11-bioc-testing/tmpdir/Rtmp40PhEe/R.INSTALLcdc26776491/GenomicAlignments/man/GAlignments-class.Rd:398: file link 'IntegerRanges' in package 'IRanges' does not exist and so has been treated as a topic
Rd warning: C:/Users/bioctesting/bbs-3.11-bioc-testing/tmpdir/Rtmp40PhEe/R.INSTALLcdc26776491/GenomicAlignments/man/GAlignments-class.Rd:398: file link 'DNAStringSet' in package 'Biostrings' does not exist and so has been treated as a topic
Rd warning: C:/Users/bioctesting/bbs-3.11-bioc-testing/tmpdir/Rtmp40PhEe/R.INSTALLcdc26776491/GenomicAlignments/man/GAlignments-class.Rd:431: file link 'GRanges' in package 'GenomicRanges' does not exist and so has been treated as a topic
Rd warning: C:/Users/bioctesting/bbs-3.11-bioc-testing/tmpdir/Rtmp40PhEe/R.INSTALLcdc26776491/GenomicAlignments/man/GAlignments-class.Rd:432: file link 'GRangesList' in package 'GenomicRanges' does not exist and so has been treated as a topic
Rd warning: C:/Users/bioctesting/bbs-3.11-bioc-testing/tmpdir/Rtmp40PhEe/R.INSTALLcdc26776491/GenomicAlignments/man/GAlignments-class.Rd:435: file link 'CompressedIRangesList' in package 'IRanges' does not exist and so has been treated as a topic
GAlignmentsList-class html
Rd warning: C:/Users/bioctesting/bbs-3.11-bioc-testing/tmpdir/Rtmp40PhEe/R.INSTALLcdc26776491/GenomicAlignments/man/GAlignmentsList-class.Rd:174: file link 'IRanges' in package 'IRanges' does not exist and so has been treated as a topic
Rd warning: C:/Users/bioctesting/bbs-3.11-bioc-testing/tmpdir/Rtmp40PhEe/R.INSTALLcdc26776491/GenomicAlignments/man/GAlignmentsList-class.Rd:192: file link 'IRangesList' in package 'IRanges' does not exist and so has been treated as a topic
Rd warning: C:/Users/bioctesting/bbs-3.11-bioc-testing/tmpdir/Rtmp40PhEe/R.INSTALLcdc26776491/GenomicAlignments/man/GAlignmentsList-class.Rd:260: file link 'c' in package 'S4Vectors' does not exist and so has been treated as a topic
Rd warning: C:/Users/bioctesting/bbs-3.11-bioc-testing/tmpdir/Rtmp40PhEe/R.INSTALLcdc26776491/GenomicAlignments/man/GAlignmentsList-class.Rd:291: file link 'GRanges' in package 'GenomicRanges' does not exist and so has been treated as a topic
Rd warning: C:/Users/bioctesting/bbs-3.11-bioc-testing/tmpdir/Rtmp40PhEe/R.INSTALLcdc26776491/GenomicAlignments/man/GAlignmentsList-class.Rd:292: file link 'GRangesList' in package 'GenomicRanges' does not exist and so has been treated as a topic
GappedReads-class html
Rd warning: C:/Users/bioctesting/bbs-3.11-bioc-testing/tmpdir/Rtmp40PhEe/R.INSTALLcdc26776491/GenomicAlignments/man/GappedReads-class.Rd:43: file link 'DNAStringSet' in package 'Biostrings' does not exist and so has been treated as a topic
OverlapEncodings-class html
Rd warning: C:/Users/bioctesting/bbs-3.11-bioc-testing/tmpdir/Rtmp40PhEe/R.INSTALLcdc26776491/GenomicAlignments/man/OverlapEncodings-class.Rd:112: file link 'IntegerRangesList' in package 'IRanges' does not exist and so has been treated as a topic
Rd warning: C:/Users/bioctesting/bbs-3.11-bioc-testing/tmpdir/Rtmp40PhEe/R.INSTALLcdc26776491/GenomicAlignments/man/OverlapEncodings-class.Rd:273: file link 'pcompare' in package 'IRanges' does not exist and so has been treated as a topic
Rd warning: C:/Users/bioctesting/bbs-3.11-bioc-testing/tmpdir/Rtmp40PhEe/R.INSTALLcdc26776491/GenomicAlignments/man/OverlapEncodings-class.Rd:277: file link 'GRangesList' in package 'GenomicRanges' does not exist and so has been treated as a topic
cigar-utils html
Rd warning: C:/Users/bioctesting/bbs-3.11-bioc-testing/tmpdir/Rtmp40PhEe/R.INSTALLcdc26776491/GenomicAlignments/man/cigar-utils.Rd:133: file link 'IRangesList' in package 'IRanges' does not exist and so has been treated as a topic
Rd warning: C:/Users/bioctesting/bbs-3.11-bioc-testing/tmpdir/Rtmp40PhEe/R.INSTALLcdc26776491/GenomicAlignments/man/cigar-utils.Rd:135: file link 'IRangesList' in package 'IRanges' does not exist and so has been treated as a topic
Rd warning: C:/Users/bioctesting/bbs-3.11-bioc-testing/tmpdir/Rtmp40PhEe/R.INSTALLcdc26776491/GenomicAlignments/man/cigar-utils.Rd:139: file link 'IRangesList' in package 'IRanges' does not exist and so has been treated as a topic
Rd warning: C:/Users/bioctesting/bbs-3.11-bioc-testing/tmpdir/Rtmp40PhEe/R.INSTALLcdc26776491/GenomicAlignments/man/cigar-utils.Rd:189: file link 'solveUserSEW' in package 'IRanges' does not exist and so has been treated as a topic
Rd warning: C:/Users/bioctesting/bbs-3.11-bioc-testing/tmpdir/Rtmp40PhEe/R.INSTALLcdc26776491/GenomicAlignments/man/cigar-utils.Rd:221: file link 'CompressedRleList' in package 'IRanges' does not exist and so has been treated as a topic
Rd warning: C:/Users/bioctesting/bbs-3.11-bioc-testing/tmpdir/Rtmp40PhEe/R.INSTALLcdc26776491/GenomicAlignments/man/cigar-utils.Rd:229: file link 'IRangesList' in package 'IRanges' does not exist and so has been treated as a topic
Rd warning: C:/Users/bioctesting/bbs-3.11-bioc-testing/tmpdir/Rtmp40PhEe/R.INSTALLcdc26776491/GenomicAlignments/man/cigar-utils.Rd:230: file link 'CompressedIRangesList' in package 'IRanges' does not exist and so has been treated as a topic
Rd warning: C:/Users/bioctesting/bbs-3.11-bioc-testing/tmpdir/Rtmp40PhEe/R.INSTALLcdc26776491/GenomicAlignments/man/cigar-utils.Rd:233: file link 'IRangesList' in package 'IRanges' does not exist and so has been treated as a topic
Rd warning: C:/Users/bioctesting/bbs-3.11-bioc-testing/tmpdir/Rtmp40PhEe/R.INSTALLcdc26776491/GenomicAlignments/man/cigar-utils.Rd:233: file link 'SimpleIRangesList' in package 'IRanges' does not exist and so has been treated as a topic
Rd warning: C:/Users/bioctesting/bbs-3.11-bioc-testing/tmpdir/Rtmp40PhEe/R.INSTALLcdc26776491/GenomicAlignments/man/cigar-utils.Rd:234: file link 'CompressedIRangesList' in package 'IRanges' does not exist and so has been treated as a topic
Rd warning: C:/Users/bioctesting/bbs-3.11-bioc-testing/tmpdir/Rtmp40PhEe/R.INSTALLcdc26776491/GenomicAlignments/man/cigar-utils.Rd:289: file link 'IRanges' in package 'IRanges' does not exist and so has been treated as a topic
Rd warning: C:/Users/bioctesting/bbs-3.11-bioc-testing/tmpdir/Rtmp40PhEe/R.INSTALLcdc26776491/GenomicAlignments/man/cigar-utils.Rd:289: file link 'IRangesList' in package 'IRanges' does not exist and so has been treated as a topic
Rd warning: C:/Users/bioctesting/bbs-3.11-bioc-testing/tmpdir/Rtmp40PhEe/R.INSTALLcdc26776491/GenomicAlignments/man/cigar-utils.Rd:290: file link 'RleList' in package 'IRanges' does not exist and so has been treated as a topic
Rd warning: C:/Users/bioctesting/bbs-3.11-bioc-testing/tmpdir/Rtmp40PhEe/R.INSTALLcdc26776491/GenomicAlignments/man/cigar-utils.Rd:292: file link 'coverage' in package 'IRanges' does not exist and so has been treated as a topic
coordinate-mapping-methods html
Rd warning: C:/Users/bioctesting/bbs-3.11-bioc-testing/tmpdir/Rtmp40PhEe/R.INSTALLcdc26776491/GenomicAlignments/man/coordinate-mapping-methods.Rd:25: file link 'mapToTranscripts' in package 'GenomicFeatures' does not exist and so has been treated as a topic
Rd warning: C:/Users/bioctesting/bbs-3.11-bioc-testing/tmpdir/Rtmp40PhEe/R.INSTALLcdc26776491/GenomicAlignments/man/coordinate-mapping-methods.Rd:144: file link 'mapToTranscripts' in package 'GenomicFeatures' does not exist and so has been treated as a topic
coverage-methods html
Rd warning: C:/Users/bioctesting/bbs-3.11-bioc-testing/tmpdir/Rtmp40PhEe/R.INSTALLcdc26776491/GenomicAlignments/man/coverage-methods.Rd:15: file link 'coverage' in package 'IRanges' does not exist and so has been treated as a topic
Rd warning: C:/Users/bioctesting/bbs-3.11-bioc-testing/tmpdir/Rtmp40PhEe/R.INSTALLcdc26776491/GenomicAlignments/man/coverage-methods.Rd:17: file link 'BamFile' in package 'Rsamtools' does not exist and so has been treated as a topic
Rd warning: C:/Users/bioctesting/bbs-3.11-bioc-testing/tmpdir/Rtmp40PhEe/R.INSTALLcdc26776491/GenomicAlignments/man/coverage-methods.Rd:19: file link 'coverage' in package 'IRanges' does not exist and so has been treated as a topic
Rd warning: C:/Users/bioctesting/bbs-3.11-bioc-testing/tmpdir/Rtmp40PhEe/R.INSTALLcdc26776491/GenomicAlignments/man/coverage-methods.Rd:20: file link 'IntegerRanges' in package 'IRanges' does not exist and so has been treated as a topic
Rd warning: C:/Users/bioctesting/bbs-3.11-bioc-testing/tmpdir/Rtmp40PhEe/R.INSTALLcdc26776491/GenomicAlignments/man/coverage-methods.Rd:20: file link 'IntegerRangesList' in package 'IRanges' does not exist and so has been treated as a topic
Rd warning: C:/Users/bioctesting/bbs-3.11-bioc-testing/tmpdir/Rtmp40PhEe/R.INSTALLcdc26776491/GenomicAlignments/man/coverage-methods.Rd:22: file link 'GRanges' in package 'GenomicRanges' does not exist and so has been treated as a topic
Rd warning: C:/Users/bioctesting/bbs-3.11-bioc-testing/tmpdir/Rtmp40PhEe/R.INSTALLcdc26776491/GenomicAlignments/man/coverage-methods.Rd:23: file link 'GRangesList' in package 'GenomicRanges' does not exist and so has been treated as a topic
Rd warning: C:/Users/bioctesting/bbs-3.11-bioc-testing/tmpdir/Rtmp40PhEe/R.INSTALLcdc26776491/GenomicAlignments/man/coverage-methods.Rd:46: file link 'BamFile' in package 'Rsamtools' does not exist and so has been treated as a topic
Rd warning: C:/Users/bioctesting/bbs-3.11-bioc-testing/tmpdir/Rtmp40PhEe/R.INSTALLcdc26776491/GenomicAlignments/man/coverage-methods.Rd:49: file link 'GRanges' in package 'GenomicRanges' does not exist and so has been treated as a topic
Rd warning: C:/Users/bioctesting/bbs-3.11-bioc-testing/tmpdir/Rtmp40PhEe/R.INSTALLcdc26776491/GenomicAlignments/man/coverage-methods.Rd:53: file link 'coverage' in package 'IRanges' does not exist and so has been treated as a topic
Rd warning: C:/Users/bioctesting/bbs-3.11-bioc-testing/tmpdir/Rtmp40PhEe/R.INSTALLcdc26776491/GenomicAlignments/man/coverage-methods.Rd:65: file link 'ScanBamParam' in package 'Rsamtools' does not exist and so has been treated as a topic
Rd warning: C:/Users/bioctesting/bbs-3.11-bioc-testing/tmpdir/Rtmp40PhEe/R.INSTALLcdc26776491/GenomicAlignments/man/coverage-methods.Rd:70: file link 'BamFile' in package 'Rsamtools' does not exist and so has been treated as a topic
Rd warning: C:/Users/bioctesting/bbs-3.11-bioc-testing/tmpdir/Rtmp40PhEe/R.INSTALLcdc26776491/GenomicAlignments/man/coverage-methods.Rd:84: file link 'BamFile' in package 'Rsamtools' does not exist and so has been treated as a topic
Rd warning: C:/Users/bioctesting/bbs-3.11-bioc-testing/tmpdir/Rtmp40PhEe/R.INSTALLcdc26776491/GenomicAlignments/man/coverage-methods.Rd:92: file link 'BamFile' in package 'Rsamtools' does not exist and so has been treated as a topic
Rd warning: C:/Users/bioctesting/bbs-3.11-bioc-testing/tmpdir/Rtmp40PhEe/R.INSTALLcdc26776491/GenomicAlignments/man/coverage-methods.Rd:97: file link 'RleList' in package 'IRanges' does not exist and so has been treated as a topic
Rd warning: C:/Users/bioctesting/bbs-3.11-bioc-testing/tmpdir/Rtmp40PhEe/R.INSTALLcdc26776491/GenomicAlignments/man/coverage-methods.Rd:103: file link 'coverage' in package 'IRanges' does not exist and so has been treated as a topic
Rd warning: C:/Users/bioctesting/bbs-3.11-bioc-testing/tmpdir/Rtmp40PhEe/R.INSTALLcdc26776491/GenomicAlignments/man/coverage-methods.Rd:108: file link 'RleList' in package 'IRanges' does not exist and so has been treated as a topic
Rd warning: C:/Users/bioctesting/bbs-3.11-bioc-testing/tmpdir/Rtmp40PhEe/R.INSTALLcdc26776491/GenomicAlignments/man/coverage-methods.Rd:114: file link 'BamFile' in package 'Rsamtools' does not exist and so has been treated as a topic
encodeOverlaps-methods html
Rd warning: C:/Users/bioctesting/bbs-3.11-bioc-testing/tmpdir/Rtmp40PhEe/R.INSTALLcdc26776491/GenomicAlignments/man/encodeOverlaps-methods.Rd:50: file link 'GRangesList' in package 'GenomicRanges' does not exist and so has been treated as a topic
Rd warning: C:/Users/bioctesting/bbs-3.11-bioc-testing/tmpdir/Rtmp40PhEe/R.INSTALLcdc26776491/GenomicAlignments/man/encodeOverlaps-methods.Rd:83: file link 'GRangesList' in package 'GenomicRanges' does not exist and so has been treated as a topic
Rd warning: C:/Users/bioctesting/bbs-3.11-bioc-testing/tmpdir/Rtmp40PhEe/R.INSTALLcdc26776491/GenomicAlignments/man/encodeOverlaps-methods.Rd:91: file link 'IntegerRangesList' in package 'IRanges' does not exist and so has been treated as a topic
Rd warning: C:/Users/bioctesting/bbs-3.11-bioc-testing/tmpdir/Rtmp40PhEe/R.INSTALLcdc26776491/GenomicAlignments/man/encodeOverlaps-methods.Rd:91: file link 'GRangesList' in package 'GenomicRanges' does not exist and so has been treated as a topic
Rd warning: C:/Users/bioctesting/bbs-3.11-bioc-testing/tmpdir/Rtmp40PhEe/R.INSTALLcdc26776491/GenomicAlignments/man/encodeOverlaps-methods.Rd:95: file link 'Hits' in package 'S4Vectors' does not exist and so has been treated as a topic
Rd warning: C:/Users/bioctesting/bbs-3.11-bioc-testing/tmpdir/Rtmp40PhEe/R.INSTALLcdc26776491/GenomicAlignments/man/encodeOverlaps-methods.Rd:96: file link 'findOverlaps' in package 'IRanges' does not exist and so has been treated as a topic
Rd warning: C:/Users/bioctesting/bbs-3.11-bioc-testing/tmpdir/Rtmp40PhEe/R.INSTALLcdc26776491/GenomicAlignments/man/encodeOverlaps-methods.Rd:100: file link 'queryLength' in package 'S4Vectors' does not exist and so has been treated as a topic
Rd warning: C:/Users/bioctesting/bbs-3.11-bioc-testing/tmpdir/Rtmp40PhEe/R.INSTALLcdc26776491/GenomicAlignments/man/encodeOverlaps-methods.Rd:101: file link 'subjectLength' in package 'S4Vectors' does not exist and so has been treated as a topic
Rd warning: C:/Users/bioctesting/bbs-3.11-bioc-testing/tmpdir/Rtmp40PhEe/R.INSTALLcdc26776491/GenomicAlignments/man/encodeOverlaps-methods.Rd:120: file link 'GRangesList' in package 'GenomicRanges' does not exist and so has been treated as a topic
Rd warning: C:/Users/bioctesting/bbs-3.11-bioc-testing/tmpdir/Rtmp40PhEe/R.INSTALLcdc26776491/GenomicAlignments/man/encodeOverlaps-methods.Rd:186: file link 'Hits' in package 'S4Vectors' does not exist and so has been treated as a topic
Rd warning: C:/Users/bioctesting/bbs-3.11-bioc-testing/tmpdir/Rtmp40PhEe/R.INSTALLcdc26776491/GenomicAlignments/man/encodeOverlaps-methods.Rd:192: file link 'findOverlaps' in package 'IRanges' does not exist and so has been treated as a topic
Rd warning: C:/Users/bioctesting/bbs-3.11-bioc-testing/tmpdir/Rtmp40PhEe/R.INSTALLcdc26776491/GenomicAlignments/man/encodeOverlaps-methods.Rd:197: file link 'GRangesList' in package 'GenomicRanges' does not exist and so has been treated as a topic
Rd warning: C:/Users/bioctesting/bbs-3.11-bioc-testing/tmpdir/Rtmp40PhEe/R.INSTALLcdc26776491/GenomicAlignments/man/encodeOverlaps-methods.Rd:200: file link 'findOverlaps' in package 'IRanges' does not exist and so has been treated as a topic
findCompatibleOverlaps-methods html
Rd warning: C:/Users/bioctesting/bbs-3.11-bioc-testing/tmpdir/Rtmp40PhEe/R.INSTALLcdc26776491/GenomicAlignments/man/findCompatibleOverlaps-methods.Rd:37: file link 'findOverlaps' in package 'IRanges' does not exist and so has been treated as a topic
Rd warning: C:/Users/bioctesting/bbs-3.11-bioc-testing/tmpdir/Rtmp40PhEe/R.INSTALLcdc26776491/GenomicAlignments/man/findCompatibleOverlaps-methods.Rd:49: file link 'Hits' in package 'S4Vectors' does not exist and so has been treated as a topic
Rd warning: C:/Users/bioctesting/bbs-3.11-bioc-testing/tmpdir/Rtmp40PhEe/R.INSTALLcdc26776491/GenomicAlignments/man/findCompatibleOverlaps-methods.Rd:59: file link 'findOverlaps' in package 'IRanges' does not exist and so has been treated as a topic
Rd warning: C:/Users/bioctesting/bbs-3.11-bioc-testing/tmpdir/Rtmp40PhEe/R.INSTALLcdc26776491/GenomicAlignments/man/findCompatibleOverlaps-methods.Rd:69: file link 'GRangesList' in package 'GenomicRanges' does not exist and so has been treated as a topic
findMateAlignment html
findOverlaps-methods html
Rd warning: C:/Users/bioctesting/bbs-3.11-bioc-testing/tmpdir/Rtmp40PhEe/R.INSTALLcdc26776491/GenomicAlignments/man/findOverlaps-methods.Rd:22: file link 'findOverlaps' in package 'IRanges' does not exist and so has been treated as a topic
Rd warning: C:/Users/bioctesting/bbs-3.11-bioc-testing/tmpdir/Rtmp40PhEe/R.INSTALLcdc26776491/GenomicAlignments/man/findOverlaps-methods.Rd:23: file link 'IntegerRanges' in package 'IRanges' does not exist and so has been treated as a topic
Rd warning: C:/Users/bioctesting/bbs-3.11-bioc-testing/tmpdir/Rtmp40PhEe/R.INSTALLcdc26776491/GenomicAlignments/man/findOverlaps-methods.Rd:23: file link 'IntegerRangesList' in package 'IRanges' does not exist and so has been treated as a topic
Rd warning: C:/Users/bioctesting/bbs-3.11-bioc-testing/tmpdir/Rtmp40PhEe/R.INSTALLcdc26776491/GenomicAlignments/man/findOverlaps-methods.Rd:25: file link 'GRanges' in package 'GenomicRanges' does not exist and so has been treated as a topic
Rd warning: C:/Users/bioctesting/bbs-3.11-bioc-testing/tmpdir/Rtmp40PhEe/R.INSTALLcdc26776491/GenomicAlignments/man/findOverlaps-methods.Rd:26: file link 'GRangesList' in package 'GenomicRanges' does not exist and so has been treated as a topic
Rd warning: C:/Users/bioctesting/bbs-3.11-bioc-testing/tmpdir/Rtmp40PhEe/R.INSTALLcdc26776491/GenomicAlignments/man/findOverlaps-methods.Rd:51: file link 'findOverlaps' in package 'IRanges' does not exist and so has been treated as a topic
Rd warning: C:/Users/bioctesting/bbs-3.11-bioc-testing/tmpdir/Rtmp40PhEe/R.INSTALLcdc26776491/GenomicAlignments/man/findOverlaps-methods.Rd:74: file link 'Hits' in package 'S4Vectors' does not exist and so has been treated as a topic
Rd warning: C:/Users/bioctesting/bbs-3.11-bioc-testing/tmpdir/Rtmp40PhEe/R.INSTALLcdc26776491/GenomicAlignments/man/findOverlaps-methods.Rd:80: file link 'findOverlaps' in package 'IRanges' does not exist and so has been treated as a topic
findSpliceOverlaps-methods html
Rd warning: C:/Users/bioctesting/bbs-3.11-bioc-testing/tmpdir/Rtmp40PhEe/R.INSTALLcdc26776491/GenomicAlignments/man/findSpliceOverlaps-methods.Rd:37: file link 'GRangesList' in package 'GenomicRanges' does not exist and so has been treated as a topic
Rd warning: C:/Users/bioctesting/bbs-3.11-bioc-testing/tmpdir/Rtmp40PhEe/R.INSTALLcdc26776491/GenomicAlignments/man/findSpliceOverlaps-methods.Rd:38: file link 'BamFile' in package 'Rsamtools' does not exist and so has been treated as a topic
Rd warning: C:/Users/bioctesting/bbs-3.11-bioc-testing/tmpdir/Rtmp40PhEe/R.INSTALLcdc26776491/GenomicAlignments/man/findSpliceOverlaps-methods.Rd:46: file link 'GRanges' in package 'GenomicRanges' does not exist and so has been treated as a topic
Rd warning: C:/Users/bioctesting/bbs-3.11-bioc-testing/tmpdir/Rtmp40PhEe/R.INSTALLcdc26776491/GenomicAlignments/man/findSpliceOverlaps-methods.Rd:49: file link 'GRangesList' in package 'GenomicRanges' does not exist and so has been treated as a topic
Rd warning: C:/Users/bioctesting/bbs-3.11-bioc-testing/tmpdir/Rtmp40PhEe/R.INSTALLcdc26776491/GenomicAlignments/man/findSpliceOverlaps-methods.Rd:58: file link 'BamFile' in package 'Rsamtools' does not exist and so has been treated as a topic
Rd warning: C:/Users/bioctesting/bbs-3.11-bioc-testing/tmpdir/Rtmp40PhEe/R.INSTALLcdc26776491/GenomicAlignments/man/findSpliceOverlaps-methods.Rd:61: file link 'GRangesList' in package 'GenomicRanges' does not exist and so has been treated as a topic
Rd warning: C:/Users/bioctesting/bbs-3.11-bioc-testing/tmpdir/Rtmp40PhEe/R.INSTALLcdc26776491/GenomicAlignments/man/findSpliceOverlaps-methods.Rd:68: file link 'ScanBamParam' in package 'Rsamtools' does not exist and so has been treated as a topic
Rd warning: C:/Users/bioctesting/bbs-3.11-bioc-testing/tmpdir/Rtmp40PhEe/R.INSTALLcdc26776491/GenomicAlignments/man/findSpliceOverlaps-methods.Rd:94: file link 'Hits' in package 'S4Vectors' does not exist and so has been treated as a topic
Rd warning: C:/Users/bioctesting/bbs-3.11-bioc-testing/tmpdir/Rtmp40PhEe/R.INSTALLcdc26776491/GenomicAlignments/man/findSpliceOverlaps-methods.Rd:122: file link 'GRangesList' in package 'GenomicRanges' does not exist and so has been treated as a topic
Rd warning: C:/Users/bioctesting/bbs-3.11-bioc-testing/tmpdir/Rtmp40PhEe/R.INSTALLcdc26776491/GenomicAlignments/man/findSpliceOverlaps-methods.Rd:127: file link 'BamFile' in package 'Rsamtools' does not exist and so has been treated as a topic
intra-range-methods html
Rd warning: C:/Users/bioctesting/bbs-3.11-bioc-testing/tmpdir/Rtmp40PhEe/R.INSTALLcdc26776491/GenomicAlignments/man/intra-range-methods.Rd:42: file link 'solveUserSEW' in package 'IRanges' does not exist and so has been treated as a topic
junctions-methods html
Rd warning: C:/Users/bioctesting/bbs-3.11-bioc-testing/tmpdir/Rtmp40PhEe/R.INSTALLcdc26776491/GenomicAlignments/man/junctions-methods.Rd:80: file link 'IntegerList' in package 'IRanges' does not exist and so has been treated as a topic
Rd warning: C:/Users/bioctesting/bbs-3.11-bioc-testing/tmpdir/Rtmp40PhEe/R.INSTALLcdc26776491/GenomicAlignments/man/junctions-methods.Rd:85: file link 'BSgenome' in package 'BSgenome' does not exist and so has been treated as a topic
Rd warning: C:/Users/bioctesting/bbs-3.11-bioc-testing/tmpdir/Rtmp40PhEe/R.INSTALLcdc26776491/GenomicAlignments/man/junctions-methods.Rd:88: file link 'getBSgenome' in package 'BSgenome' does not exist and so has been treated as a topic
Rd warning: C:/Users/bioctesting/bbs-3.11-bioc-testing/tmpdir/Rtmp40PhEe/R.INSTALLcdc26776491/GenomicAlignments/man/junctions-methods.Rd:91: file link 'getBSgenome' in package 'BSgenome' does not exist and so has been treated as a topic
Rd warning: C:/Users/bioctesting/bbs-3.11-bioc-testing/tmpdir/Rtmp40PhEe/R.INSTALLcdc26776491/GenomicAlignments/man/junctions-methods.Rd:144: file link 'GRangesList' in package 'GenomicRanges' does not exist and so has been treated as a topic
Rd warning: C:/Users/bioctesting/bbs-3.11-bioc-testing/tmpdir/Rtmp40PhEe/R.INSTALLcdc26776491/GenomicAlignments/man/junctions-methods.Rd:151: file link 'GRanges' in package 'GenomicRanges' does not exist and so has been treated as a topic
Rd warning: C:/Users/bioctesting/bbs-3.11-bioc-testing/tmpdir/Rtmp40PhEe/R.INSTALLcdc26776491/GenomicAlignments/man/junctions-methods.Rd:161: file link 'IntegerList' in package 'IRanges' does not exist and so has been treated as a topic
Rd warning: C:/Users/bioctesting/bbs-3.11-bioc-testing/tmpdir/Rtmp40PhEe/R.INSTALLcdc26776491/GenomicAlignments/man/junctions-methods.Rd:180: file link 'GRanges' in package 'GenomicRanges' does not exist and so has been treated as a topic
Rd warning: C:/Users/bioctesting/bbs-3.11-bioc-testing/tmpdir/Rtmp40PhEe/R.INSTALLcdc26776491/GenomicAlignments/man/junctions-methods.Rd:247: file link 'GRanges' in package 'GenomicRanges' does not exist and so has been treated as a topic
Rd warning: C:/Users/bioctesting/bbs-3.11-bioc-testing/tmpdir/Rtmp40PhEe/R.INSTALLcdc26776491/GenomicAlignments/man/junctions-methods.Rd:247: file link 'GRangesList' in package 'GenomicRanges' does not exist and so has been treated as a topic
Rd warning: C:/Users/bioctesting/bbs-3.11-bioc-testing/tmpdir/Rtmp40PhEe/R.INSTALLcdc26776491/GenomicAlignments/man/junctions-methods.Rd:251: file link 'IntegerList' in package 'IRanges' does not exist and so has been treated as a topic
Rd warning: C:/Users/bioctesting/bbs-3.11-bioc-testing/tmpdir/Rtmp40PhEe/R.INSTALLcdc26776491/GenomicAlignments/man/junctions-methods.Rd:254: file link 'getBSgenome' in package 'BSgenome' does not exist and so has been treated as a topic
Rd warning: C:/Users/bioctesting/bbs-3.11-bioc-testing/tmpdir/Rtmp40PhEe/R.INSTALLcdc26776491/GenomicAlignments/man/junctions-methods.Rd:257: file link 'BSgenome' in package 'BSgenome' does not exist and so has been treated as a topic
Rd warning: C:/Users/bioctesting/bbs-3.11-bioc-testing/tmpdir/Rtmp40PhEe/R.INSTALLcdc26776491/GenomicAlignments/man/junctions-methods.Rd:261: file link 'List' in package 'S4Vectors' does not exist and so has been treated as a topic
pileLettersAt html
Rd warning: C:/Users/bioctesting/bbs-3.11-bioc-testing/tmpdir/Rtmp40PhEe/R.INSTALLcdc26776491/GenomicAlignments/man/pileLettersAt.Rd:13: file link 'XStringSet' in package 'Biostrings' does not exist and so has been treated as a topic
Rd warning: C:/Users/bioctesting/bbs-3.11-bioc-testing/tmpdir/Rtmp40PhEe/R.INSTALLcdc26776491/GenomicAlignments/man/pileLettersAt.Rd:14: file link 'DNAStringSet' in package 'Biostrings' does not exist and so has been treated as a topic
Rd warning: C:/Users/bioctesting/bbs-3.11-bioc-testing/tmpdir/Rtmp40PhEe/R.INSTALLcdc26776491/GenomicAlignments/man/pileLettersAt.Rd:23: file link 'XStringSet' in package 'Biostrings' does not exist and so has been treated as a topic
Rd warning: C:/Users/bioctesting/bbs-3.11-bioc-testing/tmpdir/Rtmp40PhEe/R.INSTALLcdc26776491/GenomicAlignments/man/pileLettersAt.Rd:24: file link 'DNAStringSet' in package 'Biostrings' does not exist and so has been treated as a topic
Rd warning: C:/Users/bioctesting/bbs-3.11-bioc-testing/tmpdir/Rtmp40PhEe/R.INSTALLcdc26776491/GenomicAlignments/man/pileLettersAt.Rd:29: file link 'Rle' in package 'S4Vectors' does not exist and so has been treated as a topic
Rd warning: C:/Users/bioctesting/bbs-3.11-bioc-testing/tmpdir/Rtmp40PhEe/R.INSTALLcdc26776491/GenomicAlignments/man/pileLettersAt.Rd:43: file link 'GPos' in package 'GenomicRanges' does not exist and so has been treated as a topic
Rd warning: C:/Users/bioctesting/bbs-3.11-bioc-testing/tmpdir/Rtmp40PhEe/R.INSTALLcdc26776491/GenomicAlignments/man/pileLettersAt.Rd:47: file link 'GPos' in package 'GenomicRanges' does not exist and so has been treated as a topic
Rd warning: C:/Users/bioctesting/bbs-3.11-bioc-testing/tmpdir/Rtmp40PhEe/R.INSTALLcdc26776491/GenomicAlignments/man/pileLettersAt.Rd:49: file link 'GPos' in package 'GenomicRanges' does not exist and so has been treated as a topic
Rd warning: C:/Users/bioctesting/bbs-3.11-bioc-testing/tmpdir/Rtmp40PhEe/R.INSTALLcdc26776491/GenomicAlignments/man/pileLettersAt.Rd:50: file link 'GRanges' in package 'GenomicRanges' does not exist and so has been treated as a topic
Rd warning: C:/Users/bioctesting/bbs-3.11-bioc-testing/tmpdir/Rtmp40PhEe/R.INSTALLcdc26776491/GenomicAlignments/man/pileLettersAt.Rd:51: file link 'GenomicRanges' in package 'GenomicRanges' does not exist and so has been treated as a topic
Rd warning: C:/Users/bioctesting/bbs-3.11-bioc-testing/tmpdir/Rtmp40PhEe/R.INSTALLcdc26776491/GenomicAlignments/man/pileLettersAt.Rd:53: file link 'GPos' in package 'GenomicRanges' does not exist and so has been treated as a topic
Rd warning: C:/Users/bioctesting/bbs-3.11-bioc-testing/tmpdir/Rtmp40PhEe/R.INSTALLcdc26776491/GenomicAlignments/man/pileLettersAt.Rd:64: file link 'XStringSet' in package 'Biostrings' does not exist and so has been treated as a topic
Rd warning: C:/Users/bioctesting/bbs-3.11-bioc-testing/tmpdir/Rtmp40PhEe/R.INSTALLcdc26776491/GenomicAlignments/man/pileLettersAt.Rd:64: file link 'DNAStringSet' in package 'Biostrings' does not exist and so has been treated as a topic
Rd warning: C:/Users/bioctesting/bbs-3.11-bioc-testing/tmpdir/Rtmp40PhEe/R.INSTALLcdc26776491/GenomicAlignments/man/pileLettersAt.Rd:82: file link 'DNAStringSet' in package 'Biostrings' does not exist and so has been treated as a topic
Rd warning: C:/Users/bioctesting/bbs-3.11-bioc-testing/tmpdir/Rtmp40PhEe/R.INSTALLcdc26776491/GenomicAlignments/man/pileLettersAt.Rd:85: file link 'GPos' in package 'GenomicRanges' does not exist and so has been treated as a topic
readGAlignments html
Rd warning: C:/Users/bioctesting/bbs-3.11-bioc-testing/tmpdir/Rtmp40PhEe/R.INSTALLcdc26776491/GenomicAlignments/man/readGAlignments.Rd:45: file link 'BamFile' in package 'Rsamtools' does not exist and so has been treated as a topic
Rd warning: C:/Users/bioctesting/bbs-3.11-bioc-testing/tmpdir/Rtmp40PhEe/R.INSTALLcdc26776491/GenomicAlignments/man/readGAlignments.Rd:46: file link 'BamViews' in package 'Rsamtools' does not exist and so has been treated as a topic
Rd warning: C:/Users/bioctesting/bbs-3.11-bioc-testing/tmpdir/Rtmp40PhEe/R.INSTALLcdc26776491/GenomicAlignments/man/readGAlignments.Rd:63: file link 'ScanBamParam' in package 'Rsamtools' does not exist and so has been treated as a topic
Rd warning: C:/Users/bioctesting/bbs-3.11-bioc-testing/tmpdir/Rtmp40PhEe/R.INSTALLcdc26776491/GenomicAlignments/man/readGAlignments.Rd:66: file link 'ScanBamParam' in package 'Rsamtools' does not exist and so has been treated as a topic
Rd warning: C:/Users/bioctesting/bbs-3.11-bioc-testing/tmpdir/Rtmp40PhEe/R.INSTALLcdc26776491/GenomicAlignments/man/readGAlignments.Rd:103: file link 'Rle' in package 'S4Vectors' does not exist and so has been treated as a topic
Rd warning: C:/Users/bioctesting/bbs-3.11-bioc-testing/tmpdir/Rtmp40PhEe/R.INSTALLcdc26776491/GenomicAlignments/man/readGAlignments.Rd:117: file link 'BamViews' in package 'Rsamtools' does not exist and so has been treated as a topic
Rd warning: C:/Users/bioctesting/bbs-3.11-bioc-testing/tmpdir/Rtmp40PhEe/R.INSTALLcdc26776491/GenomicAlignments/man/readGAlignments.Rd:124: file link 'SimpleList' in package 'S4Vectors' does not exist and so has been treated as a topic
Rd warning: C:/Users/bioctesting/bbs-3.11-bioc-testing/tmpdir/Rtmp40PhEe/R.INSTALLcdc26776491/GenomicAlignments/man/readGAlignments.Rd:127: file link 'SimpleList' in package 'S4Vectors' does not exist and so has been treated as a topic
Rd warning: C:/Users/bioctesting/bbs-3.11-bioc-testing/tmpdir/Rtmp40PhEe/R.INSTALLcdc26776491/GenomicAlignments/man/readGAlignments.Rd:155: file link 'BamFile' in package 'Rsamtools' does not exist and so has been treated as a topic
Rd warning: C:/Users/bioctesting/bbs-3.11-bioc-testing/tmpdir/Rtmp40PhEe/R.INSTALLcdc26776491/GenomicAlignments/man/readGAlignments.Rd:164: file link 'ScanBamParam' in package 'Rsamtools' does not exist and so has been treated as a topic
Rd warning: C:/Users/bioctesting/bbs-3.11-bioc-testing/tmpdir/Rtmp40PhEe/R.INSTALLcdc26776491/GenomicAlignments/man/readGAlignments.Rd:208: file link 'BamFile' in package 'Rsamtools' does not exist and so has been treated as a topic
Rd warning: C:/Users/bioctesting/bbs-3.11-bioc-testing/tmpdir/Rtmp40PhEe/R.INSTALLcdc26776491/GenomicAlignments/man/readGAlignments.Rd:252: file link 'ScanBamParam' in package 'Rsamtools' does not exist and so has been treated as a topic
Rd warning: C:/Users/bioctesting/bbs-3.11-bioc-testing/tmpdir/Rtmp40PhEe/R.INSTALLcdc26776491/GenomicAlignments/man/readGAlignments.Rd:258: file link 'IRangesList' in package 'IRanges' does not exist and so has been treated as a topic
sequenceLayer html
Rd warning: C:/Users/bioctesting/bbs-3.11-bioc-testing/tmpdir/Rtmp40PhEe/R.INSTALLcdc26776491/GenomicAlignments/man/sequenceLayer.Rd:120: file link 'extractAt' in package 'Biostrings' does not exist and so has been treated as a topic
setops-methods html
Rd warning: C:/Users/bioctesting/bbs-3.11-bioc-testing/tmpdir/Rtmp40PhEe/R.INSTALLcdc26776491/GenomicAlignments/man/setops-methods.Rd:14: file link 'pintersect' in package 'IRanges' does not exist and so has been treated as a topic
Rd warning: C:/Users/bioctesting/bbs-3.11-bioc-testing/tmpdir/Rtmp40PhEe/R.INSTALLcdc26776491/GenomicAlignments/man/setops-methods.Rd:15: file link 'IntegerRanges' in package 'IRanges' does not exist and so has been treated as a topic
Rd warning: C:/Users/bioctesting/bbs-3.11-bioc-testing/tmpdir/Rtmp40PhEe/R.INSTALLcdc26776491/GenomicAlignments/man/setops-methods.Rd:17: file link 'GRanges' in package 'GenomicRanges' does not exist and so has been treated as a topic
Rd warning: C:/Users/bioctesting/bbs-3.11-bioc-testing/tmpdir/Rtmp40PhEe/R.INSTALLcdc26776491/GenomicAlignments/man/setops-methods.Rd:18: file link 'GRangesList' in package 'GenomicRanges' does not exist and so has been treated as a topic
Rd warning: C:/Users/bioctesting/bbs-3.11-bioc-testing/tmpdir/Rtmp40PhEe/R.INSTALLcdc26776491/GenomicAlignments/man/setops-methods.Rd:29: file link 'GRanges' in package 'GenomicRanges' does not exist and so has been treated as a topic
stackStringsFromGAlignments html
Rd warning: C:/Users/bioctesting/bbs-3.11-bioc-testing/tmpdir/Rtmp40PhEe/R.INSTALLcdc26776491/GenomicAlignments/man/stackStringsFromGAlignments.Rd:48: file link 'ScanBamParam' in package 'Rsamtools' does not exist and so has been treated as a topic
Rd warning: C:/Users/bioctesting/bbs-3.11-bioc-testing/tmpdir/Rtmp40PhEe/R.INSTALLcdc26776491/GenomicAlignments/man/stackStringsFromGAlignments.Rd:52: file link 'GRanges' in package 'GenomicRanges' does not exist and so has been treated as a topic
Rd warning: C:/Users/bioctesting/bbs-3.11-bioc-testing/tmpdir/Rtmp40PhEe/R.INSTALLcdc26776491/GenomicAlignments/man/stackStringsFromGAlignments.Rd:69: file link 'stackStrings' in package 'Biostrings' does not exist and so has been treated as a topic
Rd warning: C:/Users/bioctesting/bbs-3.11-bioc-testing/tmpdir/Rtmp40PhEe/R.INSTALLcdc26776491/GenomicAlignments/man/stackStringsFromGAlignments.Rd:71: file link 'stackStrings' in package 'Biostrings' does not exist and so has been treated as a topic
Rd warning: C:/Users/bioctesting/bbs-3.11-bioc-testing/tmpdir/Rtmp40PhEe/R.INSTALLcdc26776491/GenomicAlignments/man/stackStringsFromGAlignments.Rd:82: file link 'GRanges' in package 'GenomicRanges' does not exist and so has been treated as a topic
Rd warning: C:/Users/bioctesting/bbs-3.11-bioc-testing/tmpdir/Rtmp40PhEe/R.INSTALLcdc26776491/GenomicAlignments/man/stackStringsFromGAlignments.Rd:83: file link 'IntegerRangesList' in package 'IRanges' does not exist and so has been treated as a topic
Rd warning: C:/Users/bioctesting/bbs-3.11-bioc-testing/tmpdir/Rtmp40PhEe/R.INSTALLcdc26776491/GenomicAlignments/man/stackStringsFromGAlignments.Rd:85: file link 'GRanges' in package 'GenomicRanges' does not exist and so has been treated as a topic
Rd warning: C:/Users/bioctesting/bbs-3.11-bioc-testing/tmpdir/Rtmp40PhEe/R.INSTALLcdc26776491/GenomicAlignments/man/stackStringsFromGAlignments.Rd:93: file link 'alphabetFrequency' in package 'Biostrings' does not exist and so has been treated as a topic
Rd warning: C:/Users/bioctesting/bbs-3.11-bioc-testing/tmpdir/Rtmp40PhEe/R.INSTALLcdc26776491/GenomicAlignments/man/stackStringsFromGAlignments.Rd:108: file link 'stackStrings' in package 'Biostrings' does not exist and so has been treated as a topic
Rd warning: C:/Users/bioctesting/bbs-3.11-bioc-testing/tmpdir/Rtmp40PhEe/R.INSTALLcdc26776491/GenomicAlignments/man/stackStringsFromGAlignments.Rd:132: file link 'DNAStringSet' in package 'Biostrings' does not exist and so has been treated as a topic
Rd warning: C:/Users/bioctesting/bbs-3.11-bioc-testing/tmpdir/Rtmp40PhEe/R.INSTALLcdc26776491/GenomicAlignments/man/stackStringsFromGAlignments.Rd:133: file link 'BStringSet' in package 'Biostrings' does not exist and so has been treated as a topic
Rd warning: C:/Users/bioctesting/bbs-3.11-bioc-testing/tmpdir/Rtmp40PhEe/R.INSTALLcdc26776491/GenomicAlignments/man/stackStringsFromGAlignments.Rd:136: file link 'alphabetFrequency' in package 'Biostrings' does not exist and so has been treated as a topic
Rd warning: C:/Users/bioctesting/bbs-3.11-bioc-testing/tmpdir/Rtmp40PhEe/R.INSTALLcdc26776491/GenomicAlignments/man/stackStringsFromGAlignments.Rd:167: file link 'stackStrings' in package 'Biostrings' does not exist and so has been treated as a topic
Rd warning: C:/Users/bioctesting/bbs-3.11-bioc-testing/tmpdir/Rtmp40PhEe/R.INSTALLcdc26776491/GenomicAlignments/man/stackStringsFromGAlignments.Rd:169: file link 'XStringSet' in package 'Biostrings' does not exist and so has been treated as a topic
Rd warning: C:/Users/bioctesting/bbs-3.11-bioc-testing/tmpdir/Rtmp40PhEe/R.INSTALLcdc26776491/GenomicAlignments/man/stackStringsFromGAlignments.Rd:171: file link 'alphabetFrequency' in package 'Biostrings' does not exist and so has been treated as a topic
summarizeOverlaps-methods html
Rd warning: C:/Users/bioctesting/bbs-3.11-bioc-testing/tmpdir/Rtmp40PhEe/R.INSTALLcdc26776491/GenomicAlignments/man/summarizeOverlaps-methods.Rd:83: file link 'GRanges' in package 'GenomicRanges' does not exist and so has been treated as a topic
Rd warning: C:/Users/bioctesting/bbs-3.11-bioc-testing/tmpdir/Rtmp40PhEe/R.INSTALLcdc26776491/GenomicAlignments/man/summarizeOverlaps-methods.Rd:83: file link 'GRangesList' in package 'GenomicRanges' does not exist and so has been treated as a topic
Rd warning: C:/Users/bioctesting/bbs-3.11-bioc-testing/tmpdir/Rtmp40PhEe/R.INSTALLcdc26776491/GenomicAlignments/man/summarizeOverlaps-methods.Rd:84: file link 'GRanges' in package 'GenomicRanges' does not exist and so has been treated as a topic
Rd warning: C:/Users/bioctesting/bbs-3.11-bioc-testing/tmpdir/Rtmp40PhEe/R.INSTALLcdc26776491/GenomicAlignments/man/summarizeOverlaps-methods.Rd:86: file link 'GRangesList' in package 'GenomicRanges' does not exist and so has been treated as a topic
Rd warning: C:/Users/bioctesting/bbs-3.11-bioc-testing/tmpdir/Rtmp40PhEe/R.INSTALLcdc26776491/GenomicAlignments/man/summarizeOverlaps-methods.Rd:90: file link 'BamViews' in package 'Rsamtools' does not exist and so has been treated as a topic
Rd warning: C:/Users/bioctesting/bbs-3.11-bioc-testing/tmpdir/Rtmp40PhEe/R.INSTALLcdc26776491/GenomicAlignments/man/summarizeOverlaps-methods.Rd:94: file link 'RangedSummarizedExperiment' in package 'SummarizedExperiment' does not exist and so has been treated as a topic
Rd warning: C:/Users/bioctesting/bbs-3.11-bioc-testing/tmpdir/Rtmp40PhEe/R.INSTALLcdc26776491/GenomicAlignments/man/summarizeOverlaps-methods.Rd:98: file link 'GRanges' in package 'GenomicRanges' does not exist and so has been treated as a topic
Rd warning: C:/Users/bioctesting/bbs-3.11-bioc-testing/tmpdir/Rtmp40PhEe/R.INSTALLcdc26776491/GenomicAlignments/man/summarizeOverlaps-methods.Rd:98: file link 'GRangesList' in package 'GenomicRanges' does not exist and so has been treated as a topic
Rd warning: C:/Users/bioctesting/bbs-3.11-bioc-testing/tmpdir/Rtmp40PhEe/R.INSTALLcdc26776491/GenomicAlignments/man/summarizeOverlaps-methods.Rd:100: file link 'BamViews' in package 'Rsamtools' does not exist and so has been treated as a topic
Rd warning: C:/Users/bioctesting/bbs-3.11-bioc-testing/tmpdir/Rtmp40PhEe/R.INSTALLcdc26776491/GenomicAlignments/man/summarizeOverlaps-methods.Rd:101: file link 'BamFileList' in package 'Rsamtools' does not exist and so has been treated as a topic
Rd warning: C:/Users/bioctesting/bbs-3.11-bioc-testing/tmpdir/Rtmp40PhEe/R.INSTALLcdc26776491/GenomicAlignments/man/summarizeOverlaps-methods.Rd:104: file link 'BamViews' in package 'Rsamtools' does not exist and so has been treated as a topic
Rd warning: C:/Users/bioctesting/bbs-3.11-bioc-testing/tmpdir/Rtmp40PhEe/R.INSTALLcdc26776491/GenomicAlignments/man/summarizeOverlaps-methods.Rd:107: file link 'BamViews' in package 'Rsamtools' does not exist and so has been treated as a topic
Rd warning: C:/Users/bioctesting/bbs-3.11-bioc-testing/tmpdir/Rtmp40PhEe/R.INSTALLcdc26776491/GenomicAlignments/man/summarizeOverlaps-methods.Rd:215: file link 'ScanBamParam' in package 'Rsamtools' does not exist and so has been treated as a topic
Rd warning: C:/Users/bioctesting/bbs-3.11-bioc-testing/tmpdir/Rtmp40PhEe/R.INSTALLcdc26776491/GenomicAlignments/man/summarizeOverlaps-methods.Rd:250: file link 'GRanges' in package 'GenomicRanges' does not exist and so has been treated as a topic
Rd warning: C:/Users/bioctesting/bbs-3.11-bioc-testing/tmpdir/Rtmp40PhEe/R.INSTALLcdc26776491/GenomicAlignments/man/summarizeOverlaps-methods.Rd:251: file link 'GRanges' in package 'GenomicRanges' does not exist and so has been treated as a topic
Rd warning: C:/Users/bioctesting/bbs-3.11-bioc-testing/tmpdir/Rtmp40PhEe/R.INSTALLcdc26776491/GenomicAlignments/man/summarizeOverlaps-methods.Rd:252: file link 'GRangesList' in package 'GenomicRanges' does not exist and so has been treated as a topic
Rd warning: C:/Users/bioctesting/bbs-3.11-bioc-testing/tmpdir/Rtmp40PhEe/R.INSTALLcdc26776491/GenomicAlignments/man/summarizeOverlaps-methods.Rd:254: file link 'GRangesList' in package 'GenomicRanges' does not exist and so has been treated as a topic
Rd warning: C:/Users/bioctesting/bbs-3.11-bioc-testing/tmpdir/Rtmp40PhEe/R.INSTALLcdc26776491/GenomicAlignments/man/summarizeOverlaps-methods.Rd:259: file link 'GRangesList' in package 'GenomicRanges' does not exist and so has been treated as a topic
Rd warning: C:/Users/bioctesting/bbs-3.11-bioc-testing/tmpdir/Rtmp40PhEe/R.INSTALLcdc26776491/GenomicAlignments/man/summarizeOverlaps-methods.Rd:261: file link 'GRanges' in package 'GenomicRanges' does not exist and so has been treated as a topic
Rd warning: C:/Users/bioctesting/bbs-3.11-bioc-testing/tmpdir/Rtmp40PhEe/R.INSTALLcdc26776491/GenomicAlignments/man/summarizeOverlaps-methods.Rd:284: file link 'RangedSummarizedExperiment' in package 'SummarizedExperiment' does not exist and so has been treated as a topic
Rd warning: C:/Users/bioctesting/bbs-3.11-bioc-testing/tmpdir/Rtmp40PhEe/R.INSTALLcdc26776491/GenomicAlignments/man/summarizeOverlaps-methods.Rd:315: file link 'RangedSummarizedExperiment' in package 'SummarizedExperiment' does not exist and so has been treated as a topic
Rd warning: C:/Users/bioctesting/bbs-3.11-bioc-testing/tmpdir/Rtmp40PhEe/R.INSTALLcdc26776491/GenomicAlignments/man/summarizeOverlaps-methods.Rd:320: file link 'BamFileList' in package 'Rsamtools' does not exist and so has been treated as a topic
Rd warning: C:/Users/bioctesting/bbs-3.11-bioc-testing/tmpdir/Rtmp40PhEe/R.INSTALLcdc26776491/GenomicAlignments/man/summarizeOverlaps-methods.Rd:320: file link 'BamViews' in package 'Rsamtools' does not exist and so has been treated as a topic
** building package indices
** installing vignettes
** testing if installed package can be loaded from temporary location
** testing if installed package can be loaded from final location
** testing if installed package keeps a record of temporary installation path
install for x64
* installing *source* package 'GenomicAlignments' ...
** libs
/mingw64/bin/gcc -I"C:/Users/BIOCTE~1/BBS-3~1.11-/R/include" -DNDEBUG -I'C:/Users/bioctesting/bbs-3.11-bioc-testing/R/library/S4Vectors/include' -I'C:/Users/bioctesting/bbs-3.11-bioc-testing/R/library/IRanges/include' -I"C:/extsoft/include" -O2 -Wall -std=gnu99 -mfpmath=sse -msse2 -mstackrealign -c IRanges_stubs.c -o IRanges_stubs.o
/mingw64/bin/gcc -I"C:/Users/BIOCTE~1/BBS-3~1.11-/R/include" -DNDEBUG -I'C:/Users/bioctesting/bbs-3.11-bioc-testing/R/library/S4Vectors/include' -I'C:/Users/bioctesting/bbs-3.11-bioc-testing/R/library/IRanges/include' -I"C:/extsoft/include" -O2 -Wall -std=gnu99 -mfpmath=sse -msse2 -mstackrealign -c R_init_GenomicAlignments.c -o R_init_GenomicAlignments.o
/mingw64/bin/gcc -I"C:/Users/BIOCTE~1/BBS-3~1.11-/R/include" -DNDEBUG -I'C:/Users/bioctesting/bbs-3.11-bioc-testing/R/library/S4Vectors/include' -I'C:/Users/bioctesting/bbs-3.11-bioc-testing/R/library/IRanges/include' -I"C:/extsoft/include" -O2 -Wall -std=gnu99 -mfpmath=sse -msse2 -mstackrealign -c S4Vectors_stubs.c -o S4Vectors_stubs.o
/mingw64/bin/gcc -I"C:/Users/BIOCTE~1/BBS-3~1.11-/R/include" -DNDEBUG -I'C:/Users/bioctesting/bbs-3.11-bioc-testing/R/library/S4Vectors/include' -I'C:/Users/bioctesting/bbs-3.11-bioc-testing/R/library/IRanges/include' -I"C:/extsoft/include" -O2 -Wall -std=gnu99 -mfpmath=sse -msse2 -mstackrealign -c cigar_utils.c -o cigar_utils.o
cigar_utils.c: In function 'cigar_ranges':
cigar_utils.c:676:9: warning: 'f_elt' may be used uninitialized in this function [-Wmaybe-uninitialized]
f_elt++;
~~~~~^~
cigar_utils.c:674:22: warning: 'range_buf1' may be used uninitialized in this function [-Wmaybe-uninitialized]
*(breakpoint++) = IntPairAE_get_nelt(range_buf1);
^~~~~~~~~~~~~~~~~~~~~~~~~~~~~~
cigar_utils.c:674:16: warning: 'breakpoint' may be used uninitialized in this function [-Wmaybe-uninitialized]
*(breakpoint++) = IntPairAE_get_nelt(range_buf1);
~~~~~~~~~~~^~~
cigar_utils.c:626:8: warning: 'flag_elt' may be used uninitialized in this function [-Wmaybe-uninitialized]
if (*flag_elt == NA_INTEGER) {
^~~~~~~~~
cigar_utils.c: In function 'cigar_width':
cigar_utils.c:708:8: warning: 'flag_elt' may be used uninitialized in this function [-Wmaybe-uninitialized]
if (*flag_elt == NA_INTEGER) {
^~~~~~~~~
/mingw64/bin/gcc -I"C:/Users/BIOCTE~1/BBS-3~1.11-/R/include" -DNDEBUG -I'C:/Users/bioctesting/bbs-3.11-bioc-testing/R/library/S4Vectors/include' -I'C:/Users/bioctesting/bbs-3.11-bioc-testing/R/library/IRanges/include' -I"C:/extsoft/include" -O2 -Wall -std=gnu99 -mfpmath=sse -msse2 -mstackrealign -c coordinate_mapping_methods.c -o coordinate_mapping_methods.o
/mingw64/bin/gcc -I"C:/Users/BIOCTE~1/BBS-3~1.11-/R/include" -DNDEBUG -I'C:/Users/bioctesting/bbs-3.11-bioc-testing/R/library/S4Vectors/include' -I'C:/Users/bioctesting/bbs-3.11-bioc-testing/R/library/IRanges/include' -I"C:/extsoft/include" -O2 -Wall -std=gnu99 -mfpmath=sse -msse2 -mstackrealign -c encodeOverlaps_methods.c -o encodeOverlaps_methods.o
encodeOverlaps_methods.c: In function 'overlap_encoding':
encodeOverlaps_methods.c:180:33: warning: 'out_nelt0' may be used uninitialized in this function [-Wmaybe-uninitialized]
CharAE_set_nelt(out, out_nelt0 + j2 * nrow);
~~~~~~~~~~^~~~~~~~~~~
encodeOverlaps_methods.c:99:6: note: 'out_nelt0' was declared here
int out_nelt0, i, starti, widthi, spacei, j, startj, widthj, spacej,
^~~~~~~~~
/mingw64/bin/gcc -shared -s -static-libgcc -o GenomicAlignments.dll tmp.def IRanges_stubs.o R_init_GenomicAlignments.o S4Vectors_stubs.o cigar_utils.o coordinate_mapping_methods.o encodeOverlaps_methods.o -LC:/extsoft/lib/x64 -LC:/extsoft/lib -LC:/Users/BIOCTE~1/BBS-3~1.11-/R/bin/x64 -lR
installing to C:/Users/bioctesting/bbs-3.11-bioc-testing/meat/GenomicAlignments.buildbin-libdir/GenomicAlignments/libs/x64
** testing if installed package can be loaded
* MD5 sums
packaged installation of 'GenomicAlignments' as GenomicAlignments_1.23.2.zip
* DONE (GenomicAlignments)
* installing to library 'C:/Users/bioctesting/bbs-3.11-bioc-testing/R/library'
package 'GenomicAlignments' successfully unpacked and MD5 sums checked
|
GenomicAlignments.Rcheck/tests_i386/run_unitTests.Rout
R version 4.0.0 alpha (Rtools40) (2020-03-31 r78116) -- "Blame Jeroen"
Copyright (C) 2020 The R Foundation for Statistical Computing
Platform: i386-w64-mingw32/i386 (32-bit)
R is free software and comes with ABSOLUTELY NO WARRANTY.
You are welcome to redistribute it under certain conditions.
Type 'license()' or 'licence()' for distribution details.
R is a collaborative project with many contributors.
Type 'contributors()' for more information and
'citation()' on how to cite R or R packages in publications.
Type 'demo()' for some demos, 'help()' for on-line help, or
'help.start()' for an HTML browser interface to help.
Type 'q()' to quit R.
> require("GenomicAlignments") || stop("unable to load GenomicRanges package")
Loading required package: GenomicAlignments
Loading required package: BiocGenerics
Loading required package: parallel
Attaching package: 'BiocGenerics'
The following objects are masked from 'package:parallel':
clusterApply, clusterApplyLB, clusterCall, clusterEvalQ,
clusterExport, clusterMap, parApply, parCapply, parLapply,
parLapplyLB, parRapply, parSapply, parSapplyLB
The following objects are masked from 'package:stats':
IQR, mad, sd, var, xtabs
The following objects are masked from 'package:base':
Filter, Find, Map, Position, Reduce, anyDuplicated, append,
as.data.frame, basename, cbind, colnames, dirname, do.call,
duplicated, eval, evalq, get, grep, grepl, intersect, is.unsorted,
lapply, mapply, match, mget, order, paste, pmax, pmax.int, pmin,
pmin.int, rank, rbind, rownames, sapply, setdiff, sort, table,
tapply, union, unique, unsplit, which, which.max, which.min
Loading required package: S4Vectors
Loading required package: stats4
Attaching package: 'S4Vectors'
The following object is masked from 'package:base':
expand.grid
Loading required package: IRanges
Attaching package: 'IRanges'
The following object is masked from 'package:grDevices':
windows
Loading required package: GenomeInfoDb
Loading required package: GenomicRanges
Loading required package: SummarizedExperiment
Loading required package: Biobase
Welcome to Bioconductor
Vignettes contain introductory material; view with
'browseVignettes()'. To cite Bioconductor, see
'citation("Biobase")', and for packages 'citation("pkgname")'.
Loading required package: DelayedArray
Loading required package: matrixStats
Attaching package: 'matrixStats'
The following objects are masked from 'package:Biobase':
anyMissing, rowMedians
Attaching package: 'DelayedArray'
The following objects are masked from 'package:matrixStats':
colMaxs, colMins, colRanges, rowMaxs, rowMins, rowRanges
The following objects are masked from 'package:base':
aperm, apply, rowsum
Loading required package: Biostrings
Loading required package: XVector
Attaching package: 'Biostrings'
The following object is masked from 'package:base':
strsplit
Loading required package: Rsamtools
[1] TRUE
> GenomicAlignments:::.test()
RUNIT TEST PROTOCOL -- Tue Apr 14 21:50:11 2020
***********************************************
Number of test functions: 42
Number of errors: 0
Number of failures: 0
1 Test Suite :
GenomicAlignments RUnit Tests - 42 test functions, 0 errors, 0 failures
Number of test functions: 42
Number of errors: 0
Number of failures: 0
Warning message:
In .make_GAlignmentPairs_from_GAlignments(gal, strandMode = strandMode, :
4 alignments with ambiguous pairing were dumped.
Use 'getDumpedAlignments()' to retrieve them from the dump environment.
>
> proc.time()
user system elapsed
25.56 0.89 55.64
|
GenomicAlignments.Rcheck/tests_x64/run_unitTests.Rout
R version 4.0.0 alpha (Rtools40) (2020-03-31 r78116) -- "Blame Jeroen"
Copyright (C) 2020 The R Foundation for Statistical Computing
Platform: x86_64-w64-mingw32/x64 (64-bit)
R is free software and comes with ABSOLUTELY NO WARRANTY.
You are welcome to redistribute it under certain conditions.
Type 'license()' or 'licence()' for distribution details.
R is a collaborative project with many contributors.
Type 'contributors()' for more information and
'citation()' on how to cite R or R packages in publications.
Type 'demo()' for some demos, 'help()' for on-line help, or
'help.start()' for an HTML browser interface to help.
Type 'q()' to quit R.
> require("GenomicAlignments") || stop("unable to load GenomicRanges package")
Loading required package: GenomicAlignments
Loading required package: BiocGenerics
Loading required package: parallel
Attaching package: 'BiocGenerics'
The following objects are masked from 'package:parallel':
clusterApply, clusterApplyLB, clusterCall, clusterEvalQ,
clusterExport, clusterMap, parApply, parCapply, parLapply,
parLapplyLB, parRapply, parSapply, parSapplyLB
The following objects are masked from 'package:stats':
IQR, mad, sd, var, xtabs
The following objects are masked from 'package:base':
Filter, Find, Map, Position, Reduce, anyDuplicated, append,
as.data.frame, basename, cbind, colnames, dirname, do.call,
duplicated, eval, evalq, get, grep, grepl, intersect, is.unsorted,
lapply, mapply, match, mget, order, paste, pmax, pmax.int, pmin,
pmin.int, rank, rbind, rownames, sapply, setdiff, sort, table,
tapply, union, unique, unsplit, which, which.max, which.min
Loading required package: S4Vectors
Loading required package: stats4
Attaching package: 'S4Vectors'
The following object is masked from 'package:base':
expand.grid
Loading required package: IRanges
Attaching package: 'IRanges'
The following object is masked from 'package:grDevices':
windows
Loading required package: GenomeInfoDb
Loading required package: GenomicRanges
Loading required package: SummarizedExperiment
Loading required package: Biobase
Welcome to Bioconductor
Vignettes contain introductory material; view with
'browseVignettes()'. To cite Bioconductor, see
'citation("Biobase")', and for packages 'citation("pkgname")'.
Loading required package: DelayedArray
Loading required package: matrixStats
Attaching package: 'matrixStats'
The following objects are masked from 'package:Biobase':
anyMissing, rowMedians
Attaching package: 'DelayedArray'
The following objects are masked from 'package:matrixStats':
colMaxs, colMins, colRanges, rowMaxs, rowMins, rowRanges
The following objects are masked from 'package:base':
aperm, apply, rowsum
Loading required package: Biostrings
Loading required package: XVector
Attaching package: 'Biostrings'
The following object is masked from 'package:base':
strsplit
Loading required package: Rsamtools
[1] TRUE
> GenomicAlignments:::.test()
RUNIT TEST PROTOCOL -- Tue Apr 14 21:51:02 2020
***********************************************
Number of test functions: 42
Number of errors: 0
Number of failures: 0
1 Test Suite :
GenomicAlignments RUnit Tests - 42 test functions, 0 errors, 0 failures
Number of test functions: 42
Number of errors: 0
Number of failures: 0
Warning message:
In .make_GAlignmentPairs_from_GAlignments(gal, strandMode = strandMode, :
4 alignments with ambiguous pairing were dumped.
Use 'getDumpedAlignments()' to retrieve them from the dump environment.
>
> proc.time()
user system elapsed
27.14 0.68 50.01
|
|
GenomicAlignments.Rcheck/examples_i386/GenomicAlignments-Ex.timings
|
GenomicAlignments.Rcheck/examples_x64/GenomicAlignments-Ex.timings
|