| ccTutorial 1.0.17 Joern Toedling
 
 | Snapshot Date: 2011-07-06 11:15:18 -0700 (Wed, 06 Jul 2011) |  | URL: https://hedgehog.fhcrc.org/bioc-data/trunk/experiment/pkgs/ccTutorial |  | Last Changed Rev: 1044 / Revision: 1678 |  | Last Changed Date: 2009-10-13 18:55:23 -0700 (Tue, 13 Oct 2009) | 
 | wilson2 | Linux (openSUSE 11.4) / x86_64 | OK | WARNINGS |  | 
| liverpool | Windows Server 2003 R2 (32-bit) / x64 | [ OK ] | WARNINGS | OK | 
| pitt | Mac OS X Leopard (10.5.8) / i386 | OK | WARNINGS | OK | 
* checking for file 'ccTutorial/DESCRIPTION' ... OK
* preparing 'ccTutorial':
* checking DESCRIPTION meta-information ... OK
* installing the package to re-build vignettes
* creating vignettes ... WARNING
  Unused files in inst/doc which are pointless or misleading
  as they will be re-created from the vignettes on installation:
   ccTutorial.R
   ccTutorialSupplement.R
  have been removed
* checking for LF line-endings in source and make files
* checking for empty or unneeded directories
* looking to see if a 'data/datalist' file should be added
* building 'ccTutorial_1.0.17.tar.gz'