| Back to the "Multiple platform build/check report" | 
| Package 49/122 | Hostname | OS / Arch | BUILD | CHECK | BUILD BIN | ||||
| geneLenDataBase 0.99.9 Matthew Young 
 | lamb2 | Linux (openSUSE 11.4) / x86_64 | OK | [ WARNINGS ] | |||||
| moscato2 | Windows Server 2008 R2 Enterprise SP1 (64-bit) / x64 | OK | WARNINGS | OK | |||||
| petty | Mac OS X Leopard (10.5.8) / i386 | OK | WARNINGS | OK | 
| Package: geneLenDataBase | 
| Version: 0.99.9 | 
| Command: /home/biocbuild/bbs-2.10-bioc/R/bin/R CMD check --no-vignettes --timings geneLenDataBase_0.99.9.tar.gz | 
| StartedAt: 2012-09-23 12:58:01 -0700 (Sun, 23 Sep 2012) | 
| EndedAt: 2012-09-23 13:05:27 -0700 (Sun, 23 Sep 2012) | 
| EllapsedTime: 445.5 seconds | 
| RetCode: 0 | 
| Status: WARNINGS | 
| CheckDir: geneLenDataBase.Rcheck | 
| Warnings: 1 | 
* using log directory ‘/loc/home/biocbuild/bbs-2.10-data-experiment/meat/geneLenDataBase.Rcheck’
* using R version 2.15.1 (2012-06-22)
* using platform: x86_64-unknown-linux-gnu (64-bit)
* using session charset: UTF-8
* using option ‘--no-vignettes’
* checking for file ‘geneLenDataBase/DESCRIPTION’ ... OK
* this is package ‘geneLenDataBase’ version ‘0.99.9’
* checking package namespace information ... OK
* checking package dependencies ... OK
* checking if this is a source package ... OK
* checking if there is a namespace ... OK
* checking whether package ‘geneLenDataBase’ can be installed ... OK
* checking installed package size ... NOTE
  installed size is 100.3Mb
  sub-directories of 1Mb or more:
    data  99.7Mb
* checking package directory ... OK
* checking for portable file names ... OK
* checking for sufficient/correct file permissions ... OK
* checking DESCRIPTION meta-information ... OK
* checking top-level files ... OK
* checking index information ... OK
* checking package subdirectories ... OK
* checking R files for non-ASCII characters ... OK
* checking R files for syntax errors ... OK
* checking whether the package can be loaded ... OK
* checking whether the package can be loaded with stated dependencies ... OK
* checking whether the package can be unloaded cleanly ... OK
* checking whether the namespace can be loaded with stated dependencies ... OK
* checking whether the namespace can be unloaded cleanly ... OK
* checking for unstated dependencies in R code ... OK
* checking S3 generic/method consistency ... OK
* checking replacement functions ... OK
* checking foreign function calls ... OK
* checking R code for possible problems ... OK
* checking Rd files ... OK
* checking Rd metadata ... OK
* checking Rd cross-references ... WARNING
Missing link(s) in documentation object ‘/loc/home/biocbuild/bbs-2.10-data-experiment/meat/geneLenDataBase.Rcheck/00_pkg_src/geneLenDataBase/man/anoCar1.ensGene.LENGTH.Rd’:
  ‘downloadLengthFromUCSC’
Missing link(s) in documentation object ‘/loc/home/biocbuild/bbs-2.10-data-experiment/meat/geneLenDataBase.Rcheck/00_pkg_src/geneLenDataBase/man/anoCar1.genscan.LENGTH.Rd’:
  ‘downloadLengthFromUCSC’
Missing link(s) in documentation object ‘/loc/home/biocbuild/bbs-2.10-data-experiment/meat/geneLenDataBase.Rcheck/00_pkg_src/geneLenDataBase/man/anoCar1.xenoRefGene.LENGTH.Rd’:
  ‘downloadLengthFromUCSC’
Missing link(s) in documentation object ‘/loc/home/biocbuild/bbs-2.10-data-experiment/meat/geneLenDataBase.Rcheck/00_pkg_src/geneLenDataBase/man/anoGam1.ensGene.LENGTH.Rd’:
  ‘downloadLengthFromUCSC’
Missing link(s) in documentation object ‘/loc/home/biocbuild/bbs-2.10-data-experiment/meat/geneLenDataBase.Rcheck/00_pkg_src/geneLenDataBase/man/anoGam1.geneid.LENGTH.Rd’:
  ‘downloadLengthFromUCSC’
Missing link(s) in documentation object ‘/loc/home/biocbuild/bbs-2.10-data-experiment/meat/geneLenDataBase.Rcheck/00_pkg_src/geneLenDataBase/man/anoGam1.genscan.LENGTH.Rd’:
  ‘downloadLengthFromUCSC’
Missing link(s) in documentation object ‘/loc/home/biocbuild/bbs-2.10-data-experiment/meat/geneLenDataBase.Rcheck/00_pkg_src/geneLenDataBase/man/apiMel1.genscan.LENGTH.Rd’:
  ‘downloadLengthFromUCSC’
Missing link(s) in documentation object ‘/loc/home/biocbuild/bbs-2.10-data-experiment/meat/geneLenDataBase.Rcheck/00_pkg_src/geneLenDataBase/man/apiMel2.ensGene.LENGTH.Rd’:
  ‘downloadLengthFromUCSC’
Missing link(s) in documentation object ‘/loc/home/biocbuild/bbs-2.10-data-experiment/meat/geneLenDataBase.Rcheck/00_pkg_src/geneLenDataBase/man/apiMel2.geneid.LENGTH.Rd’:
  ‘downloadLengthFromUCSC’
Missing link(s) in documentation object ‘/loc/home/biocbuild/bbs-2.10-data-experiment/meat/geneLenDataBase.Rcheck/00_pkg_src/geneLenDataBase/man/apiMel2.genscan.LENGTH.Rd’:
  ‘downloadLengthFromUCSC’
Missing link(s) in documentation object ‘/loc/home/biocbuild/bbs-2.10-data-experiment/meat/geneLenDataBase.Rcheck/00_pkg_src/geneLenDataBase/man/aplCal1.xenoRefGene.LENGTH.Rd’:
  ‘downloadLengthFromUCSC’
Missing link(s) in documentation object ‘/loc/home/biocbuild/bbs-2.10-data-experiment/meat/geneLenDataBase.Rcheck/00_pkg_src/geneLenDataBase/man/bosTau2.geneSymbol.LENGTH.Rd’:
  ‘downloadLengthFromUCSC’
Missing link(s) in documentation object ‘/loc/home/biocbuild/bbs-2.10-data-experiment/meat/geneLenDataBase.Rcheck/00_pkg_src/geneLenDataBase/man/bosTau2.geneid.LENGTH.Rd’:
  ‘downloadLengthFromUCSC’
Missing link(s) in documentation object ‘/loc/home/biocbuild/bbs-2.10-data-experiment/meat/geneLenDataBase.Rcheck/00_pkg_src/geneLenDataBase/man/bosTau2.genscan.LENGTH.Rd’:
  ‘downloadLengthFromUCSC’
Missing link(s) in documentation object ‘/loc/home/biocbuild/bbs-2.10-data-experiment/meat/geneLenDataBase.Rcheck/00_pkg_src/geneLenDataBase/man/bosTau2.refGene.LENGTH.Rd’:
  ‘downloadLengthFromUCSC’
Missing link(s) in documentation object ‘/loc/home/biocbuild/bbs-2.10-data-experiment/meat/geneLenDataBase.Rcheck/00_pkg_src/geneLenDataBase/man/bosTau2.sgpGene.LENGTH.Rd’:
  ‘downloadLengthFromUCSC’
Missing link(s) in documentation object ‘/loc/home/biocbuild/bbs-2.10-data-experiment/meat/geneLenDataBase.Rcheck/00_pkg_src/geneLenDataBase/man/bosTau3.ensGene.LENGTH.Rd’:
  ‘downloadLengthFromUCSC’
Missing link(s) in documentation object ‘/loc/home/biocbuild/bbs-2.10-data-experiment/meat/geneLenDataBase.Rcheck/00_pkg_src/geneLenDataBase/man/bosTau3.geneSymbol.LENGTH.Rd’:
  ‘downloadLengthFromUCSC’
Missing link(s) in documentation object ‘/loc/home/biocbuild/bbs-2.10-data-experiment/meat/geneLenDataBase.Rcheck/00_pkg_src/geneLenDataBase/man/bosTau3.geneid.LENGTH.Rd’:
  ‘downloadLengthFromUCSC’
Missing link(s) in documentation object ‘/loc/home/biocbuild/bbs-2.10-data-experiment/meat/geneLenDataBase.Rcheck/00_pkg_src/geneLenDataBase/man/bosTau3.genscan.LENGTH.Rd’:
  ‘downloadLengthFromUCSC’
Missing link(s) in documentation object ‘/loc/home/biocbuild/bbs-2.10-data-experiment/meat/geneLenDataBase.Rcheck/00_pkg_src/geneLenDataBase/man/bosTau3.refGene.LENGTH.Rd’:
  ‘downloadLengthFromUCSC’
Missing link(s) in documentation object ‘/loc/home/biocbuild/bbs-2.10-data-experiment/meat/geneLenDataBase.Rcheck/00_pkg_src/geneLenDataBase/man/bosTau3.sgpGene.LENGTH.Rd’:
  ‘downloadLengthFromUCSC’
Missing link(s) in documentation object ‘/loc/home/biocbuild/bbs-2.10-data-experiment/meat/geneLenDataBase.Rcheck/00_pkg_src/geneLenDataBase/man/bosTau4.ensGene.LENGTH.Rd’:
  ‘downloadLengthFromUCSC’
Missing link(s) in documentation object ‘/loc/home/biocbuild/bbs-2.10-data-experiment/meat/geneLenDataBase.Rcheck/00_pkg_src/geneLenDataBase/man/bosTau4.geneSymbol.LENGTH.Rd’:
  ‘downloadLengthFromUCSC’
Missing link(s) in documentation object ‘/loc/home/biocbuild/bbs-2.10-data-experiment/meat/geneLenDataBase.Rcheck/00_pkg_src/geneLenDataBase/man/bosTau4.genscan.LENGTH.Rd’:
  ‘downloadLengthFromUCSC’
Missing link(s) in documentation object ‘/loc/home/biocbuild/bbs-2.10-data-experiment/meat/geneLenDataBase.Rcheck/00_pkg_src/geneLenDataBase/man/bosTau4.nscanGene.LENGTH.Rd’:
  ‘downloadLengthFromUCSC’
Missing link(s) in documentation object ‘/loc/home/biocbuild/bbs-2.10-data-experiment/meat/geneLenDataBase.Rcheck/00_pkg_src/geneLenDataBase/man/bosTau4.refGene.LENGTH.Rd’:
  ‘downloadLengthFromUCSC’
Missing link(s) in documentation object ‘/loc/home/biocbuild/bbs-2.10-data-experiment/meat/geneLenDataBase.Rcheck/00_pkg_src/geneLenDataBase/man/braFlo1.xenoRefGene.LENGTH.Rd’:
  ‘downloadLengthFromUCSC’
Missing link(s) in documentation object ‘/loc/home/biocbuild/bbs-2.10-data-experiment/meat/geneLenDataBase.Rcheck/00_pkg_src/geneLenDataBase/man/caeJap1.xenoRefGene.LENGTH.Rd’:
  ‘downloadLengthFromUCSC’
Missing link(s) in documentation object ‘/loc/home/biocbuild/bbs-2.10-data-experiment/meat/geneLenDataBase.Rcheck/00_pkg_src/geneLenDataBase/man/caePb1.xenoRefGene.LENGTH.Rd’:
  ‘downloadLengthFromUCSC’
Missing link(s) in documentation object ‘/loc/home/biocbuild/bbs-2.10-data-experiment/meat/geneLenDataBase.Rcheck/00_pkg_src/geneLenDataBase/man/caePb2.xenoRefGene.LENGTH.Rd’:
  ‘downloadLengthFromUCSC’
Missing link(s) in documentation object ‘/loc/home/biocbuild/bbs-2.10-data-experiment/meat/geneLenDataBase.Rcheck/00_pkg_src/geneLenDataBase/man/caeRem2.xenoRefGene.LENGTH.Rd’:
  ‘downloadLengthFromUCSC’
Missing link(s) in documentation object ‘/loc/home/biocbuild/bbs-2.10-data-experiment/meat/geneLenDataBase.Rcheck/00_pkg_src/geneLenDataBase/man/caeRem3.xenoRefGene.LENGTH.Rd’:
  ‘downloadLengthFromUCSC’
Missing link(s) in documentation object ‘/loc/home/biocbuild/bbs-2.10-data-experiment/meat/geneLenDataBase.Rcheck/00_pkg_src/geneLenDataBase/man/calJac1.genscan.LENGTH.Rd’:
  ‘downloadLengthFromUCSC’
Missing link(s) in documentation object ‘/loc/home/biocbuild/bbs-2.10-data-experiment/meat/geneLenDataBase.Rcheck/00_pkg_src/geneLenDataBase/man/calJac1.nscanGene.LENGTH.Rd’:
  ‘downloadLengthFromUCSC’
Missing link(s) in documentation object ‘/loc/home/biocbuild/bbs-2.10-data-experiment/meat/geneLenDataBase.Rcheck/00_pkg_src/geneLenDataBase/man/calJac1.xenoRefGene.LENGTH.Rd’:
  ‘downloadLengthFromUCSC’
Missing link(s) in documentation object ‘/loc/home/biocbuild/bbs-2.10-data-experiment/meat/geneLenDataBase.Rcheck/00_pkg_src/geneLenDataBase/man/canFam1.ensGene.LENGTH.Rd’:
  ‘downloadLengthFromUCSC’
Missing link(s) in documentation object ‘/loc/home/biocbuild/bbs-2.10-data-experiment/meat/geneLenDataBase.Rcheck/00_pkg_src/geneLenDataBase/man/canFam1.geneSymbol.LENGTH.Rd’:
  ‘downloadLengthFromUCSC’
Missing link(s) in documentation object ‘/loc/home/biocbuild/bbs-2.10-data-experiment/meat/geneLenDataBase.Rcheck/00_pkg_src/geneLenDataBase/man/canFam1.genscan.LENGTH.Rd’:
  ‘downloadLengthFromUCSC’
Missing link(s) in documentation object ‘/loc/home/biocbuild/bbs-2.10-data-experiment/meat/geneLenDataBase.Rcheck/00_pkg_src/geneLenDataBase/man/canFam1.nscanGene.LENGTH.Rd’:
  ‘downloadLengthFromUCSC’
Missing link(s) in documentation object ‘/loc/home/biocbuild/bbs-2.10-data-experiment/meat/geneLenDataBase.Rcheck/00_pkg_src/geneLenDataBase/man/canFam1.refGene.LENGTH.Rd’:
  ‘downloadLengthFromUCSC’
Missing link(s) in documentation object ‘/loc/home/biocbuild/bbs-2.10-data-experiment/meat/geneLenDataBase.Rcheck/00_pkg_src/geneLenDataBase/man/canFam1.xenoRefGene.LENGTH.Rd’:
  ‘downloadLengthFromUCSC’
Missing link(s) in documentation object ‘/loc/home/biocbuild/bbs-2.10-data-experiment/meat/geneLenDataBase.Rcheck/00_pkg_src/geneLenDataBase/man/canFam2.ensGene.LENGTH.Rd’:
  ‘downloadLengthFromUCSC’
Missing link(s) in documentation object ‘/loc/home/biocbuild/bbs-2.10-data-experiment/meat/geneLenDataBase.Rcheck/00_pkg_src/geneLenDataBase/man/canFam2.geneSymbol.LENGTH.Rd’:
  ‘downloadLengthFromUCSC’
Missing link(s) in documentation object ‘/loc/home/biocbuild/bbs-2.10-data-experiment/meat/geneLenDataBase.Rcheck/00_pkg_src/geneLenDataBase/man/canFam2.genscan.LENGTH.Rd’:
  ‘downloadLengthFromUCSC’
Missing link(s) in documentation object ‘/loc/home/biocbuild/bbs-2.10-data-experiment/meat/geneLenDataBase.Rcheck/00_pkg_src/geneLenDataBase/man/canFam2.nscanGene.LENGTH.Rd’:
  ‘downloadLengthFromUCSC’
Missing link(s) in documentation object ‘/loc/home/biocbuild/bbs-2.10-data-experiment/meat/geneLenDataBase.Rcheck/00_pkg_src/geneLenDataBase/man/canFam2.refGene.LENGTH.Rd’:
  ‘downloadLengthFromUCSC’
Missing link(s) in documentation object ‘/loc/home/biocbuild/bbs-2.10-data-experiment/meat/geneLenDataBase.Rcheck/00_pkg_src/geneLenDataBase/man/canFam2.xenoRefGene.LENGTH.Rd’:
  ‘downloadLengthFromUCSC’
Missing link(s) in documentation object ‘/loc/home/biocbuild/bbs-2.10-data-experiment/meat/geneLenDataBase.Rcheck/00_pkg_src/geneLenDataBase/man/cavPor3.ensGene.LENGTH.Rd’:
  ‘downloadLengthFromUCSC’
Missing link(s) in documentation object ‘/loc/home/biocbuild/bbs-2.10-data-experiment/meat/geneLenDataBase.Rcheck/00_pkg_src/geneLenDataBase/man/cavPor3.genscan.LENGTH.Rd’:
  ‘downloadLengthFromUCSC’
Missing link(s) in documentation object ‘/loc/home/biocbuild/bbs-2.10-data-experiment/meat/geneLenDataBase.Rcheck/00_pkg_src/geneLenDataBase/man/cavPor3.nscanGene.LENGTH.Rd’:
  ‘downloadLengthFromUCSC’
Missing link(s) in documentation object ‘/loc/home/biocbuild/bbs-2.10-data-experiment/meat/geneLenDataBase.Rcheck/00_pkg_src/geneLenDataBase/man/cavPor3.xenoRefGene.LENGTH.Rd’:
  ‘downloadLengthFromUCSC’
Missing link(s) in documentation object ‘/loc/home/biocbuild/bbs-2.10-data-experiment/meat/geneLenDataBase.Rcheck/00_pkg_src/geneLenDataBase/man/cb1.xenoRefGene.LENGTH.Rd’:
  ‘downloadLengthFromUCSC’
Missing link(s) in documentation object ‘/loc/home/biocbuild/bbs-2.10-data-experiment/meat/geneLenDataBase.Rcheck/00_pkg_src/geneLenDataBase/man/cb3.xenoRefGene.LENGTH.Rd’:
  ‘downloadLengthFromUCSC’
Missing link(s) in documentation object ‘/loc/home/biocbuild/bbs-2.10-data-experiment/meat/geneLenDataBase.Rcheck/00_pkg_src/geneLenDataBase/man/ce2.geneSymbol.LENGTH.Rd’:
  ‘downloadLengthFromUCSC’
Missing link(s) in documentation object ‘/loc/home/biocbuild/bbs-2.10-data-experiment/meat/geneLenDataBase.Rcheck/00_pkg_src/geneLenDataBase/man/ce2.geneid.LENGTH.Rd’:
  ‘downloadLengthFromUCSC’
Missing link(s) in documentation object ‘/loc/home/biocbuild/bbs-2.10-data-experiment/meat/geneLenDataBase.Rcheck/00_pkg_src/geneLenDataBase/man/ce2.refGene.LENGTH.Rd’:
  ‘downloadLengthFromUCSC’
Missing link(s) in documentation object ‘/loc/home/biocbuild/bbs-2.10-data-experiment/meat/geneLenDataBase.Rcheck/00_pkg_src/geneLenDataBase/man/ce4.geneSymbol.LENGTH.Rd’:
  ‘downloadLengthFromUCSC’
Missing link(s) in documentation object ‘/loc/home/biocbuild/bbs-2.10-data-experiment/meat/geneLenDataBase.Rcheck/00_pkg_src/geneLenDataBase/man/ce4.refGene.LENGTH.Rd’:
  ‘downloadLengthFromUCSC’
Missing link(s) in documentation object ‘/loc/home/biocbuild/bbs-2.10-data-experiment/meat/geneLenDataBase.Rcheck/00_pkg_src/geneLenDataBase/man/ce4.xenoRefGene.LENGTH.Rd’:
  ‘downloadLengthFromUCSC’
Missing link(s) in documentation object ‘/loc/home/biocbuild/bbs-2.10-data-experiment/meat/geneLenDataBase.Rcheck/00_pkg_src/geneLenDataBase/man/ce6.ensGene.LENGTH.Rd’:
  ‘downloadLengthFromUCSC’
Missing link(s) in documentation object ‘/loc/home/biocbuild/bbs-2.10-data-experiment/meat/geneLenDataBase.Rcheck/00_pkg_src/geneLenDataBase/man/ce6.geneSymbol.LENGTH.Rd’:
  ‘downloadLengthFromUCSC’
Missing link(s) in documentation object ‘/loc/home/biocbuild/bbs-2.10-data-experiment/meat/geneLenDataBase.Rcheck/00_pkg_src/geneLenDataBase/man/ce6.refGene.LENGTH.Rd’:
  ‘downloadLengthFromUCSC’
Missing link(s) in documentation object ‘/loc/home/biocbuild/bbs-2.10-data-experiment/meat/geneLenDataBase.Rcheck/00_pkg_src/geneLenDataBase/man/ce6.xenoRefGene.LENGTH.Rd’:
  ‘downloadLengthFromUCSC’
Missing link(s) in documentation object ‘/loc/home/biocbuild/bbs-2.10-data-experiment/meat/geneLenDataBase.Rcheck/00_pkg_src/geneLenDataBase/man/ci1.geneSymbol.LENGTH.Rd’:
  ‘downloadLengthFromUCSC’
Missing link(s) in documentation object ‘/loc/home/biocbuild/bbs-2.10-data-experiment/meat/geneLenDataBase.Rcheck/00_pkg_src/geneLenDataBase/man/ci1.refGene.LENGTH.Rd’:
  ‘downloadLengthFromUCSC’
Missing link(s) in documentation object ‘/loc/home/biocbuild/bbs-2.10-data-experiment/meat/geneLenDataBase.Rcheck/00_pkg_src/geneLenDataBase/man/ci1.xenoRefGene.LENGTH.Rd’:
  ‘downloadLengthFromUCSC’
Missing link(s) in documentation object ‘/loc/home/biocbuild/bbs-2.10-data-experiment/meat/geneLenDataBase.Rcheck/00_pkg_src/geneLenDataBase/man/ci2.ensGene.LENGTH.Rd’:
  ‘downloadLengthFromUCSC’
Missing link(s) in documentation object ‘/loc/home/biocbuild/bbs-2.10-data-experiment/meat/geneLenDataBase.Rcheck/00_pkg_src/geneLenDataBase/man/ci2.geneSymbol.LENGTH.Rd’:
  ‘downloadLengthFromUCSC’
Missing link(s) in documentation object ‘/loc/home/biocbuild/bbs-2.10-data-experiment/meat/geneLenDataBase.Rcheck/00_pkg_src/geneLenDataBase/man/ci2.refGene.LENGTH.Rd’:
  ‘downloadLengthFromUCSC’
Missing link(s) in documentation object ‘/loc/home/biocbuild/bbs-2.10-data-experiment/meat/geneLenDataBase.Rcheck/00_pkg_src/geneLenDataBase/man/ci2.xenoRefGene.LENGTH.Rd’:
  ‘downloadLengthFromUCSC’
Missing link(s) in documentation object ‘/loc/home/biocbuild/bbs-2.10-data-experiment/meat/geneLenDataBase.Rcheck/00_pkg_src/geneLenDataBase/man/danRer3.ensGene.LENGTH.Rd’:
  ‘downloadLengthFromUCSC’
Missing link(s) in documentation object ‘/loc/home/biocbuild/bbs-2.10-data-experiment/meat/geneLenDataBase.Rcheck/00_pkg_src/geneLenDataBase/man/danRer3.geneSymbol.LENGTH.Rd’:
  ‘downloadLengthFromUCSC’
Missing link(s) in documentation object ‘/loc/home/biocbuild/bbs-2.10-data-experiment/meat/geneLenDataBase.Rcheck/00_pkg_src/geneLenDataBase/man/danRer3.refGene.LENGTH.Rd’:
  ‘downloadLengthFromUCSC’
Missing link(s) in documentation object ‘/loc/home/biocbuild/bbs-2.10-data-experiment/meat/geneLenDataBase.Rcheck/00_pkg_src/geneLenDataBase/man/danRer4.ensGene.LENGTH.Rd’:
  ‘downloadLengthFromUCSC’
Missing link(s) in documentation object ‘/loc/home/biocbuild/bbs-2.10-data-experiment/meat/geneLenDataBase.Rcheck/00_pkg_src/geneLenDataBase/man/danRer4.geneSymbol.LENGTH.Rd’:
  ‘downloadLengthFromUCSC’
Missing link(s) in documentation object ‘/loc/home/biocbuild/bbs-2.10-data-experiment/meat/geneLenDataBase.Rcheck/00_pkg_src/geneLenDataBase/man/danRer4.genscan.LENGTH.Rd’:
  ‘downloadLengthFromUCSC’
Missing link(s) in documentation object ‘/loc/home/biocbuild/bbs-2.10-data-experiment/meat/geneLenDataBase.Rcheck/00_pkg_src/geneLenDataBase/man/danRer4.nscanGene.LENGTH.Rd’:
  ‘downloadLengthFromUCSC’
Missing link(s) in documentation object ‘/loc/home/biocbuild/bbs-2.10-data-experiment/meat/geneLenDataBase.Rcheck/00_pkg_src/geneLenDataBase/man/danRer4.refGene.LENGTH.Rd’:
  ‘downloadLengthFromUCSC’
Missing link(s) in documentation object ‘/loc/home/biocbuild/bbs-2.10-data-experiment/meat/geneLenDataBase.Rcheck/00_pkg_src/geneLenDataBase/man/danRer5.ensGene.LENGTH.Rd’:
  ‘downloadLengthFromUCSC’
Missing link(s) in documentation object ‘/loc/home/biocbuild/bbs-2.10-data-experiment/meat/geneLenDataBase.Rcheck/00_pkg_src/geneLenDataBase/man/danRer5.geneSymbol.LENGTH.Rd’:
  ‘downloadLengthFromUCSC’
Missing link(s) in documentation object ‘/loc/home/biocbuild/bbs-2.10-data-experiment/meat/geneLenDataBase.Rcheck/00_pkg_src/geneLenDataBase/man/danRer5.refGene.LENGTH.Rd’:
  ‘downloadLengthFromUCSC’
Missing link(s) in documentation object ‘/loc/home/biocbuild/bbs-2.10-data-experiment/meat/geneLenDataBase.Rcheck/00_pkg_src/geneLenDataBase/man/danRer5.vegaGene.LENGTH.Rd’:
  ‘downloadLengthFromUCSC’
Missing link(s) in documentation object ‘/loc/home/biocbuild/bbs-2.10-data-experiment/meat/geneLenDataBase.Rcheck/00_pkg_src/geneLenDataBase/man/danRer5.vegaPseudoGene.LENGTH.Rd’:
  ‘downloadLengthFromUCSC’
Missing link(s) in documentation object ‘/loc/home/biocbuild/bbs-2.10-data-experiment/meat/geneLenDataBase.Rcheck/00_pkg_src/geneLenDataBase/man/danRer6.ensGene.LENGTH.Rd’:
  ‘downloadLengthFromUCSC’
Missing link(s) in documentation object ‘/loc/home/biocbuild/bbs-2.10-data-experiment/meat/geneLenDataBase.Rcheck/00_pkg_src/geneLenDataBase/man/danRer6.geneSymbol.LENGTH.Rd’:
  ‘downloadLengthFromUCSC’
Missing link(s) in documentation object ‘/loc/home/biocbuild/bbs-2.10-data-experiment/meat/geneLenDataBase.Rcheck/00_pkg_src/geneLenDataBase/man/danRer6.refGene.LENGTH.Rd’:
  ‘downloadLengthFromUCSC’
Missing link(s) in documentation object ‘/loc/home/biocbuild/bbs-2.10-data-experiment/meat/geneLenDataBase.Rcheck/00_pkg_src/geneLenDataBase/man/danRer6.xenoRefGene.LENGTH.Rd’:
  ‘downloadLengthFromUCSC’
Missing link(s) in documentation object ‘/loc/home/biocbuild/bbs-2.10-data-experiment/meat/geneLenDataBase.Rcheck/00_pkg_src/geneLenDataBase/man/dm1.geneSymbol.LENGTH.Rd’:
  ‘downloadLengthFromUCSC’
Missing link(s) in documentation object ‘/loc/home/biocbuild/bbs-2.10-data-experiment/meat/geneLenDataBase.Rcheck/00_pkg_src/geneLenDataBase/man/dm1.genscan.LENGTH.Rd’:
  ‘downloadLengthFromUCSC’
Missing link(s) in documentation object ‘/loc/home/biocbuild/bbs-2.10-data-experiment/meat/geneLenDataBase.Rcheck/00_pkg_src/geneLenDataBase/man/dm1.refGene.LENGTH.Rd’:
  ‘downloadLengthFromUCSC’
Missing link(s) in documentation object ‘/loc/home/biocbuild/bbs-2.10-data-experiment/meat/geneLenDataBase.Rcheck/00_pkg_src/geneLenDataBase/man/dm2.geneSymbol.LENGTH.Rd’:
  ‘downloadLengthFromUCSC’
Missing link(s) in documentation object ‘/loc/home/biocbuild/bbs-2.10-data-experiment/meat/geneLenDataBase.Rcheck/00_pkg_src/geneLenDataBase/man/dm2.geneid.LENGTH.Rd’:
  ‘downloadLengthFromUCSC’
Missing link(s) in documentation object ‘/loc/home/biocbuild/bbs-2.10-data-experiment/meat/geneLenDataBase.Rcheck/00_pkg_src/geneLenDataBase/man/dm2.genscan.LENGTH.Rd’:
  ‘downloadLengthFromUCSC’
Missing link(s) in documentation object ‘/loc/home/biocbuild/bbs-2.10-data-experiment/meat/geneLenDataBase.Rcheck/00_pkg_src/geneLenDataBase/man/dm2.nscanGene.LENGTH.Rd’:
  ‘downloadLengthFromUCSC’
Missing link(s) in documentation object ‘/loc/home/biocbuild/bbs-2.10-data-experiment/meat/geneLenDataBase.Rcheck/00_pkg_src/geneLenDataBase/man/dm2.refGene.LENGTH.Rd’:
  ‘downloadLengthFromUCSC’
Missing link(s) in documentation object ‘/loc/home/biocbuild/bbs-2.10-data-experiment/meat/geneLenDataBase.Rcheck/00_pkg_src/geneLenDataBase/man/dm3.geneSymbol.LENGTH.Rd’:
  ‘downloadLengthFromUCSC’
Missing link(s) in documentation object ‘/loc/home/biocbuild/bbs-2.10-data-experiment/meat/geneLenDataBase.Rcheck/00_pkg_src/geneLenDataBase/man/dm3.nscanPasaGene.LENGTH.Rd’:
  ‘downloadLengthFromUCSC’
Missing link(s) in documentation object ‘/loc/home/biocbuild/bbs-2.10-data-experiment/meat/geneLenDataBase.Rcheck/00_pkg_src/geneLenDataBase/man/dm3.refGene.LENGTH.Rd’:
  ‘downloadLengthFromUCSC’
Missing link(s) in documentation object ‘/loc/home/biocbuild/bbs-2.10-data-experiment/meat/geneLenDataBase.Rcheck/00_pkg_src/geneLenDataBase/man/dp2.genscan.LENGTH.Rd’:
  ‘downloadLengthFromUCSC’
Missing link(s) in documentation object ‘/loc/home/biocbuild/bbs-2.10-data-experiment/meat/geneLenDataBase.Rcheck/00_pkg_src/geneLenDataBase/man/dp2.xenoRefGene.LENGTH.Rd’:
  ‘downloadLengthFromUCSC’
Missing link(s) in documentation object ‘/loc/home/biocbuild/bbs-2.10-data-experiment/meat/geneLenDataBase.Rcheck/00_pkg_src/geneLenDataBase/man/dp3.geneid.LENGTH.Rd’:
  ‘downloadLengthFromUCSC’
Missing link(s) in documentation object ‘/loc/home/biocbuild/bbs-2.10-data-experiment/meat/geneLenDataBase.Rcheck/00_pkg_src/geneLenDataBase/man/dp3.genscan.LENGTH.Rd’:
  ‘downloadLengthFromUCSC’
Missing link(s) in documentation object ‘/loc/home/biocbuild/bbs-2.10-data-experiment/meat/geneLenDataBase.Rcheck/00_pkg_src/geneLenDataBase/man/dp3.xenoRefGene.LENGTH.Rd’:
  ‘downloadLengthFromUCSC’
Missing link(s) in documentation object ‘/loc/home/biocbuild/bbs-2.10-data-experiment/meat/geneLenDataBase.Rcheck/00_pkg_src/geneLenDataBase/man/droAna1.geneid.LENGTH.Rd’:
  ‘downloadLengthFromUCSC’
Missing link(s) in documentation object ‘/loc/home/biocbuild/bbs-2.10-data-experiment/meat/geneLenDataBase.Rcheck/00_pkg_src/geneLenDataBase/man/droAna1.genscan.LENGTH.Rd’:
  ‘downloadLengthFromUCSC’
Missing link(s) in documentation object ‘/loc/home/biocbuild/bbs-2.10-data-experiment/meat/geneLenDataBase.Rcheck/00_pkg_src/geneLenDataBase/man/droAna1.xenoRefGene.LENGTH.Rd’:
  ‘downloadLengthFromUCSC’
Missing link(s) in documentation object ‘/loc/home/biocbuild/bbs-2.10-data-experiment/meat/geneLenDataBase.Rcheck/00_pkg_src/geneLenDataBase/man/droAna2.genscan.LENGTH.Rd’:
  ‘downloadLengthFromUCSC’
Missing link(s) in documentation object ‘/loc/home/biocbuild/bbs-2.10-data-experiment/meat/geneLenDataBase.Rcheck/00_pkg_src/geneLenDataBase/man/droAna2.xenoRefGene.LENGTH.Rd’:
  ‘downloadLengthFromUCSC’
Missing link(s) in documentation object ‘/loc/home/biocbuild/bbs-2.10-data-experiment/meat/geneLenDataBase.Rcheck/00_pkg_src/geneLenDataBase/man/droEre1.genscan.LENGTH.Rd’:
  ‘downloadLengthFromUCSC’
Missing link(s) in documentation object ‘/loc/home/biocbuild/bbs-2.10-data-experiment/meat/geneLenDataBase.Rcheck/00_pkg_src/geneLenDataBase/man/droEre1.xenoRefGene.LENGTH.Rd’:
  ‘downloadLengthFromUCSC’
Missing link(s) in documentation object ‘/loc/home/biocbuild/bbs-2.10-data-experiment/meat/geneLenDataBase.Rcheck/00_pkg_src/geneLenDataBase/man/droGri1.genscan.LENGTH.Rd’:
  ‘downloadLengthFromUCSC’
Missing link(s) in documentation object ‘/loc/home/biocbuild/bbs-2.10-data-experiment/meat/geneLenDataBase.Rcheck/00_pkg_src/geneLenDataBase/man/droGri1.xenoRefGene.LENGTH.Rd’:
  ‘downloadLengthFromUCSC’
Missing link(s) in documentation object ‘/loc/home/biocbuild/bbs-2.10-data-experiment/meat/geneLenDataBase.Rcheck/00_pkg_src/geneLenDataBase/man/droMoj1.geneid.LENGTH.Rd’:
  ‘downloadLengthFromUCSC’
Missing link(s) in documentation object ‘/loc/home/biocbuild/bbs-2.10-data-experiment/meat/geneLenDataBase.Rcheck/00_pkg_src/geneLenDataBase/man/droMoj1.genscan.LENGTH.Rd’:
  ‘downloadLengthFromUCSC’
Missing link(s) in documentation object ‘/loc/home/biocbuild/bbs-2.10-data-experiment/meat/geneLenDataBase.Rcheck/00_pkg_src/geneLenDataBase/man/droMoj1.xenoRefGene.LENGTH.Rd’:
  ‘downloadLengthFromUCSC’
Missing link(s) in documentation object ‘/loc/home/biocbuild/bbs-2.10-data-experiment/meat/geneLenDataBase.Rcheck/00_pkg_src/geneLenDataBase/man/droMoj2.genscan.LENGTH.Rd’:
  ‘downloadLengthFromUCSC’
Missing link(s) in documentation object ‘/loc/home/biocbuild/bbs-2.10-data-experiment/meat/geneLenDataBase.Rcheck/00_pkg_src/geneLenDataBase/man/droMoj2.xenoRefGene.LENGTH.Rd’:
  ‘downloadLengthFromUCSC’
Missing link(s) in documentation object ‘/loc/home/biocbuild/bbs-2.10-data-experiment/meat/geneLenDataBase.Rcheck/00_pkg_src/geneLenDataBase/man/droPer1.genscan.LENGTH.Rd’:
  ‘downloadLengthFromUCSC’
Missing link(s) in documentation object ‘/loc/home/biocbuild/bbs-2.10-data-experiment/meat/geneLenDataBase.Rcheck/00_pkg_src/geneLenDataBase/man/droPer1.xenoRefGene.LENGTH.Rd’:
  ‘downloadLengthFromUCSC’
Missing link(s) in documentation object ‘/loc/home/biocbuild/bbs-2.10-data-experiment/meat/geneLenDataBase.Rcheck/00_pkg_src/geneLenDataBase/man/droSec1.genscan.LENGTH.Rd’:
  ‘downloadLengthFromUCSC’
Missing link(s) in documentation object ‘/loc/home/biocbuild/bbs-2.10-data-experiment/meat/geneLenDataBase.Rcheck/00_pkg_src/geneLenDataBase/man/droSec1.xenoRefGene.LENGTH.Rd’:
  ‘downloadLengthFromUCSC’
Missing link(s) in documentation object ‘/loc/home/biocbuild/bbs-2.10-data-experiment/meat/geneLenDataBase.Rcheck/00_pkg_src/geneLenDataBase/man/droSim1.geneid.LENGTH.Rd’:
  ‘downloadLengthFromUCSC’
Missing link(s) in documentation object ‘/loc/home/biocbuild/bbs-2.10-data-experiment/meat/geneLenDataBase.Rcheck/00_pkg_src/geneLenDataBase/man/droSim1.genscan.LENGTH.Rd’:
  ‘downloadLengthFromUCSC’
Missing link(s) in documentation object ‘/loc/home/biocbuild/bbs-2.10-data-experiment/meat/geneLenDataBase.Rcheck/00_pkg_src/geneLenDataBase/man/droSim1.xenoRefGene.LENGTH.Rd’:
  ‘downloadLengthFromUCSC’
Missing link(s) in documentation object ‘/loc/home/biocbuild/bbs-2.10-data-experiment/meat/geneLenDataBase.Rcheck/00_pkg_src/geneLenDataBase/man/droVir1.geneid.LENGTH.Rd’:
  ‘downloadLengthFromUCSC’
Missing link(s) in documentation object ‘/loc/home/biocbuild/bbs-2.10-data-experiment/meat/geneLenDataBase.Rcheck/00_pkg_src/geneLenDataBase/man/droVir1.genscan.LENGTH.Rd’:
  ‘downloadLengthFromUCSC’
Missing link(s) in documentation object ‘/loc/home/biocbuild/bbs-2.10-data-experiment/meat/geneLenDataBase.Rcheck/00_pkg_src/geneLenDataBase/man/droVir1.xenoRefGene.LENGTH.Rd’:
  ‘downloadLengthFromUCSC’
Missing link(s) in documentation object ‘/loc/home/biocbuild/bbs-2.10-data-experiment/meat/geneLenDataBase.Rcheck/00_pkg_src/geneLenDataBase/man/droVir2.genscan.LENGTH.Rd’:
  ‘downloadLengthFromUCSC’
Missing link(s) in documentation object ‘/loc/home/biocbuild/bbs-2.10-data-experiment/meat/geneLenDataBase.Rcheck/00_pkg_src/geneLenDataBase/man/droVir2.xenoRefGene.LENGTH.Rd’:
  ‘downloadLengthFromUCSC’
Missing link(s) in documentation object ‘/loc/home/biocbuild/bbs-2.10-data-experiment/meat/geneLenDataBase.Rcheck/00_pkg_src/geneLenDataBase/man/droYak1.geneid.LENGTH.Rd’:
  ‘downloadLengthFromUCSC’
Missing link(s) in documentation object ‘/loc/home/biocbuild/bbs-2.10-data-experiment/meat/geneLenDataBase.Rcheck/00_pkg_src/geneLenDataBase/man/droYak1.genscan.LENGTH.Rd’:
  ‘downloadLengthFromUCSC’
Missing link(s) in documentation object ‘/loc/home/biocbuild/bbs-2.10-data-experiment/meat/geneLenDataBase.Rcheck/00_pkg_src/geneLenDataBase/man/droYak1.xenoRefGene.LENGTH.Rd’:
  ‘downloadLengthFromUCSC’
Missing link(s) in documentation object ‘/loc/home/biocbuild/bbs-2.10-data-experiment/meat/geneLenDataBase.Rcheck/00_pkg_src/geneLenDataBase/man/droYak2.genscan.LENGTH.Rd’:
  ‘downloadLengthFromUCSC’
Missing link(s) in documentation object ‘/loc/home/biocbuild/bbs-2.10-data-experiment/meat/geneLenDataBase.Rcheck/00_pkg_src/geneLenDataBase/man/droYak2.xenoRefGene.LENGTH.Rd’:
  ‘downloadLengthFromUCSC’
Missing link(s) in documentation object ‘/loc/home/biocbuild/bbs-2.10-data-experiment/meat/geneLenDataBase.Rcheck/00_pkg_src/geneLenDataBase/man/equCab1.geneSymbol.LENGTH.Rd’:
  ‘downloadLengthFromUCSC’
Missing link(s) in documentation object ‘/loc/home/biocbuild/bbs-2.10-data-experiment/meat/geneLenDataBase.Rcheck/00_pkg_src/geneLenDataBase/man/equCab1.geneid.LENGTH.Rd’:
  ‘downloadLengthFromUCSC’
Missing link(s) in documentation object ‘/loc/home/biocbuild/bbs-2.10-data-experiment/meat/geneLenDataBase.Rcheck/00_pkg_src/geneLenDataBase/man/equCab1.nscanGene.LENGTH.Rd’:
  ‘downloadLengthFromUCSC’
Missing link(s) in documentation object ‘/loc/home/biocbuild/bbs-2.10-data-experiment/meat/geneLenDataBase.Rcheck/00_pkg_src/geneLenDataBase/man/equCab1.refGene.LENGTH.Rd’:
  ‘downloadLengthFromUCSC’
Missing link(s) in documentation object ‘/loc/home/biocbuild/bbs-2.10-data-experiment/meat/geneLenDataBase.Rcheck/00_pkg_src/geneLenDataBase/man/equCab1.sgpGene.LENGTH.Rd’:
  ‘downloadLengthFromUCSC’
Missing link(s) in documentation object ‘/loc/home/biocbuild/bbs-2.10-data-experiment/meat/geneLenDataBase.Rcheck/00_pkg_src/geneLenDataBase/man/equCab2.ensGene.LENGTH.Rd’:
  ‘downloadLengthFromUCSC’
Missing link(s) in documentation object ‘/loc/home/biocbuild/bbs-2.10-data-experiment/meat/geneLenDataBase.Rcheck/00_pkg_src/geneLenDataBase/man/equCab2.geneSymbol.LENGTH.Rd’:
  ‘downloadLengthFromUCSC’
Missing link(s) in documentation object ‘/loc/home/biocbuild/bbs-2.10-data-experiment/meat/geneLenDataBase.Rcheck/00_pkg_src/geneLenDataBase/man/equCab2.nscanGene.LENGTH.Rd’:
  ‘downloadLengthFromUCSC’
Missing link(s) in documentation object ‘/loc/home/biocbuild/bbs-2.10-data-experiment/meat/geneLenDataBase.Rcheck/00_pkg_src/geneLenDataBase/man/equCab2.refGene.LENGTH.Rd’:
  ‘downloadLengthFromUCSC’
Missing link(s) in documentation object ‘/loc/home/biocbuild/bbs-2.10-data-experiment/meat/geneLenDataBase.Rcheck/00_pkg_src/geneLenDataBase/man/equCab2.xenoRefGene.LENGTH.Rd’:
  ‘downloadLengthFromUCSC’
Missing link(s) in documentation object ‘/loc/home/biocbuild/bbs-2.10-data-experiment/meat/geneLenDataBase.Rcheck/00_pkg_src/geneLenDataBase/man/felCat3.ensGene.LENGTH.Rd’:
  ‘downloadLengthFromUCSC’
Missing link(s) in documentation object ‘/loc/home/biocbuild/bbs-2.10-data-experiment/meat/geneLenDataBase.Rcheck/00_pkg_src/geneLenDataBase/man/felCat3.geneSymbol.LENGTH.Rd’:
  ‘downloadLengthFromUCSC’
Missing link(s) in documentation object ‘/loc/home/biocbuild/bbs-2.10-data-experiment/meat/geneLenDataBase.Rcheck/00_pkg_src/geneLenDataBase/man/felCat3.geneid.LENGTH.Rd’:
  ‘downloadLengthFromUCSC’
Missing link(s) in documentation object ‘/loc/home/biocbuild/bbs-2.10-data-experiment/meat/geneLenDataBase.Rcheck/00_pkg_src/geneLenDataBase/man/felCat3.genscan.LENGTH.Rd’:
  ‘downloadLengthFromUCSC’
Missing link(s) in documentation object ‘/loc/home/biocbuild/bbs-2.10-data-experiment/meat/geneLenDataBase.Rcheck/00_pkg_src/geneLenDataBase/man/felCat3.nscanGene.LENGTH.Rd’:
  ‘downloadLengthFromUCSC’
Missing link(s) in documentation object ‘/loc/home/biocbuild/bbs-2.10-data-experiment/meat/geneLenDataBase.Rcheck/00_pkg_src/geneLenDataBase/man/felCat3.refGene.LENGTH.Rd’:
  ‘downloadLengthFromUCSC’
Missing link(s) in documentation object ‘/loc/home/biocbuild/bbs-2.10-data-experiment/meat/geneLenDataBase.Rcheck/00_pkg_src/geneLenDataBase/man/felCat3.sgpGene.LENGTH.Rd’:
  ‘downloadLengthFromUCSC’
Missing link(s) in documentation object ‘/loc/home/biocbuild/bbs-2.10-data-experiment/meat/geneLenDataBase.Rcheck/00_pkg_src/geneLenDataBase/man/felCat3.xenoRefGene.LENGTH.Rd’:
  ‘downloadLengthFromUCSC’
Missing link(s) in documentation object ‘/loc/home/biocbuild/bbs-2.10-data-experiment/meat/geneLenDataBase.Rcheck/00_pkg_src/geneLenDataBase/man/fr1.ensGene.LENGTH.Rd’:
  ‘downloadLengthFromUCSC’
Missing link(s) in documentation object ‘/loc/home/biocbuild/bbs-2.10-data-experiment/meat/geneLenDataBase.Rcheck/00_pkg_src/geneLenDataBase/man/fr1.genscan.LENGTH.Rd’:
  ‘downloadLengthFromUCSC’
Missing link(s) in documentation object ‘/loc/home/biocbuild/bbs-2.10-data-experiment/meat/geneLenDataBase.Rcheck/00_pkg_src/geneLenDataBase/man/fr2.ensGene.LENGTH.Rd’:
  ‘downloadLengthFromUCSC’
Missing link(s) in documentation object ‘/loc/home/biocbuild/bbs-2.10-data-experiment/meat/geneLenDataBase.Rcheck/00_pkg_src/geneLenDataBase/man/galGal2.ensGene.LENGTH.Rd’:
  ‘downloadLengthFromUCSC’
Missing link(s) in documentation object ‘/loc/home/biocbuild/bbs-2.10-data-experiment/meat/geneLenDataBase.Rcheck/00_pkg_src/geneLenDataBase/man/galGal2.geneSymbol.LENGTH.Rd’:
  ‘downloadLengthFromUCSC’
Missing link(s) in documentation object ‘/loc/home/biocbuild/bbs-2.10-data-experiment/meat/geneLenDataBase.Rcheck/00_pkg_src/geneLenDataBase/man/galGal2.geneid.LENGTH.Rd’:
  ‘downloadLengthFromUCSC’
Missing link(s) in documentation object ‘/loc/home/biocbuild/bbs-2.10-data-experiment/meat/geneLenDataBase.Rcheck/00_pkg_src/geneLenDataBase/man/galGal2.genscan.LENGTH.Rd’:
  ‘downloadLengthFromUCSC’
Missing link(s) in documentation object ‘/loc/home/biocbuild/bbs-2.10-data-experiment/meat/geneLenDataBase.Rcheck/00_pkg_src/geneLenDataBase/man/galGal2.refGene.LENGTH.Rd’:
  ‘downloadLengthFromUCSC’
Missing link(s) in documentation object ‘/loc/home/biocbuild/bbs-2.10-data-experiment/meat/geneLenDataBase.Rcheck/00_pkg_src/geneLenDataBase/man/galGal2.sgpGene.LENGTH.Rd’:
  ‘downloadLengthFromUCSC’
Missing link(s) in documentation object ‘/loc/home/biocbuild/bbs-2.10-data-experiment/meat/geneLenDataBase.Rcheck/00_pkg_src/geneLenDataBase/man/galGal3.ensGene.LENGTH.Rd’:
  ‘downloadLengthFromUCSC’
Missing link(s) in documentation object ‘/loc/home/biocbuild/bbs-2.10-data-experiment/meat/geneLenDataBase.Rcheck/00_pkg_src/geneLenDataBase/man/galGal3.geneSymbol.LENGTH.Rd’:
  ‘downloadLengthFromUCSC’
Missing link(s) in documentation object ‘/loc/home/biocbuild/bbs-2.10-data-experiment/meat/geneLenDataBase.Rcheck/00_pkg_src/geneLenDataBase/man/galGal3.genscan.LENGTH.Rd’:
  ‘downloadLengthFromUCSC’
Missing link(s) in documentation object ‘/loc/home/biocbuild/bbs-2.10-data-experiment/meat/geneLenDataBase.Rcheck/00_pkg_src/geneLenDataBase/man/galGal3.nscanGene.LENGTH.Rd’:
  ‘downloadLengthFromUCSC’
Missing link(s) in documentation object ‘/loc/home/biocbuild/bbs-2.10-data-experiment/meat/geneLenDataBase.Rcheck/00_pkg_src/geneLenDataBase/man/galGal3.refGene.LENGTH.Rd’:
  ‘downloadLengthFromUCSC’
Missing link(s) in documentation object ‘/loc/home/biocbuild/bbs-2.10-data-experiment/meat/geneLenDataBase.Rcheck/00_pkg_src/geneLenDataBase/man/galGal3.xenoRefGene.LENGTH.Rd’:
  ‘downloadLengthFromUCSC’
Missing link(s) in documentation object ‘/loc/home/biocbuild/bbs-2.10-data-experiment/meat/geneLenDataBase.Rcheck/00_pkg_src/geneLenDataBase/man/gasAcu1.ensGene.LENGTH.Rd’:
  ‘downloadLengthFromUCSC’
Missing link(s) in documentation object ‘/loc/home/biocbuild/bbs-2.10-data-experiment/meat/geneLenDataBase.Rcheck/00_pkg_src/geneLenDataBase/man/gasAcu1.nscanGene.LENGTH.Rd’:
  ‘downloadLengthFromUCSC’
Missing link(s) in documentation object ‘/loc/home/biocbuild/bbs-2.10-data-experiment/meat/geneLenDataBase.Rcheck/00_pkg_src/geneLenDataBase/man/hg16.acembly.LENGTH.Rd’:
  ‘downloadLengthFromUCSC’
Missing link(s) in documentation object ‘/loc/home/biocbuild/bbs-2.10-data-experiment/meat/geneLenDataBase.Rcheck/00_pkg_src/geneLenDataBase/man/hg16.ensGene.LENGTH.Rd’:
  ‘downloadLengthFromUCSC’
Missing link(s) in documentation object ‘/loc/home/biocbuild/bbs-2.10-data-experiment/meat/geneLenDataBase.Rcheck/00_pkg_src/geneLenDataBase/man/hg16.exoniphy.LENGTH.Rd’:
  ‘downloadLengthFromUCSC’
Missing link(s) in documentation object ‘/loc/home/biocbuild/bbs-2.10-data-experiment/meat/geneLenDataBase.Rcheck/00_pkg_src/geneLenDataBase/man/hg16.geneSymbol.LENGTH.Rd’:
  ‘downloadLengthFromUCSC’
Missing link(s) in documentation object ‘/loc/home/biocbuild/bbs-2.10-data-experiment/meat/geneLenDataBase.Rcheck/00_pkg_src/geneLenDataBase/man/hg16.geneid.LENGTH.Rd’:
  ‘downloadLengthFromUCSC’
Missing link(s) in documentation object ‘/loc/home/biocbuild/bbs-2.10-data-experiment/meat/geneLenDataBase.Rcheck/00_pkg_src/geneLenDataBase/man/hg16.genscan.LENGTH.Rd’:
  ‘downloadLengthFromUCSC’
Missing link(s) in documentation object ‘/loc/home/biocbuild/bbs-2.10-data-experiment/meat/geneLenDataBase.Rcheck/00_pkg_src/geneLenDataBase/man/hg16.knownGene.LENGTH.Rd’:
  ‘downloadLengthFromUCSC’
Missing link(s) in documentation object ‘/loc/home/biocbuild/bbs-2.10-data-experiment/meat/geneLenDataBase.Rcheck/00_pkg_src/geneLenDataBase/man/hg16.refGene.LENGTH.Rd’:
  ‘downloadLengthFromUCSC’
Missing link(s) in documentation object ‘/loc/home/biocbuild/bbs-2.10-data-experiment/meat/geneLenDataBase.Rcheck/00_pkg_src/geneLenDataBase/man/hg16.sgpGene.LENGTH.Rd’:
  ‘downloadLengthFromUCSC’
Missing link(s) in documentation object ‘/loc/home/biocbuild/bbs-2.10-data-experiment/meat/geneLenDataBase.Rcheck/00_pkg_src/geneLenDataBase/man/hg17.acembly.LENGTH.Rd’:
  ‘downloadLengthFromUCSC’
Missing link(s) in documentation object ‘/loc/home/biocbuild/bbs-2.10-data-experiment/meat/geneLenDataBase.Rcheck/00_pkg_src/geneLenDataBase/man/hg17.acescan.LENGTH.Rd’:
  ‘downloadLengthFromUCSC’
Missing link(s) in documentation object ‘/loc/home/biocbuild/bbs-2.10-data-experiment/meat/geneLenDataBase.Rcheck/00_pkg_src/geneLenDataBase/man/hg17.ccdsGene.LENGTH.Rd’:
  ‘downloadLengthFromUCSC’
Missing link(s) in documentation object ‘/loc/home/biocbuild/bbs-2.10-data-experiment/meat/geneLenDataBase.Rcheck/00_pkg_src/geneLenDataBase/man/hg17.ensGene.LENGTH.Rd’:
  ‘downloadLengthFromUCSC’
Missing link(s) in documentation object ‘/loc/home/biocbuild/bbs-2.10-data-experiment/meat/geneLenDataBase.Rcheck/00_pkg_src/geneLenDataBase/man/hg17.exoniphy.LENGTH.Rd’:
  ‘downloadLengthFromUCSC’
Missing link(s) in documentation object ‘/loc/home/biocbuild/bbs-2.10-data-experiment/meat/geneLenDataBase.Rcheck/00_pkg_src/geneLenDataBase/man/hg17.geneSymbol.LENGTH.Rd’:
  ‘downloadLengthFromUCSC’
Missing link(s) in documentation object ‘/loc/home/biocbuild/bbs-2.10-data-experiment/meat/geneLenDataBase.Rcheck/00_pkg_src/geneLenDataBase/man/hg17.geneid.LENGTH.Rd’:
  ‘downloadLengthFromUCSC’
Missing link(s) in documentation object ‘/loc/home/biocbuild/bbs-2.10-data-experiment/meat/geneLenDataBase.Rcheck/00_pkg_src/geneLenDataBase/man/hg17.genscan.LENGTH.Rd’:
  ‘downloadLengthFromUCSC’
Missing link(s) in documentation object ‘/loc/home/biocbuild/bbs-2.10-data-experiment/meat/geneLenDataBase.Rcheck/00_pkg_src/geneLenDataBase/man/hg17.knownGene.LENGTH.Rd’:
  ‘downloadLengthFromUCSC’
Missing link(s) in documentation object ‘/loc/home/biocbuild/bbs-2.10-data-experiment/meat/geneLenDataBase.Rcheck/00_pkg_src/geneLenDataBase/man/hg17.refGene.LENGTH.Rd’:
  ‘downloadLengthFromUCSC’
Missing link(s) in documentation object ‘/loc/home/biocbuild/bbs-2.10-data-experiment/meat/geneLenDataBase.Rcheck/00_pkg_src/geneLenDataBase/man/hg17.sgpGene.LENGTH.Rd’:
  ‘downloadLengthFromUCSC’
Missing link(s) in documentation object ‘/loc/home/biocbuild/bbs-2.10-data-experiment/meat/geneLenDataBase.Rcheck/00_pkg_src/geneLenDataBase/man/hg17.vegaGene.LENGTH.Rd’:
  ‘downloadLengthFromUCSC’
Missing link(s) in documentation object ‘/loc/home/biocbuild/bbs-2.10-data-experiment/meat/geneLenDataBase.Rcheck/00_pkg_src/geneLenDataBase/man/hg17.vegaPseudoGene.LENGTH.Rd’:
  ‘downloadLengthFromUCSC’
Missing link(s) in documentation object ‘/loc/home/biocbuild/bbs-2.10-data-experiment/meat/geneLenDataBase.Rcheck/00_pkg_src/geneLenDataBase/man/hg17.xenoRefGene.LENGTH.Rd’:
  ‘downloadLengthFromUCSC’
Missing link(s) in documentation object ‘/loc/home/biocbuild/bbs-2.10-data-experiment/meat/geneLenDataBase.Rcheck/00_pkg_src/geneLenDataBase/man/hg18.acembly.LENGTH.Rd’:
  ‘downloadLengthFromUCSC’
Missing link(s) in documentation object ‘/loc/home/biocbuild/bbs-2.10-data-experiment/meat/geneLenDataBase.Rcheck/00_pkg_src/geneLenDataBase/man/hg18.acescan.LENGTH.Rd’:
  ‘downloadLengthFromUCSC’
Missing link(s) in documentation object ‘/loc/home/biocbuild/bbs-2.10-data-experiment/meat/geneLenDataBase.Rcheck/00_pkg_src/geneLenDataBase/man/hg18.ccdsGene.LENGTH.Rd’:
  ‘downloadLengthFromUCSC’
Missing link(s) in documentation object ‘/loc/home/biocbuild/bbs-2.10-data-experiment/meat/geneLenDataBase.Rcheck/00_pkg_src/geneLenDataBase/man/hg18.ensGene.LENGTH.Rd’:
  ‘downloadLengthFromUCSC’
Missing link(s) in documentation object ‘/loc/home/biocbuild/bbs-2.10-data-experiment/meat/geneLenDataBase.Rcheck/00_pkg_src/geneLenDataBase/man/hg18.exoniphy.LENGTH.Rd’:
  ‘downloadLengthFromUCSC’
Missing link(s) in documentation object ‘/loc/home/biocbuild/bbs-2.10-data-experiment/meat/geneLenDataBase.Rcheck/00_pkg_src/geneLenDataBase/man/hg18.geneSymbol.LENGTH.Rd’:
  ‘downloadLengthFromUCSC’
Missing link(s) in documentation object ‘/loc/home/biocbuild/bbs-2.10-data-experiment/meat/geneLenDataBase.Rcheck/00_pkg_src/geneLenDataBase/man/hg18.geneid.LENGTH.Rd’:
  ‘downloadLengthFromUCSC’
Missing link(s) in documentation object ‘/loc/home/biocbuild/bbs-2.10-data-experiment/meat/geneLenDataBase.Rcheck/00_pkg_src/geneLenDataBase/man/hg18.genscan.LENGTH.Rd’:
  ‘downloadLengthFromUCSC’
Missing link(s) in documentation object ‘/loc/home/biocbuild/bbs-2.10-data-experiment/meat/geneLenDataBase.Rcheck/00_pkg_src/geneLenDataBase/man/hg18.knownGene.LENGTH.Rd’:
  ‘downloadLengthFromUCSC’
Missing link(s) in documentation object ‘/loc/home/biocbuild/bbs-2.10-data-experiment/meat/geneLenDataBase.Rcheck/00_pkg_src/geneLenDataBase/man/hg18.knownGeneOld3.LENGTH.Rd’:
  ‘downloadLengthFromUCSC’
Missing link(s) in documentation object ‘/loc/home/biocbuild/bbs-2.10-data-experiment/meat/geneLenDataBase.Rcheck/00_pkg_src/geneLenDataBase/man/hg18.refGene.LENGTH.Rd’:
  ‘downloadLengthFromUCSC’
Missing link(s) in documentation object ‘/loc/home/biocbuild/bbs-2.10-data-experiment/meat/geneLenDataBase.Rcheck/00_pkg_src/geneLenDataBase/man/hg18.sgpGene.LENGTH.Rd’:
  ‘downloadLengthFromUCSC’
Missing link(s) in documentation object ‘/loc/home/biocbuild/bbs-2.10-data-experiment/meat/geneLenDataBase.Rcheck/00_pkg_src/geneLenDataBase/man/hg18.sibGene.LENGTH.Rd’:
  ‘downloadLengthFromUCSC’
Missing link(s) in documentation object ‘/loc/home/biocbuild/bbs-2.10-data-experiment/meat/geneLenDataBase.Rcheck/00_pkg_src/geneLenDataBase/man/hg18.xenoRefGene.LENGTH.Rd’:
  ‘downloadLengthFromUCSC’
Missing link(s) in documentation object ‘/loc/home/biocbuild/bbs-2.10-data-experiment/meat/geneLenDataBase.Rcheck/00_pkg_src/geneLenDataBase/man/hg19.ccdsGene.LENGTH.Rd’:
  ‘downloadLengthFromUCSC’
Missing link(s) in documentation object ‘/loc/home/biocbuild/bbs-2.10-data-experiment/meat/geneLenDataBase.Rcheck/00_pkg_src/geneLenDataBase/man/hg19.ensGene.LENGTH.Rd’:
  ‘downloadLengthFromUCSC’
Missing link(s) in documentation object ‘/loc/home/biocbuild/bbs-2.10-data-experiment/meat/geneLenDataBase.Rcheck/00_pkg_src/geneLenDataBase/man/hg19.exoniphy.LENGTH.Rd’:
  ‘downloadLengthFromUCSC’
Missing link(s) in documentation object ‘/loc/home/biocbuild/bbs-2.10-data-experiment/meat/geneLenDataBase.Rcheck/00_pkg_src/geneLenDataBase/man/hg19.geneSymbol.LENGTH.Rd’:
  ‘downloadLengthFromUCSC’
Missing link(s) in documentation object ‘/loc/home/biocbuild/bbs-2.10-data-experiment/meat/geneLenDataBase.Rcheck/00_pkg_src/geneLenDataBase/man/hg19.knownGene.LENGTH.Rd’:
  ‘downloadLengthFromUCSC’
Missing link(s) in documentation object ‘/loc/home/biocbuild/bbs-2.10-data-experiment/meat/geneLenDataBase.Rcheck/00_pkg_src/geneLenDataBase/man/hg19.nscanGene.LENGTH.Rd’:
  ‘downloadLengthFromUCSC’
Missing link(s) in documentation object ‘/loc/home/biocbuild/bbs-2.10-data-experiment/meat/geneLenDataBase.Rcheck/00_pkg_src/geneLenDataBase/man/hg19.refGene.LENGTH.Rd’:
  ‘downloadLengthFromUCSC’
Missing link(s) in documentation object ‘/loc/home/biocbuild/bbs-2.10-data-experiment/meat/geneLenDataBase.Rcheck/00_pkg_src/geneLenDataBase/man/hg19.xenoRefGene.LENGTH.Rd’:
  ‘downloadLengthFromUCSC’
Missing link(s) in documentation object ‘/loc/home/biocbuild/bbs-2.10-data-experiment/meat/geneLenDataBase.Rcheck/00_pkg_src/geneLenDataBase/man/loxAfr3.xenoRefGene.LENGTH.Rd’:
  ‘downloadLengthFromUCSC’
Missing link(s) in documentation object ‘/loc/home/biocbuild/bbs-2.10-data-experiment/meat/geneLenDataBase.Rcheck/00_pkg_src/geneLenDataBase/man/mm7.ensGene.LENGTH.Rd’:
  ‘downloadLengthFromUCSC’
Missing link(s) in documentation object ‘/loc/home/biocbuild/bbs-2.10-data-experiment/meat/geneLenDataBase.Rcheck/00_pkg_src/geneLenDataBase/man/mm7.geneSymbol.LENGTH.Rd’:
  ‘downloadLengthFromUCSC’
Missing link(s) in documentation object ‘/loc/home/biocbuild/bbs-2.10-data-experiment/meat/geneLenDataBase.Rcheck/00_pkg_src/geneLenDataBase/man/mm7.geneid.LENGTH.Rd’:
  ‘downloadLengthFromUCSC’
Missing link(s) in documentation object ‘/loc/home/biocbuild/bbs-2.10-data-experiment/meat/geneLenDataBase.Rcheck/00_pkg_src/geneLenDataBase/man/mm7.genscan.LENGTH.Rd’:
  ‘downloadLengthFromUCSC’
Missing link(s) in documentation object ‘/loc/home/biocbuild/bbs-2.10-data-experiment/meat/geneLenDataBase.Rcheck/00_pkg_src/geneLenDataBase/man/mm7.knownGene.LENGTH.Rd’:
  ‘downloadLengthFromUCSC’
Missing link(s) in documentation object ‘/loc/home/biocbuild/bbs-2.10-data-experiment/meat/geneLenDataBase.Rcheck/00_pkg_src/geneLenDataBase/man/mm7.refGene.LENGTH.Rd’:
  ‘downloadLengthFromUCSC’
Missing link(s) in documentation object ‘/loc/home/biocbuild/bbs-2.10-data-experiment/meat/geneLenDataBase.Rcheck/00_pkg_src/geneLenDataBase/man/mm7.sgpGene.LENGTH.Rd’:
  ‘downloadLengthFromUCSC’
Missing link(s) in documentation object ‘/loc/home/biocbuild/bbs-2.10-data-experiment/meat/geneLenDataBase.Rcheck/00_pkg_src/geneLenDataBase/man/mm7.xenoRefGene.LENGTH.Rd’:
  ‘downloadLengthFromUCSC’
Missing link(s) in documentation object ‘/loc/home/biocbuild/bbs-2.10-data-experiment/meat/geneLenDataBase.Rcheck/00_pkg_src/geneLenDataBase/man/mm8.ccdsGene.LENGTH.Rd’:
  ‘downloadLengthFromUCSC’
Missing link(s) in documentation object ‘/loc/home/biocbuild/bbs-2.10-data-experiment/meat/geneLenDataBase.Rcheck/00_pkg_src/geneLenDataBase/man/mm8.ensGene.LENGTH.Rd’:
  ‘downloadLengthFromUCSC’
Missing link(s) in documentation object ‘/loc/home/biocbuild/bbs-2.10-data-experiment/meat/geneLenDataBase.Rcheck/00_pkg_src/geneLenDataBase/man/mm8.geneSymbol.LENGTH.Rd’:
  ‘downloadLengthFromUCSC’
Missing link(s) in documentation object ‘/loc/home/biocbuild/bbs-2.10-data-experiment/meat/geneLenDataBase.Rcheck/00_pkg_src/geneLenDataBase/man/mm8.geneid.LENGTH.Rd’:
  ‘downloadLengthFromUCSC’
Missing link(s) in documentation object ‘/loc/home/biocbuild/bbs-2.10-data-experiment/meat/geneLenDataBase.Rcheck/00_pkg_src/geneLenDataBase/man/mm8.genscan.LENGTH.Rd’:
  ‘downloadLengthFromUCSC’
Missing link(s) in documentation object ‘/loc/home/biocbuild/bbs-2.10-data-experiment/meat/geneLenDataBase.Rcheck/00_pkg_src/geneLenDataBase/man/mm8.knownGene.LENGTH.Rd’:
  ‘downloadLengthFromUCSC’
Missing link(s) in documentation object ‘/loc/home/biocbuild/bbs-2.10-data-experiment/meat/geneLenDataBase.Rcheck/00_pkg_src/geneLenDataBase/man/mm8.nscanGene.LENGTH.Rd’:
  ‘downloadLengthFromUCSC’
Missing link(s) in documentation object ‘/loc/home/biocbuild/bbs-2.10-data-experiment/meat/geneLenDataBase.Rcheck/00_pkg_src/geneLenDataBase/man/mm8.refGene.LENGTH.Rd’:
  ‘downloadLengthFromUCSC’
Missing link(s) in documentation object ‘/loc/home/biocbuild/bbs-2.10-data-experiment/meat/geneLenDataBase.Rcheck/00_pkg_src/geneLenDataBase/man/mm8.sgpGene.LENGTH.Rd’:
  ‘downloadLengthFromUCSC’
Missing link(s) in documentation object ‘/loc/home/biocbuild/bbs-2.10-data-experiment/meat/geneLenDataBase.Rcheck/00_pkg_src/geneLenDataBase/man/mm8.sibGene.LENGTH.Rd’:
  ‘downloadLengthFromUCSC’
Missing link(s) in documentation object ‘/loc/home/biocbuild/bbs-2.10-data-experiment/meat/geneLenDataBase.Rcheck/00_pkg_src/geneLenDataBase/man/mm8.xenoRefGene.LENGTH.Rd’:
  ‘downloadLengthFromUCSC’
Missing link(s) in documentation object ‘/loc/home/biocbuild/bbs-2.10-data-experiment/meat/geneLenDataBase.Rcheck/00_pkg_src/geneLenDataBase/man/mm9.acembly.LENGTH.Rd’:
  ‘downloadLengthFromUCSC’
Missing link(s) in documentation object ‘/loc/home/biocbuild/bbs-2.10-data-experiment/meat/geneLenDataBase.Rcheck/00_pkg_src/geneLenDataBase/man/mm9.ccdsGene.LENGTH.Rd’:
  ‘downloadLengthFromUCSC’
Missing link(s) in documentation object ‘/loc/home/biocbuild/bbs-2.10-data-experiment/meat/geneLenDataBase.Rcheck/00_pkg_src/geneLenDataBase/man/mm9.ensGene.LENGTH.Rd’:
  ‘downloadLengthFromUCSC’
Missing link(s) in documentation object ‘/loc/home/biocbuild/bbs-2.10-data-experiment/meat/geneLenDataBase.Rcheck/00_pkg_src/geneLenDataBase/man/mm9.exoniphy.LENGTH.Rd’:
  ‘downloadLengthFromUCSC’
Missing link(s) in documentation object ‘/loc/home/biocbuild/bbs-2.10-data-experiment/meat/geneLenDataBase.Rcheck/00_pkg_src/geneLenDataBase/man/mm9.geneSymbol.LENGTH.Rd’:
  ‘downloadLengthFromUCSC’
Missing link(s) in documentation object ‘/loc/home/biocbuild/bbs-2.10-data-experiment/meat/geneLenDataBase.Rcheck/00_pkg_src/geneLenDataBase/man/mm9.geneid.LENGTH.Rd’:
  ‘downloadLengthFromUCSC’
Missing link(s) in documentation object ‘/loc/home/biocbuild/bbs-2.10-data-experiment/meat/geneLenDataBase.Rcheck/00_pkg_src/geneLenDataBase/man/mm9.genscan.LENGTH.Rd’:
  ‘downloadLengthFromUCSC’
Missing link(s) in documentation object ‘/loc/home/biocbuild/bbs-2.10-data-experiment/meat/geneLenDataBase.Rcheck/00_pkg_src/geneLenDataBase/man/mm9.knownGene.LENGTH.Rd’:
  ‘downloadLengthFromUCSC’
Missing link(s) in documentation object ‘/loc/home/biocbuild/bbs-2.10-data-experiment/meat/geneLenDataBase.Rcheck/00_pkg_src/geneLenDataBase/man/mm9.nscanGene.LENGTH.Rd’:
  ‘downloadLengthFromUCSC’
Missing link(s) in documentation object ‘/loc/home/biocbuild/bbs-2.10-data-experiment/meat/geneLenDataBase.Rcheck/00_pkg_src/geneLenDataBase/man/mm9.refGene.LENGTH.Rd’:
  ‘downloadLengthFromUCSC’
Missing link(s) in documentation object ‘/loc/home/biocbuild/bbs-2.10-data-experiment/meat/geneLenDataBase.Rcheck/00_pkg_src/geneLenDataBase/man/mm9.sgpGene.LENGTH.Rd’:
  ‘downloadLengthFromUCSC’
Missing link(s) in documentation object ‘/loc/home/biocbuild/bbs-2.10-data-experiment/meat/geneLenDataBase.Rcheck/00_pkg_src/geneLenDataBase/man/mm9.xenoRefGene.LENGTH.Rd’:
  ‘downloadLengthFromUCSC’
Missing link(s) in documentation object ‘/loc/home/biocbuild/bbs-2.10-data-experiment/meat/geneLenDataBase.Rcheck/00_pkg_src/geneLenDataBase/man/monDom1.genscan.LENGTH.Rd’:
  ‘downloadLengthFromUCSC’
Missing link(s) in documentation object ‘/loc/home/biocbuild/bbs-2.10-data-experiment/meat/geneLenDataBase.Rcheck/00_pkg_src/geneLenDataBase/man/monDom4.ensGene.LENGTH.Rd’:
  ‘downloadLengthFromUCSC’
Missing link(s) in documentation object ‘/loc/home/biocbuild/bbs-2.10-data-experiment/meat/geneLenDataBase.Rcheck/00_pkg_src/geneLenDataBase/man/monDom4.geneSymbol.LENGTH.Rd’:
  ‘downloadLengthFromUCSC’
Missing link(s) in documentation object ‘/loc/home/biocbuild/bbs-2.10-data-experiment/meat/geneLenDataBase.Rcheck/00_pkg_src/geneLenDataBase/man/monDom4.genscan.LENGTH.Rd’:
  ‘downloadLengthFromUCSC’
Missing link(s) in documentation object ‘/loc/home/biocbuild/bbs-2.10-data-experiment/meat/geneLenDataBase.Rcheck/00_pkg_src/geneLenDataBase/man/monDom4.nscanGene.LENGTH.Rd’:
  ‘downloadLengthFromUCSC’
Missing link(s) in documentation object ‘/loc/home/biocbuild/bbs-2.10-data-experiment/meat/geneLenDataBase.Rcheck/00_pkg_src/geneLenDataBase/man/monDom4.refGene.LENGTH.Rd’:
  ‘downloadLengthFromUCSC’
Missing link(s) in documentation object ‘/loc/home/biocbuild/bbs-2.10-data-experiment/meat/geneLenDataBase.Rcheck/00_pkg_src/geneLenDataBase/man/monDom4.xenoRefGene.LENGTH.Rd’:
  ‘downloadLengthFromUCSC’
Missing link(s) in documentation object ‘/loc/home/biocbuild/bbs-2.10-data-experiment/meat/geneLenDataBase.Rcheck/00_pkg_src/geneLenDataBase/man/monDom5.ensGene.LENGTH.Rd’:
  ‘downloadLengthFromUCSC’
Missing link(s) in documentation object ‘/loc/home/biocbuild/bbs-2.10-data-experiment/meat/geneLenDataBase.Rcheck/00_pkg_src/geneLenDataBase/man/monDom5.geneSymbol.LENGTH.Rd’:
  ‘downloadLengthFromUCSC’
Missing link(s) in documentation object ‘/loc/home/biocbuild/bbs-2.10-data-experiment/meat/geneLenDataBase.Rcheck/00_pkg_src/geneLenDataBase/man/monDom5.genscan.LENGTH.Rd’:
  ‘downloadLengthFromUCSC’
Missing link(s) in documentation object ‘/loc/home/biocbuild/bbs-2.10-data-experiment/meat/geneLenDataBase.Rcheck/00_pkg_src/geneLenDataBase/man/monDom5.nscanGene.LENGTH.Rd’:
  ‘downloadLengthFromUCSC’
Missing link(s) in documentation object ‘/loc/home/biocbuild/bbs-2.10-data-experiment/meat/geneLenDataBase.Rcheck/00_pkg_src/geneLenDataBase/man/monDom5.refGene.LENGTH.Rd’:
  ‘downloadLengthFromUCSC’
Missing link(s) in documentation object ‘/loc/home/biocbuild/bbs-2.10-data-experiment/meat/geneLenDataBase.Rcheck/00_pkg_src/geneLenDataBase/man/monDom5.xenoRefGene.LENGTH.Rd’:
  ‘downloadLengthFromUCSC’
Missing link(s) in documentation object ‘/loc/home/biocbuild/bbs-2.10-data-experiment/meat/geneLenDataBase.Rcheck/00_pkg_src/geneLenDataBase/man/ornAna1.ensGene.LENGTH.Rd’:
  ‘downloadLengthFromUCSC’
Missing link(s) in documentation object ‘/loc/home/biocbuild/bbs-2.10-data-experiment/meat/geneLenDataBase.Rcheck/00_pkg_src/geneLenDataBase/man/ornAna1.geneSymbol.LENGTH.Rd’:
  ‘downloadLengthFromUCSC’
Missing link(s) in documentation object ‘/loc/home/biocbuild/bbs-2.10-data-experiment/meat/geneLenDataBase.Rcheck/00_pkg_src/geneLenDataBase/man/ornAna1.refGene.LENGTH.Rd’:
  ‘downloadLengthFromUCSC’
Missing link(s) in documentation object ‘/loc/home/biocbuild/bbs-2.10-data-experiment/meat/geneLenDataBase.Rcheck/00_pkg_src/geneLenDataBase/man/ornAna1.xenoRefGene.LENGTH.Rd’:
  ‘downloadLengthFromUCSC’
Missing link(s) in documentation object ‘/loc/home/biocbuild/bbs-2.10-data-experiment/meat/geneLenDataBase.Rcheck/00_pkg_src/geneLenDataBase/man/oryLat2.ensGene.LENGTH.Rd’:
  ‘downloadLengthFromUCSC’
Missing link(s) in documentation object ‘/loc/home/biocbuild/bbs-2.10-data-experiment/meat/geneLenDataBase.Rcheck/00_pkg_src/geneLenDataBase/man/oryLat2.geneSymbol.LENGTH.Rd’:
  ‘downloadLengthFromUCSC’
Missing link(s) in documentation object ‘/loc/home/biocbuild/bbs-2.10-data-experiment/meat/geneLenDataBase.Rcheck/00_pkg_src/geneLenDataBase/man/oryLat2.refGene.LENGTH.Rd’:
  ‘downloadLengthFromUCSC’
Missing link(s) in documentation object ‘/loc/home/biocbuild/bbs-2.10-data-experiment/meat/geneLenDataBase.Rcheck/00_pkg_src/geneLenDataBase/man/oryLat2.xenoRefGene.LENGTH.Rd’:
  ‘downloadLengthFromUCSC’
Missing link(s) in documentation object ‘/loc/home/biocbuild/bbs-2.10-data-experiment/meat/geneLenDataBase.Rcheck/00_pkg_src/geneLenDataBase/man/panTro1.ensGene.LENGTH.Rd’:
  ‘downloadLengthFromUCSC’
Missing link(s) in documentation object ‘/loc/home/biocbuild/bbs-2.10-data-experiment/meat/geneLenDataBase.Rcheck/00_pkg_src/geneLenDataBase/man/panTro1.geneid.LENGTH.Rd’:
  ‘downloadLengthFromUCSC’
Missing link(s) in documentation object ‘/loc/home/biocbuild/bbs-2.10-data-experiment/meat/geneLenDataBase.Rcheck/00_pkg_src/geneLenDataBase/man/panTro1.genscan.LENGTH.Rd’:
  ‘downloadLengthFromUCSC’
Missing link(s) in documentation object ‘/loc/home/biocbuild/bbs-2.10-data-experiment/meat/geneLenDataBase.Rcheck/00_pkg_src/geneLenDataBase/man/panTro1.xenoRefGene.LENGTH.Rd’:
  ‘downloadLengthFromUCSC’
Missing link(s) in documentation object ‘/loc/home/biocbuild/bbs-2.10-data-experiment/meat/geneLenDataBase.Rcheck/00_pkg_src/geneLenDataBase/man/panTro2.ensGene.LENGTH.Rd’:
  ‘downloadLengthFromUCSC’
Missing link(s) in documentation object ‘/loc/home/biocbuild/bbs-2.10-data-experiment/meat/geneLenDataBase.Rcheck/00_pkg_src/geneLenDataBase/man/panTro2.geneSymbol.LENGTH.Rd’:
  ‘downloadLengthFromUCSC’
Missing link(s) in documentation object ‘/loc/home/biocbuild/bbs-2.10-data-experiment/meat/geneLenDataBase.Rcheck/00_pkg_src/geneLenDataBase/man/panTro2.genscan.LENGTH.Rd’:
  ‘downloadLengthFromUCSC’
Missing link(s) in documentation object ‘/loc/home/biocbuild/bbs-2.10-data-experiment/meat/geneLenDataBase.Rcheck/00_pkg_src/geneLenDataBase/man/panTro2.nscanGene.LENGTH.Rd’:
  ‘downloadLengthFromUCSC’
Missing link(s) in documentation object ‘/loc/home/biocbuild/bbs-2.10-data-experiment/meat/geneLenDataBase.Rcheck/00_pkg_src/geneLenDataBase/man/panTro2.refGene.LENGTH.Rd’:
  ‘downloadLengthFromUCSC’
Missing link(s) in documentation object ‘/loc/home/biocbuild/bbs-2.10-data-experiment/meat/geneLenDataBase.Rcheck/00_pkg_src/geneLenDataBase/man/panTro2.xenoRefGene.LENGTH.Rd’:
  ‘downloadLengthFromUCSC’
Missing link(s) in documentation object ‘/loc/home/biocbuild/bbs-2.10-data-experiment/meat/geneLenDataBase.Rcheck/00_pkg_src/geneLenDataBase/man/petMar1.xenoRefGene.LENGTH.Rd’:
  ‘downloadLengthFromUCSC’
Missing link(s) in documentation object ‘/loc/home/biocbuild/bbs-2.10-data-experiment/meat/geneLenDataBase.Rcheck/00_pkg_src/geneLenDataBase/man/ponAbe2.ensGene.LENGTH.Rd’:
  ‘downloadLengthFromUCSC’
Missing link(s) in documentation object ‘/loc/home/biocbuild/bbs-2.10-data-experiment/meat/geneLenDataBase.Rcheck/00_pkg_src/geneLenDataBase/man/ponAbe2.geneSymbol.LENGTH.Rd’:
  ‘downloadLengthFromUCSC’
Missing link(s) in documentation object ‘/loc/home/biocbuild/bbs-2.10-data-experiment/meat/geneLenDataBase.Rcheck/00_pkg_src/geneLenDataBase/man/ponAbe2.genscan.LENGTH.Rd’:
  ‘downloadLengthFromUCSC’
Missing link(s) in documentation object ‘/loc/home/biocbuild/bbs-2.10-data-experiment/meat/geneLenDataBase.Rcheck/00_pkg_src/geneLenDataBase/man/ponAbe2.nscanGene.LENGTH.Rd’:
  ‘downloadLengthFromUCSC’
Missing link(s) in documentation object ‘/loc/home/biocbuild/bbs-2.10-data-experiment/meat/geneLenDataBase.Rcheck/00_pkg_src/geneLenDataBase/man/ponAbe2.refGene.LENGTH.Rd’:
  ‘downloadLengthFromUCSC’
Missing link(s) in documentation object ‘/loc/home/biocbuild/bbs-2.10-data-experiment/meat/geneLenDataBase.Rcheck/00_pkg_src/geneLenDataBase/man/ponAbe2.xenoRefGene.LENGTH.Rd’:
  ‘downloadLengthFromUCSC’
Missing link(s) in documentation object ‘/loc/home/biocbuild/bbs-2.10-data-experiment/meat/geneLenDataBase.Rcheck/00_pkg_src/geneLenDataBase/man/priPac1.xenoRefGene.LENGTH.Rd’:
  ‘downloadLengthFromUCSC’
Missing link(s) in documentation object ‘/loc/home/biocbuild/bbs-2.10-data-experiment/meat/geneLenDataBase.Rcheck/00_pkg_src/geneLenDataBase/man/rheMac2.ensGene.LENGTH.Rd’:
  ‘downloadLengthFromUCSC’
Missing link(s) in documentation object ‘/loc/home/biocbuild/bbs-2.10-data-experiment/meat/geneLenDataBase.Rcheck/00_pkg_src/geneLenDataBase/man/rheMac2.geneSymbol.LENGTH.Rd’:
  ‘downloadLengthFromUCSC’
Missing link(s) in documentation object ‘/loc/home/biocbuild/bbs-2.10-data-experiment/meat/geneLenDataBase.Rcheck/00_pkg_src/geneLenDataBase/man/rheMac2.geneid.LENGTH.Rd’:
  ‘downloadLengthFromUCSC’
Missing link(s) in documentation object ‘/loc/home/biocbuild/bbs-2.10-data-experiment/meat/geneLenDataBase.Rcheck/00_pkg_src/geneLenDataBase/man/rheMac2.nscanGene.LENGTH.Rd’:
  ‘downloadLengthFromUCSC’
Missing link(s) in documentation object ‘/loc/home/biocbuild/bbs-2.10-data-experiment/meat/geneLenDataBase.Rcheck/00_pkg_src/geneLenDataBase/man/rheMac2.refGene.LENGTH.Rd’:
  ‘downloadLengthFromUCSC’
Missing link(s) in documentation object ‘/loc/home/biocbuild/bbs-2.10-data-experiment/meat/geneLenDataBase.Rcheck/00_pkg_src/geneLenDataBase/man/rheMac2.sgpGene.LENGTH.Rd’:
  ‘downloadLengthFromUCSC’
Missing link(s) in documentation object ‘/loc/home/biocbuild/bbs-2.10-data-experiment/meat/geneLenDataBase.Rcheck/00_pkg_src/geneLenDataBase/man/rheMac2.xenoRefGene.LENGTH.Rd’:
  ‘downloadLengthFromUCSC’
Missing link(s) in documentation object ‘/loc/home/biocbuild/bbs-2.10-data-experiment/meat/geneLenDataBase.Rcheck/00_pkg_src/geneLenDataBase/man/rn3.ensGene.LENGTH.Rd’:
  ‘downloadLengthFromUCSC’
Missing link(s) in documentation object ‘/loc/home/biocbuild/bbs-2.10-data-experiment/meat/geneLenDataBase.Rcheck/00_pkg_src/geneLenDataBase/man/rn3.geneSymbol.LENGTH.Rd’:
  ‘downloadLengthFromUCSC’
Missing link(s) in documentation object ‘/loc/home/biocbuild/bbs-2.10-data-experiment/meat/geneLenDataBase.Rcheck/00_pkg_src/geneLenDataBase/man/rn3.geneid.LENGTH.Rd’:
  ‘downloadLengthFromUCSC’
Missing link(s) in documentation object ‘/loc/home/biocbuild/bbs-2.10-data-experiment/meat/geneLenDataBase.Rcheck/00_pkg_src/geneLenDataBase/man/rn3.genscan.LENGTH.Rd’:
  ‘downloadLengthFromUCSC’
Missing link(s) in documentation object ‘/loc/home/biocbuild/bbs-2.10-data-experiment/meat/geneLenDataBase.Rcheck/00_pkg_src/geneLenDataBase/man/rn3.knownGene.LENGTH.Rd’:
  ‘downloadLengthFromUCSC’
Missing link(s) in documentation object ‘/loc/home/biocbuild/bbs-2.10-data-experiment/meat/geneLenDataBase.Rcheck/00_pkg_src/geneLenDataBase/man/rn3.nscanGene.LENGTH.Rd’:
  ‘downloadLengthFromUCSC’
Missing link(s) in documentation object ‘/loc/home/biocbuild/bbs-2.10-data-experiment/meat/geneLenDataBase.Rcheck/00_pkg_src/geneLenDataBase/man/rn3.refGene.LENGTH.Rd’:
  ‘downloadLengthFromUCSC’
Missing link(s) in documentation object ‘/loc/home/biocbuild/bbs-2.10-data-experiment/meat/geneLenDataBase.Rcheck/00_pkg_src/geneLenDataBase/man/rn3.sgpGene.LENGTH.Rd’:
  ‘downloadLengthFromUCSC’
Missing link(s) in documentation object ‘/loc/home/biocbuild/bbs-2.10-data-experiment/meat/geneLenDataBase.Rcheck/00_pkg_src/geneLenDataBase/man/rn3.xenoRefGene.LENGTH.Rd’:
  ‘downloadLengthFromUCSC’
Missing link(s) in documentation object ‘/loc/home/biocbuild/bbs-2.10-data-experiment/meat/geneLenDataBase.Rcheck/00_pkg_src/geneLenDataBase/man/rn4.ensGene.LENGTH.Rd’:
  ‘downloadLengthFromUCSC’
Missing link(s) in documentation object ‘/loc/home/biocbuild/bbs-2.10-data-experiment/meat/geneLenDataBase.Rcheck/00_pkg_src/geneLenDataBase/man/rn4.geneSymbol.LENGTH.Rd’:
  ‘downloadLengthFromUCSC’
Missing link(s) in documentation object ‘/loc/home/biocbuild/bbs-2.10-data-experiment/meat/geneLenDataBase.Rcheck/00_pkg_src/geneLenDataBase/man/rn4.geneid.LENGTH.Rd’:
  ‘downloadLengthFromUCSC’
Missing link(s) in documentation object ‘/loc/home/biocbuild/bbs-2.10-data-experiment/meat/geneLenDataBase.Rcheck/00_pkg_src/geneLenDataBase/man/rn4.genscan.LENGTH.Rd’:
  ‘downloadLengthFromUCSC’
Missing link(s) in documentation object ‘/loc/home/biocbuild/bbs-2.10-data-experiment/meat/geneLenDataBase.Rcheck/00_pkg_src/geneLenDataBase/man/rn4.knownGene.LENGTH.Rd’:
  ‘downloadLengthFromUCSC’
Missing link(s) in documentation object ‘/loc/home/biocbuild/bbs-2.10-data-experiment/meat/geneLenDataBase.Rcheck/00_pkg_src/geneLenDataBase/man/rn4.nscanGene.LENGTH.Rd’:
  ‘downloadLengthFromUCSC’
Missing link(s) in documentation object ‘/loc/home/biocbuild/bbs-2.10-data-experiment/meat/geneLenDataBase.Rcheck/00_pkg_src/geneLenDataBase/man/rn4.refGene.LENGTH.Rd’:
  ‘downloadLengthFromUCSC’
Missing link(s) in documentation object ‘/loc/home/biocbuild/bbs-2.10-data-experiment/meat/geneLenDataBase.Rcheck/00_pkg_src/geneLenDataBase/man/rn4.sgpGene.LENGTH.Rd’:
  ‘downloadLengthFromUCSC’
Missing link(s) in documentation object ‘/loc/home/biocbuild/bbs-2.10-data-experiment/meat/geneLenDataBase.Rcheck/00_pkg_src/geneLenDataBase/man/rn4.xenoRefGene.LENGTH.Rd’:
  ‘downloadLengthFromUCSC’
Missing link(s) in documentation object ‘/loc/home/biocbuild/bbs-2.10-data-experiment/meat/geneLenDataBase.Rcheck/00_pkg_src/geneLenDataBase/man/sacCer1.ensGene.LENGTH.Rd’:
  ‘downloadLengthFromUCSC’
Missing link(s) in documentation object ‘/loc/home/biocbuild/bbs-2.10-data-experiment/meat/geneLenDataBase.Rcheck/00_pkg_src/geneLenDataBase/man/sacCer2.ensGene.LENGTH.Rd’:
  ‘downloadLengthFromUCSC’
Missing link(s) in documentation object ‘/loc/home/biocbuild/bbs-2.10-data-experiment/meat/geneLenDataBase.Rcheck/00_pkg_src/geneLenDataBase/man/strPur1.geneSymbol.LENGTH.Rd’:
  ‘downloadLengthFromUCSC’
Missing link(s) in documentation object ‘/loc/home/biocbuild/bbs-2.10-data-experiment/meat/geneLenDataBase.Rcheck/00_pkg_src/geneLenDataBase/man/strPur1.genscan.LENGTH.Rd’:
  ‘downloadLengthFromUCSC’
Missing link(s) in documentation object ‘/loc/home/biocbuild/bbs-2.10-data-experiment/meat/geneLenDataBase.Rcheck/00_pkg_src/geneLenDataBase/man/strPur1.refGene.LENGTH.Rd’:
  ‘downloadLengthFromUCSC’
Missing link(s) in documentation object ‘/loc/home/biocbuild/bbs-2.10-data-experiment/meat/geneLenDataBase.Rcheck/00_pkg_src/geneLenDataBase/man/strPur1.xenoRefGene.LENGTH.Rd’:
  ‘downloadLengthFromUCSC’
Missing link(s) in documentation object ‘/loc/home/biocbuild/bbs-2.10-data-experiment/meat/geneLenDataBase.Rcheck/00_pkg_src/geneLenDataBase/man/strPur2.geneSymbol.LENGTH.Rd’:
  ‘downloadLengthFromUCSC’
Missing link(s) in documentation object ‘/loc/home/biocbuild/bbs-2.10-data-experiment/meat/geneLenDataBase.Rcheck/00_pkg_src/geneLenDataBase/man/strPur2.genscan.LENGTH.Rd’:
  ‘downloadLengthFromUCSC’
Missing link(s) in documentation object ‘/loc/home/biocbuild/bbs-2.10-data-experiment/meat/geneLenDataBase.Rcheck/00_pkg_src/geneLenDataBase/man/strPur2.refGene.LENGTH.Rd’:
  ‘downloadLengthFromUCSC’
Missing link(s) in documentation object ‘/loc/home/biocbuild/bbs-2.10-data-experiment/meat/geneLenDataBase.Rcheck/00_pkg_src/geneLenDataBase/man/strPur2.xenoRefGene.LENGTH.Rd’:
  ‘downloadLengthFromUCSC’
Missing link(s) in documentation object ‘/loc/home/biocbuild/bbs-2.10-data-experiment/meat/geneLenDataBase.Rcheck/00_pkg_src/geneLenDataBase/man/taeGut1.ensGene.LENGTH.Rd’:
  ‘downloadLengthFromUCSC’
Missing link(s) in documentation object ‘/loc/home/biocbuild/bbs-2.10-data-experiment/meat/geneLenDataBase.Rcheck/00_pkg_src/geneLenDataBase/man/taeGut1.geneSymbol.LENGTH.Rd’:
  ‘downloadLengthFromUCSC’
Missing link(s) in documentation object ‘/loc/home/biocbuild/bbs-2.10-data-experiment/meat/geneLenDataBase.Rcheck/00_pkg_src/geneLenDataBase/man/taeGut1.genscan.LENGTH.Rd’:
  ‘downloadLengthFromUCSC’
Missing link(s) in documentation object ‘/loc/home/biocbuild/bbs-2.10-data-experiment/meat/geneLenDataBase.Rcheck/00_pkg_src/geneLenDataBase/man/taeGut1.nscanGene.LENGTH.Rd’:
  ‘downloadLengthFromUCSC’
Missing link(s) in documentation object ‘/loc/home/biocbuild/bbs-2.10-data-experiment/meat/geneLenDataBase.Rcheck/00_pkg_src/geneLenDataBase/man/taeGut1.refGene.LENGTH.Rd’:
  ‘downloadLengthFromUCSC’
Missing link(s) in documentation object ‘/loc/home/biocbuild/bbs-2.10-data-experiment/meat/geneLenDataBase.Rcheck/00_pkg_src/geneLenDataBase/man/taeGut1.xenoRefGene.LENGTH.Rd’:
  ‘downloadLengthFromUCSC’
Missing link(s) in documentation object ‘/loc/home/biocbuild/bbs-2.10-data-experiment/meat/geneLenDataBase.Rcheck/00_pkg_src/geneLenDataBase/man/tetNig1.ensGene.LENGTH.Rd’:
  ‘downloadLengthFromUCSC’
Missing link(s) in documentation object ‘/loc/home/biocbuild/bbs-2.10-data-experiment/meat/geneLenDataBase.Rcheck/00_pkg_src/geneLenDataBase/man/tetNig1.geneid.LENGTH.Rd’:
  ‘downloadLengthFromUCSC’
Missing link(s) in documentation object ‘/loc/home/biocbuild/bbs-2.10-data-experiment/meat/geneLenDataBase.Rcheck/00_pkg_src/geneLenDataBase/man/tetNig1.genscan.LENGTH.Rd’:
  ‘downloadLengthFromUCSC’
Missing link(s) in documentation object ‘/loc/home/biocbuild/bbs-2.10-data-experiment/meat/geneLenDataBase.Rcheck/00_pkg_src/geneLenDataBase/man/tetNig1.nscanGene.LENGTH.Rd’:
  ‘downloadLengthFromUCSC’
Missing link(s) in documentation object ‘/loc/home/biocbuild/bbs-2.10-data-experiment/meat/geneLenDataBase.Rcheck/00_pkg_src/geneLenDataBase/man/tetNig2.ensGene.LENGTH.Rd’:
  ‘downloadLengthFromUCSC’
Missing link(s) in documentation object ‘/loc/home/biocbuild/bbs-2.10-data-experiment/meat/geneLenDataBase.Rcheck/00_pkg_src/geneLenDataBase/man/xenTro1.genscan.LENGTH.Rd’:
  ‘downloadLengthFromUCSC’
Missing link(s) in documentation object ‘/loc/home/biocbuild/bbs-2.10-data-experiment/meat/geneLenDataBase.Rcheck/00_pkg_src/geneLenDataBase/man/xenTro2.ensGene.LENGTH.Rd’:
  ‘downloadLengthFromUCSC’
Missing link(s) in documentation object ‘/loc/home/biocbuild/bbs-2.10-data-experiment/meat/geneLenDataBase.Rcheck/00_pkg_src/geneLenDataBase/man/xenTro2.geneSymbol.LENGTH.Rd’:
  ‘downloadLengthFromUCSC’
Missing link(s) in documentation object ‘/loc/home/biocbuild/bbs-2.10-data-experiment/meat/geneLenDataBase.Rcheck/00_pkg_src/geneLenDataBase/man/xenTro2.genscan.LENGTH.Rd’:
  ‘downloadLengthFromUCSC’
Missing link(s) in documentation object ‘/loc/home/biocbuild/bbs-2.10-data-experiment/meat/geneLenDataBase.Rcheck/00_pkg_src/geneLenDataBase/man/xenTro2.refGene.LENGTH.Rd’:
  ‘downloadLengthFromUCSC’
See the information in section ‘Cross-references’ of the ‘Writing R
Extensions’ manual.
* checking for missing documentation entries ... OK
* checking for code/documentation mismatches ... OK
* checking Rd \usage sections ... OK
* checking Rd contents ... OK
* checking for unstated dependencies in examples ... OK
* checking contents of ‘data’ directory ... OK
* checking data for non-ASCII characters ... OK
* checking data for ASCII and uncompressed saves ... OK
* checking examples ... OK
* checking PDF version of manual ... OK
WARNING: There was 1 warning.
NOTE: There was 1 note.
See
  ‘/loc/home/biocbuild/bbs-2.10-data-experiment/meat/geneLenDataBase.Rcheck/00check.log’
for details.
geneLenDataBase.Rcheck/00install.out:
* installing *source* package ‘geneLenDataBase’ ... ** R ** data ** preparing package for lazy loading ** help *** installing help indices ** building package indices ** testing if installed package can be loaded * DONE (geneLenDataBase)
geneLenDataBase.Rcheck/geneLenDataBase-Ex.timings:
| name | user | system | elapsed | |
| anoCar1.ensGene.LENGTH | 0.080 | 0.012 | 0.094 | |
| anoCar1.genscan.LENGTH | 0.052 | 0.028 | 0.077 | |
| anoCar1.xenoRefGene.LENGTH | 1.396 | 0.012 | 1.425 | |
| anoGam1.ensGene.LENGTH | 0.548 | 0.028 | 0.574 | |
| anoGam1.geneid.LENGTH | 0.048 | 0.028 | 0.074 | |
| anoGam1.genscan.LENGTH | 0.044 | 0.020 | 0.065 | |
| apiMel1.genscan.LENGTH | 0.040 | 0.016 | 0.055 | |
| apiMel2.ensGene.LENGTH | 0.100 | 0.004 | 0.105 | |
| apiMel2.geneid.LENGTH | 0.064 | 0.012 | 0.076 | |
| apiMel2.genscan.LENGTH | 0.040 | 0.012 | 0.051 | |
| aplCal1.xenoRefGene.LENGTH | 0.504 | 0.000 | 0.522 | |
| bosTau2.geneSymbol.LENGTH | 0.048 | 0.016 | 0.065 | |
| bosTau2.geneid.LENGTH | 0.412 | 0.000 | 0.410 | |
| bosTau2.genscan.LENGTH | 0.548 | 0.016 | 0.565 | |
| bosTau2.refGene.LENGTH | 0.048 | 0.016 | 0.063 | |
| bosTau2.sgpGene.LENGTH | 0.120 | 0.000 | 0.118 | |
| bosTau3.ensGene.LENGTH | 0.136 | 0.012 | 0.148 | |
| bosTau3.geneSymbol.LENGTH | 0.048 | 0.008 | 0.056 | |
| bosTau3.geneid.LENGTH | 0.128 | 0.012 | 0.141 | |
| bosTau3.genscan.LENGTH | 0.152 | 0.012 | 0.161 | |
| bosTau3.refGene.LENGTH | 0.048 | 0.004 | 0.057 | |
| bosTau3.sgpGene.LENGTH | 0.108 | 0.028 | 0.136 | |
| bosTau4.ensGene.LENGTH | 0.144 | 0.016 | 0.158 | |
| bosTau4.geneSymbol.LENGTH | 0.036 | 0.016 | 0.053 | |
| bosTau4.genscan.LENGTH | 0.088 | 0.000 | 0.087 | |
| bosTau4.nscanGene.LENGTH | 0.104 | 0.000 | 0.105 | |
| bosTau4.refGene.LENGTH | 0.036 | 0.016 | 0.054 | |
| braFlo1.xenoRefGene.LENGTH | 1.108 | 0.004 | 1.110 | |
| caeJap1.xenoRefGene.LENGTH | 0.444 | 0.004 | 0.448 | |
| caePb1.xenoRefGene.LENGTH | 0.645 | 0.004 | 0.648 | |
| caePb2.xenoRefGene.LENGTH | 0.608 | 0.004 | 0.609 | |
| caeRem2.xenoRefGene.LENGTH | 0.896 | 0.000 | 0.896 | |
| caeRem3.xenoRefGene.LENGTH | 0.412 | 0.004 | 0.415 | |
| calJac1.genscan.LENGTH | 0.104 | 0.020 | 0.123 | |
| calJac1.nscanGene.LENGTH | 0.116 | 0.000 | 0.117 | |
| calJac1.xenoRefGene.LENGTH | 1.120 | 0.000 | 1.121 | |
| canFam1.ensGene.LENGTH | 0.548 | 0.000 | 0.546 | |
| canFam1.geneSymbol.LENGTH | 0.008 | 0.000 | 0.008 | |
| canFam1.genscan.LENGTH | 0.068 | 0.000 | 0.067 | |
| canFam1.nscanGene.LENGTH | 0.068 | 0.000 | 0.066 | |
| canFam1.refGene.LENGTH | 0.004 | 0.004 | 0.008 | |
| canFam1.xenoRefGene.LENGTH | 0.74 | 0.00 | 0.74 | |
| canFam2.ensGene.LENGTH | 0.232 | 0.020 | 0.252 | |
| canFam2.geneSymbol.LENGTH | 0.008 | 0.000 | 0.009 | |
| canFam2.genscan.LENGTH | 0.072 | 0.000 | 0.070 | |
| canFam2.nscanGene.LENGTH | 0.076 | 0.004 | 0.081 | |
| canFam2.refGene.LENGTH | 0.008 | 0.004 | 0.009 | |
| canFam2.xenoRefGene.LENGTH | 0.872 | 0.004 | 0.875 | |
| cavPor3.ensGene.LENGTH | 0.608 | 0.008 | 0.618 | |
| cavPor3.genscan.LENGTH | 0.096 | 0.004 | 0.100 | |
| cavPor3.nscanGene.LENGTH | 0.068 | 0.008 | 0.078 | |
| cavPor3.xenoRefGene.LENGTH | 0.692 | 0.000 | 0.693 | |
| cb1.xenoRefGene.LENGTH | 0.604 | 0.000 | 0.603 | |
| cb3.xenoRefGene.LENGTH | 0.408 | 0.000 | 0.429 | |
| ce2.geneSymbol.LENGTH | 0.080 | 0.036 | 0.113 | |
| ce2.geneid.LENGTH | 0.140 | 0.000 | 0.139 | |
| ce2.refGene.LENGTH | 0.076 | 0.036 | 0.114 | |
| ce4.geneSymbol.LENGTH | 0.088 | 0.028 | 0.116 | |
| ce4.refGene.LENGTH | 0.088 | 0.016 | 0.106 | |
| ce4.xenoRefGene.LENGTH | 0.084 | 0.000 | 0.087 | |
| ce6.ensGene.LENGTH | 0.252 | 0.012 | 0.266 | |
| ce6.geneSymbol.LENGTH | 0.088 | 0.028 | 0.113 | |
| ce6.refGene.LENGTH | 0.080 | 0.028 | 0.110 | |
| ce6.xenoRefGene.LENGTH | 0.088 | 0.000 | 0.089 | |
| ci1.geneSymbol.LENGTH | 0.008 | 0.000 | 0.009 | |
| ci1.refGene.LENGTH | 0.008 | 0.000 | 0.008 | |
| ci1.xenoRefGene.LENGTH | 0.204 | 0.000 | 0.201 | |
| ci2.ensGene.LENGTH | 0.072 | 0.004 | 0.076 | |
| ci2.geneSymbol.LENGTH | 0.008 | 0.000 | 0.008 | |
| ci2.refGene.LENGTH | 0.008 | 0.000 | 0.007 | |
| ci2.xenoRefGene.LENGTH | 0.412 | 0.000 | 0.411 | |
| danRer3.ensGene.LENGTH | 0.144 | 0.020 | 0.163 | |
| danRer3.geneSymbol.LENGTH | 0.076 | 0.024 | 0.098 | |
| danRer3.refGene.LENGTH | 0.180 | 0.012 | 0.194 | |
| danRer4.ensGene.LENGTH | 0.152 | 0.000 | 0.149 | |
| danRer4.geneSymbol.LENGTH | 0.076 | 0.008 | 0.086 | |
| danRer4.genscan.LENGTH | 0.076 | 0.000 | 0.079 | |
| danRer4.nscanGene.LENGTH | 0.644 | 0.016 | 0.661 | |
| danRer4.refGene.LENGTH | 0.068 | 0.012 | 0.082 | |
| danRer5.ensGene.LENGTH | 0.156 | 0.000 | 0.156 | |
| danRer5.geneSymbol.LENGTH | 0.068 | 0.008 | 0.078 | |
| danRer5.refGene.LENGTH | 0.056 | 0.016 | 0.069 | |
| danRer5.vegaGene.LENGTH | 0.052 | 0.020 | 0.084 | |
| danRer5.vegaPseudoGene.LENGTH | 0.004 | 0.000 | 0.004 | |
| danRer6.ensGene.LENGTH | 0.120 | 0.032 | 0.150 | |
| danRer6.geneSymbol.LENGTH | 0.048 | 0.028 | 0.075 | |
| danRer6.refGene.LENGTH | 0.056 | 0.016 | 0.070 | |
| danRer6.xenoRefGene.LENGTH | 0.680 | 0.004 | 0.684 | |
| dm1.geneSymbol.LENGTH | 0.068 | 0.036 | 0.107 | |
| dm1.genscan.LENGTH | 0.032 | 0.008 | 0.041 | |
| dm1.refGene.LENGTH | 0.084 | 0.016 | 0.098 | |
| dm2.geneSymbol.LENGTH | 0.088 | 0.020 | 0.109 | |
| dm2.geneid.LENGTH | 0.196 | 0.008 | 0.206 | |
| dm2.genscan.LENGTH | 0.024 | 0.020 | 0.045 | |
| dm2.nscanGene.LENGTH | 0.06 | 0.00 | 0.06 | |
| dm2.refGene.LENGTH | 0.088 | 0.020 | 0.108 | |
| dm3.geneSymbol.LENGTH | 0.080 | 0.000 | 0.082 | |
| dm3.nscanPasaGene.LENGTH | 0.076 | 0.016 | 0.095 | |
| dm3.refGene.LENGTH | 0.076 | 0.000 | 0.078 | |
| dp2.genscan.LENGTH | 0.044 | 0.008 | 0.053 | |
| dp2.xenoRefGene.LENGTH | 0.368 | 0.000 | 0.368 | |
| dp3.geneid.LENGTH | 0.072 | 0.004 | 0.076 | |
| dp3.genscan.LENGTH | 0.040 | 0.004 | 0.043 | |
| dp3.xenoRefGene.LENGTH | 0.248 | 0.012 | 0.283 | |
| droAna1.geneid.LENGTH | 0.088 | 0.000 | 0.086 | |
| droAna1.genscan.LENGTH | 0.024 | 0.000 | 0.026 | |
| droAna1.xenoRefGene.LENGTH | 0.760 | 0.012 | 0.774 | |
| droAna2.genscan.LENGTH | 0.044 | 0.008 | 0.051 | |
| droAna2.xenoRefGene.LENGTH | 0.340 | 0.012 | 0.352 | |
| droEre1.genscan.LENGTH | 0.037 | 0.012 | 0.049 | |
| droEre1.xenoRefGene.LENGTH | 0.360 | 0.008 | 0.370 | |
| droGri1.genscan.LENGTH | 0.056 | 0.008 | 0.065 | |
| droGri1.xenoRefGene.LENGTH | 0.376 | 0.004 | 0.378 | |
| droMoj1.geneid.LENGTH | 0.136 | 0.008 | 0.146 | |
| droMoj1.genscan.LENGTH | 0.064 | 0.000 | 0.061 | |
| droMoj1.xenoRefGene.LENGTH | 0.316 | 0.016 | 0.331 | |
| droMoj2.genscan.LENGTH | 0.052 | 0.008 | 0.060 | |
| droMoj2.xenoRefGene.LENGTH | 0.436 | 0.008 | 0.445 | |
| droPer1.genscan.LENGTH | 0.060 | 0.012 | 0.071 | |
| droPer1.xenoRefGene.LENGTH | 0.364 | 0.004 | 0.368 | |
| droSec1.genscan.LENGTH | 0.048 | 0.008 | 0.053 | |
| droSec1.xenoRefGene.LENGTH | 0.444 | 0.000 | 0.445 | |
| droSim1.geneid.LENGTH | 0.052 | 0.020 | 0.069 | |
| droSim1.genscan.LENGTH | 0.036 | 0.004 | 0.042 | |
| droSim1.xenoRefGene.LENGTH | 0.668 | 0.000 | 0.666 | |
| droVir1.geneid.LENGTH | 0.108 | 0.008 | 0.116 | |
| droVir1.genscan.LENGTH | 0.052 | 0.016 | 0.065 | |
| droVir1.xenoRefGene.LENGTH | 0.248 | 0.000 | 0.251 | |
| droVir2.genscan.LENGTH | 0.040 | 0.016 | 0.055 | |
| droVir2.xenoRefGene.LENGTH | 0.364 | 0.008 | 0.369 | |
| droYak1.geneid.LENGTH | 0.044 | 0.032 | 0.078 | |
| droYak1.genscan.LENGTH | 0.040 | 0.008 | 0.051 | |
| droYak1.xenoRefGene.LENGTH | 0.232 | 0.004 | 0.236 | |
| droYak2.genscan.LENGTH | 0.116 | 0.016 | 0.134 | |
| droYak2.xenoRefGene.LENGTH | 0.296 | 0.000 | 0.295 | |
| equCab1.geneSymbol.LENGTH | 0.004 | 0.004 | 0.008 | |
| equCab1.geneid.LENGTH | 0.104 | 0.004 | 0.109 | |
| equCab1.nscanGene.LENGTH | 0.060 | 0.012 | 0.070 | |
| equCab1.refGene.LENGTH | 0.008 | 0.000 | 0.008 | |
| equCab1.sgpGene.LENGTH | 0.072 | 0.012 | 0.084 | |
| equCab2.ensGene.LENGTH | 0.184 | 0.016 | 0.200 | |
| equCab2.geneSymbol.LENGTH | 0.004 | 0.004 | 0.011 | |
| equCab2.nscanGene.LENGTH | 0.080 | 0.012 | 0.092 | |
| equCab2.refGene.LENGTH | 0.008 | 0.004 | 0.011 | |
| equCab2.xenoRefGene.LENGTH | 0.784 | 0.004 | 0.788 | |
| felCat3.ensGene.LENGTH | 0.600 | 0.008 | 0.604 | |
| felCat3.geneSymbol.LENGTH | 0.004 | 0.000 | 0.006 | |
| felCat3.geneid.LENGTH | 1.152 | 0.020 | 1.172 | |
| felCat3.genscan.LENGTH | 0.696 | 0.016 | 0.709 | |
| felCat3.nscanGene.LENGTH | 0.084 | 0.024 | 0.110 | |
| felCat3.refGene.LENGTH | 0.004 | 0.000 | 0.006 | |
| felCat3.sgpGene.LENGTH | 0.148 | 0.000 | 0.147 | |
| felCat3.xenoRefGene.LENGTH | 1.932 | 0.008 | 3.247 | |
| fr1.ensGene.LENGTH | 0.072 | 0.016 | 0.141 | |
| fr1.genscan.LENGTH | 0.064 | 0.000 | 0.065 | |
| fr2.ensGene.LENGTH | 0.212 | 0.004 | 0.217 | |
| galGal2.ensGene.LENGTH | 0.060 | 0.000 | 0.061 | |
| galGal2.geneSymbol.LENGTH | 0.024 | 0.004 | 0.027 | |
| galGal2.geneid.LENGTH | 0.052 | 0.012 | 0.064 | |
| galGal2.genscan.LENGTH | 0.492 | 0.028 | 0.521 | |
| galGal2.refGene.LENGTH | 0.012 | 0.012 | 0.023 | |
| galGal2.sgpGene.LENGTH | 0.056 | 0.024 | 0.078 | |
| galGal3.ensGene.LENGTH | 0.08 | 0.00 | 0.08 | |
| galGal3.geneSymbol.LENGTH | 0.016 | 0.012 | 0.024 | |
| galGal3.genscan.LENGTH | 0.048 | 0.028 | 0.078 | |
| galGal3.nscanGene.LENGTH | 0.068 | 0.004 | 0.071 | |
| galGal3.refGene.LENGTH | 0.020 | 0.004 | 0.024 | |
| galGal3.xenoRefGene.LENGTH | 0.492 | 0.004 | 0.494 | |
| gasAcu1.ensGene.LENGTH | 0.104 | 0.012 | 0.115 | |
| gasAcu1.nscanGene.LENGTH | 0.112 | 0.016 | 0.127 | |
| hg16.acembly.LENGTH | 0.476 | 0.004 | 0.480 | |
| hg16.ensGene.LENGTH | 0.076 | 0.016 | 0.092 | |
| hg16.exoniphy.LENGTH | 0.432 | 0.008 | 0.439 | |
| hg16.geneSymbol.LENGTH | 0.348 | 0.000 | 0.348 | |
| hg16.geneid.LENGTH | 0.076 | 0.008 | 0.086 | |
| hg16.genscan.LENGTH | 0.080 | 0.004 | 0.081 | |
| hg16.knownGene.LENGTH | 0.320 | 0.016 | 0.335 | |
| hg16.refGene.LENGTH | 0.256 | 0.000 | 0.257 | |
| hg16.sgpGene.LENGTH | 0.068 | 0.008 | 0.154 | |
| hg17.acembly.LENGTH | 0.973 | 0.004 | 0.977 | |
| hg17.acescan.LENGTH | 0.012 | 0.004 | 1.152 | |
| hg17.ccdsGene.LENGTH | 0.028 | 0.008 | 0.036 | |
| hg17.ensGene.LENGTH | 0.112 | 0.016 | 0.128 | |
| hg17.exoniphy.LENGTH | 0.736 | 0.000 | 0.737 | |
| hg17.geneSymbol.LENGTH | 0.104 | 0.004 | 0.110 | |
| hg17.geneid.LENGTH | 0.076 | 0.016 | 0.091 | |
| hg17.genscan.LENGTH | 0.548 | 0.000 | 0.548 | |
| hg17.knownGene.LENGTH | 0.104 | 0.012 | 0.119 | |
| hg17.refGene.LENGTH | 0.096 | 0.008 | 0.104 | |
| hg17.sgpGene.LENGTH | 0.076 | 0.016 | 0.092 | |
| hg17.vegaGene.LENGTH | 0.056 | 0.004 | 0.061 | |
| hg17.vegaPseudoGene.LENGTH | 0.016 | 0.012 | 0.026 | |
| hg17.xenoRefGene.LENGTH | 0.24 | 0.00 | 0.24 | |
| hg18.acembly.LENGTH | 0.636 | 0.000 | 0.634 | |
| hg18.acescan.LENGTH | 0.228 | 0.008 | 0.239 | |
| hg18.ccdsGene.LENGTH | 0.040 | 0.016 | 0.056 | |
| hg18.ensGene.LENGTH | 0.228 | 0.000 | 0.228 | |
| hg18.exoniphy.LENGTH | 1.004 | 0.004 | 1.008 | |
| hg18.geneSymbol.LENGTH | 0.108 | 0.004 | 0.110 | |
| hg18.geneid.LENGTH | 0.084 | 0.008 | 0.093 | |
| hg18.genscan.LENGTH | 0.060 | 0.008 | 0.070 | |
| hg18.knownGene.LENGTH | 0.240 | 0.008 | 0.245 | |
| hg18.knownGeneOld3.LENGTH | 0.080 | 0.016 | 0.095 | |
| hg18.refGene.LENGTH | 0.220 | 0.004 | 0.225 | |
| hg18.sgpGene.LENGTH | 0.088 | 0.012 | 0.098 | |
| hg18.sibGene.LENGTH | 0.836 | 0.004 | 0.841 | |
| hg18.xenoRefGene.LENGTH | 0.408 | 0.008 | 0.415 | |
| hg19.ccdsGene.LENGTH | 0.048 | 0.016 | 0.063 | |
| hg19.ensGene.LENGTH | 0.476 | 0.008 | 0.481 | |
| hg19.exoniphy.LENGTH | 0.968 | 0.000 | 0.970 | |
| hg19.geneSymbol.LENGTH | 0.100 | 0.012 | 0.112 | |
| hg19.knownGene.LENGTH | 0.184 | 0.020 | 0.204 | |
| hg19.nscanGene.LENGTH | 0.148 | 0.000 | 0.150 | |
| hg19.refGene.LENGTH | 0.108 | 0.004 | 0.111 | |
| hg19.xenoRefGene.LENGTH | 0.528 | 0.004 | 0.533 | |
| loxAfr3.xenoRefGene.LENGTH | 1.092 | 0.004 | 1.094 | |
| mm7.ensGene.LENGTH | 0.116 | 0.004 | 0.118 | |
| mm7.geneSymbol.LENGTH | 0.092 | 0.000 | 0.091 | |
| mm7.geneid.LENGTH | 0.632 | 0.008 | 0.641 | |
| mm7.genscan.LENGTH | 0.068 | 0.000 | 0.069 | |
| mm7.knownGene.LENGTH | 0.084 | 0.004 | 0.091 | |
| mm7.refGene.LENGTH | 0.080 | 0.000 | 0.082 | |
| mm7.sgpGene.LENGTH | 0.092 | 0.008 | 0.099 | |
| mm7.xenoRefGene.LENGTH | 0.316 | 0.004 | 0.321 | |
| mm8.ccdsGene.LENGTH | 0.028 | 0.004 | 0.035 | |
| mm8.ensGene.LENGTH | 0.084 | 0.000 | 0.086 | |
| mm8.geneSymbol.LENGTH | 0.084 | 0.004 | 0.087 | |
| mm8.geneid.LENGTH | 0.088 | 0.016 | 0.101 | |
| mm8.genscan.LENGTH | 0.060 | 0.004 | 0.065 | |
| mm8.knownGene.LENGTH | 0.208 | 0.004 | 0.210 | |
| mm8.nscanGene.LENGTH | 0.068 | 0.000 | 0.068 | |
| mm8.refGene.LENGTH | 0.088 | 0.000 | 0.085 | |
| mm8.sgpGene.LENGTH | 0.084 | 0.012 | 0.098 | |
| mm8.sibGene.LENGTH | 0.252 | 0.004 | 0.253 | |
| mm8.xenoRefGene.LENGTH | 0.484 | 0.016 | 0.501 | |
| mm9.acembly.LENGTH | 0.580 | 0.004 | 0.584 | |
| mm9.ccdsGene.LENGTH | 0.040 | 0.012 | 0.050 | |
| mm9.ensGene.LENGTH | 0.744 | 0.028 | 0.773 | |
| mm9.exoniphy.LENGTH | 0.424 | 0.000 | 0.424 | |
| mm9.geneSymbol.LENGTH | 0.084 | 0.000 | 0.086 | |
| mm9.geneid.LENGTH | 0.096 | 0.012 | 0.106 | |
| mm9.genscan.LENGTH | 0.064 | 0.004 | 0.070 | |
| mm9.knownGene.LENGTH | 0.204 | 0.028 | 0.237 | |
| mm9.nscanGene.LENGTH | 0.064 | 0.004 | 0.067 | |
| mm9.refGene.LENGTH | 0.084 | 0.000 | 0.085 | |
| mm9.sgpGene.LENGTH | 0.092 | 0.008 | 0.102 | |
| mm9.xenoRefGene.LENGTH | 0.501 | 0.016 | 0.514 | |
| monDom1.genscan.LENGTH | 0.292 | 0.004 | 0.296 | |
| monDom4.ensGene.LENGTH | 0.080 | 0.008 | 0.086 | |
| monDom4.geneSymbol.LENGTH | 0.004 | 0.000 | 0.006 | |
| monDom4.genscan.LENGTH | 0.056 | 0.032 | 0.088 | |
| monDom4.nscanGene.LENGTH | 0.052 | 0.040 | 0.095 | |
| monDom4.refGene.LENGTH | 0.004 | 0.000 | 0.005 | |
| monDom4.xenoRefGene.LENGTH | 0.888 | 0.000 | 0.889 | |
| monDom5.ensGene.LENGTH | 0.112 | 0.000 | 0.109 | |
| monDom5.geneSymbol.LENGTH | 0.004 | 0.000 | 0.006 | |
| monDom5.genscan.LENGTH | 0.056 | 0.000 | 0.056 | |
| monDom5.nscanGene.LENGTH | 0.112 | 0.004 | 0.113 | |
| monDom5.refGene.LENGTH | 0.004 | 0.000 | 0.006 | |
| monDom5.xenoRefGene.LENGTH | 0.724 | 0.004 | 0.728 | |
| ornAna1.ensGene.LENGTH | 0.084 | 0.032 | 0.119 | |
| ornAna1.geneSymbol.LENGTH | 0.004 | 0.000 | 0.004 | |
| ornAna1.refGene.LENGTH | 0.004 | 0.000 | 0.004 | |
| ornAna1.xenoRefGene.LENGTH | 0.736 | 0.000 | 0.735 | |
| oryLat2.ensGene.LENGTH | 0.084 | 0.008 | 0.093 | |
| oryLat2.geneSymbol.LENGTH | 0.008 | 0.000 | 0.006 | |
| oryLat2.refGene.LENGTH | 0.004 | 0.000 | 0.005 | |
| oryLat2.xenoRefGene.LENGTH | 0.620 | 0.004 | 0.626 | |
| panTro1.ensGene.LENGTH | 0.216 | 0.008 | 0.224 | |
| panTro1.geneid.LENGTH | 0.060 | 0.020 | 0.082 | |
| panTro1.genscan.LENGTH | 0.068 | 0.000 | 0.065 | |
| panTro1.xenoRefGene.LENGTH | 0.124 | 0.008 | 0.133 | |
| panTro2.ensGene.LENGTH | 0.116 | 0.008 | 0.122 | |
| panTro2.geneSymbol.LENGTH | 0.212 | 0.008 | 0.221 | |
| panTro2.genscan.LENGTH | 0.068 | 0.000 | 0.069 | |
| panTro2.nscanGene.LENGTH | 0.072 | 0.000 | 0.072 | |
| panTro2.refGene.LENGTH | 0.656 | 0.056 | 0.713 | |
| panTro2.xenoRefGene.LENGTH | 0.532 | 0.000 | 0.548 | |
| petMar1.xenoRefGene.LENGTH | 0.280 | 0.008 | 0.288 | |
| ponAbe2.ensGene.LENGTH | 0.084 | 0.020 | 0.104 | |
| ponAbe2.geneSymbol.LENGTH | 0.012 | 0.008 | 0.020 | |
| ponAbe2.genscan.LENGTH | 0.060 | 0.000 | 0.063 | |
| ponAbe2.nscanGene.LENGTH | 0.064 | 0.000 | 0.064 | |
| ponAbe2.refGene.LENGTH | 0.020 | 0.000 | 0.019 | |
| ponAbe2.xenoRefGene.LENGTH | 0.776 | 0.000 | 0.776 | |
| priPac1.xenoRefGene.LENGTH | 0.4 | 0.0 | 0.4 | |
| rheMac2.ensGene.LENGTH | 0.224 | 0.008 | 0.230 | |
| rheMac2.geneSymbol.LENGTH | 0.008 | 0.000 | 0.008 | |
| rheMac2.geneid.LENGTH | 0.080 | 0.004 | 0.085 | |
| rheMac2.nscanGene.LENGTH | 0.068 | 0.000 | 0.066 | |
| rheMac2.refGene.LENGTH | 0.008 | 0.000 | 0.008 | |
| rheMac2.sgpGene.LENGTH | 0.252 | 0.000 | 0.250 | |
| rheMac2.xenoRefGene.LENGTH | 0.532 | 0.004 | 0.539 | |
| rn3.ensGene.LENGTH | 0.104 | 0.020 | 0.125 | |
| rn3.geneSymbol.LENGTH | 0.160 | 0.028 | 0.191 | |
| rn3.geneid.LENGTH | 0.056 | 0.004 | 0.061 | |
| rn3.genscan.LENGTH | 0.076 | 0.000 | 0.077 | |
| rn3.knownGene.LENGTH | 0.036 | 0.004 | 0.038 | |
| rn3.nscanGene.LENGTH | 0.064 | 0.000 | 0.065 | |
| rn3.refGene.LENGTH | 0.060 | 0.016 | 0.078 | |
| rn3.sgpGene.LENGTH | 0.060 | 0.008 | 0.067 | |
| rn3.xenoRefGene.LENGTH | 1.100 | 0.004 | 1.123 | |
| rn4.ensGene.LENGTH | 0.132 | 0.000 | 0.131 | |
| rn4.geneSymbol.LENGTH | 0.056 | 0.024 | 0.078 | |
| rn4.geneid.LENGTH | 0.092 | 0.020 | 0.114 | |
| rn4.genscan.LENGTH | 0.072 | 0.000 | 0.073 | |
| rn4.knownGene.LENGTH | 0.028 | 0.012 | 0.039 | |
| rn4.nscanGene.LENGTH | 0.072 | 0.024 | 0.094 | |
| rn4.refGene.LENGTH | 0.052 | 0.024 | 0.076 | |
| rn4.sgpGene.LENGTH | 0.096 | 0.008 | 0.103 | |
| rn4.xenoRefGene.LENGTH | 0.484 | 0.004 | 0.503 | |
| sacCer1.ensGene.LENGTH | 0.032 | 0.000 | 0.032 | |
| sacCer2.ensGene.LENGTH | 0.024 | 0.008 | 0.031 | |
| strPur1.geneSymbol.LENGTH | 0.008 | 0.000 | 0.007 | |
| strPur1.genscan.LENGTH | 0.072 | 0.000 | 0.070 | |
| strPur1.refGene.LENGTH | 0.008 | 0.000 | 0.007 | |
| strPur1.xenoRefGene.LENGTH | 0.672 | 0.000 | 0.674 | |
| strPur2.geneSymbol.LENGTH | 0.004 | 0.000 | 0.006 | |
| strPur2.genscan.LENGTH | 0.108 | 0.008 | 0.113 | |
| strPur2.refGene.LENGTH | 0.004 | 0.000 | 0.007 | |
| strPur2.xenoRefGene.LENGTH | 0.940 | 0.000 | 0.939 | |
| supportedGeneIDs | 0.016 | 0.000 | 0.015 | |
| supportedGenomes | 0.092 | 0.016 | 0.240 | |
| taeGut1.ensGene.LENGTH | 0.556 | 0.012 | 0.565 | |
| taeGut1.geneSymbol.LENGTH | 0.004 | 0.000 | 0.004 | |
| taeGut1.genscan.LENGTH | 0.048 | 0.004 | 0.052 | |
| taeGut1.nscanGene.LENGTH | 0.024 | 0.020 | 0.043 | |
| taeGut1.refGene.LENGTH | 0.004 | 0.000 | 0.004 | |
| taeGut1.xenoRefGene.LENGTH | 0.440 | 0.008 | 0.445 | |
| tetNig1.ensGene.LENGTH | 0.084 | 0.024 | 0.107 | |
| tetNig1.geneid.LENGTH | 0.064 | 0.012 | 0.077 | |
| tetNig1.genscan.LENGTH | 0.068 | 0.008 | 0.075 | |
| tetNig1.nscanGene.LENGTH | 0.088 | 0.000 | 0.087 | |
| tetNig2.ensGene.LENGTH | 0.200 | 0.004 | 0.205 | |
| unfactor | 0.008 | 0.000 | 0.005 | |
| xenTro1.genscan.LENGTH | 0.084 | 0.000 | 0.090 | |
| xenTro2.ensGene.LENGTH | 0.096 | 0.012 | 0.108 | |
| xenTro2.geneSymbol.LENGTH | 0.028 | 0.020 | 0.048 | |
| xenTro2.genscan.LENGTH | 0.076 | 0.020 | 0.097 | |
| xenTro2.refGene.LENGTH | 0.040 | 0.008 | 0.046 | |