Back to the "Multiple platform build/check report"
| Package 179/214 | Hostname | OS | Arch | BUILD | CHECK | BUILD BIN | 
| RSNPper1.10.0VJ CareyLast Changed Date: 2007-04-24 11:21:48 -0700 Last Changed Rev: 24214 | lamb1 | Linux (SUSE 10.1) | x86_64 | ERROR | skipped | |
| wellington | Linux (SUSE 9.2) | i686 | ERROR | skipped | ||
| lemming | Windows Server 2003 (32-bit) | x64 | [ ERROR ] | skipped | skipped | 
| Package: RSNPper | 
| Version: 1.10.0 | 
| Command: D:\biocbld\bbs-2.0-bioc\R\bin\R.exe CMD build RSNPper | 
| RetCode: 1 | 
| Time: 17.5 seconds | 
| Status: ERROR | 
| PackageFile: None | 
* checking for file 'RSNPper/DESCRIPTION' ... OK
* preparing 'RSNPper':
* checking DESCRIPTION meta-information ... OK
* installing the package to re-build vignettes
installing R.css in D:/biocbld/bbs-2.0-bioc/tmpdir/Rinst547680770
---------- Making package RSNPper ------------
  adding build stamp to DESCRIPTION
  installing NAMESPACE file and metadata
  installing R files
  installing inst files
  installing man source files
  installing indices
  installing help
 >>> Building/Updating help pages for package 'RSNPper'
     Formats: text html latex example chm 
  SNPperMeta-class                  text    html    latex   example chm
  geneInfo                          text    html    latex   example chm
Microsoft HTML Help Compiler 4.74.8702
Compiling d:\biocbld\bbs-2.0-bioc\meat\RSNPper\chm\RSNPper.chm
Compile time: 0 minutes, 0 seconds
3	Topics
34	Local links
0	Internet links
1	Graphic
Created d:\biocbld\bbs-2.0-bioc\meat\RSNPper\chm\RSNPper.chm, 21,652 bytes
Compression decreased file by 1,558 bytes.
  adding MD5 sums
* DONE (RSNPper)
* creating vignettes ... ERROR
Loading required package: XML
Error: processing vignette 'RSNPper.Rnw' failed with diagnostics:
 chunk 7 (label=SNPinfoDemo) 
Error in FUN(X[[2L]], ...) : no applicable method for "xmlValue"
Execution halted