Back to the "Multiple platform build/check report"
| Package 179/214 | Hostname | OS | Arch | BUILD | CHECK | BUILD BIN |
RSNPper1.10.0VJ CareyLast Changed Date: 2007-04-24 11:21:48 -0700 Last Changed Rev: 24214 | lamb1 | Linux (SUSE 10.1) | x86_64 | [ ERROR ] | skipped | |
| wellington | Linux (SUSE 9.2) | i686 | ERROR | skipped | ||
| lemming | Windows Server 2003 (32-bit) | x64 | ERROR | skipped | skipped |
| Package: RSNPper |
| Version: 1.10.0 |
| Command: /home/biocbuild/bbs-2.0-bioc/R/bin/R CMD build RSNPper |
| RetCode: 1 |
| Time: 16.5 seconds |
| Status: ERROR |
| PackageFile: None |
* checking for file 'RSNPper/DESCRIPTION' ... OK
* preparing 'RSNPper':
* checking DESCRIPTION meta-information ... OK
* installing the package to re-build vignettes
* Installing *source* package 'RSNPper' ...
** R
** inst
** help
>>> Building/Updating help pages for package 'RSNPper'
Formats: text html latex example
SNPperMeta-class text html latex example
geneInfo text html latex example
** building package indices ...
* DONE (RSNPper)
* creating vignettes ... ERROR
Loading required package: XML
Error: processing vignette 'RSNPper.Rnw' failed with diagnostics:
chunk 7 (label=SNPinfoDemo)
Error in FUN(X[[2L]], ...) : no applicable method for "xmlValue"
Execution halted