| Back to Build/check report for BioC 3.23 annotations |
|
This page was generated on 2025-11-26 07:00 -0500 (Wed, 26 Nov 2025).
| Hostname | OS | Arch (*) | R version | Installed pkgs |
|---|---|---|---|---|
| nebbiolo1 | Linux (Ubuntu 24.04.3 LTS) | x86_64 | R Under development (unstable) (2025-10-20 r88955) -- "Unsuffered Consequences" | 4865 |
| Click on any hostname to see more info about the system (e.g. compilers) (*) as reported by 'uname -p', except on Windows and Mac OS X | ||||
| Package 17/49 | Hostname | OS / Arch | INSTALL | BUILD | CHECK | ||||||||
| CTCF 0.99.12 (landing page) Mikhail Dozmorov
| nebbiolo1 | Linux (Ubuntu 24.04.3 LTS) / x86_64 | OK | ERROR | skipped | ||||||||
|
To the developers/maintainers of the CTCF package: - Use the following Renviron settings to reproduce errors and warnings. - If 'R CMD check' started to fail recently on the Linux builder(s) over a missing dependency, add the missing dependency to 'Suggests:' in your DESCRIPTION file. See Renviron.bioc for more information. |
| Package: CTCF |
| Version: 0.99.12 |
| Command: /home/biocbuild/bbs-3.23-bioc/R/bin/R CMD build --keep-empty-dirs --no-resave-data CTCF |
| StartedAt: 2025-11-26 06:01:32 -0500 (Wed, 26 Nov 2025) |
| EndedAt: 2025-11-26 06:02:14 -0500 (Wed, 26 Nov 2025) |
| EllapsedTime: 42.3 seconds |
| RetCode: 1 |
| Status: ERROR |
| PackageFile: None |
| PackageFileSize: NA |
##############################################################################
##############################################################################
###
### Running command:
###
### /home/biocbuild/bbs-3.23-bioc/R/bin/R CMD build --keep-empty-dirs --no-resave-data CTCF
###
##############################################################################
##############################################################################
* checking for file ‘CTCF/DESCRIPTION’ ... OK
* preparing ‘CTCF’:
* checking DESCRIPTION meta-information ... OK
* installing the package (it is needed to build vignettes)
* creating vignettes ... ERROR
--- re-building ‘CTCF.Rmd’ using rmarkdown
Quitting from CTCF.Rmd:184-193 [unnamed-chunk-9]
~~~~~~~~~~~~~~~~~~~~~~~~~~~~~~~~~~~~~~~~~~~~~~~~~~~~~~~~~~~~~~~~~~~~~~~~~~~~~~~~
<error/rlang_error>
Error:
! 'filter' is not an exported object from 'namespace:plyranges'
---
Backtrace:
▆
1. └─CTCF_hg38 %>% plyranges::filter(pvalue < 1e-06)
~~~~~~~~~~~~~~~~~~~~~~~~~~~~~~~~~~~~~~~~~~~~~~~~~~~~~~~~~~~~~~~~~~~~~~~~~~~~~~~~
Error: processing vignette 'CTCF.Rmd' failed with diagnostics:
'filter' is not an exported object from 'namespace:plyranges'
--- failed re-building ‘CTCF.Rmd’
SUMMARY: processing the following file failed:
‘CTCF.Rmd’
Error: Vignette re-building failed.
Execution halted