Back to Multiple platform build/check report for BioC 3.23:   simplified   long
ABCDEFGHIJKLMNOPQRSTUVWXY[Z]

This page was generated on 2025-11-20 11:39 -0500 (Thu, 20 Nov 2025).

HostnameOSArch (*)R versionInstalled pkgs
nebbiolo1Linux (Ubuntu 24.04.3 LTS)x86_64R Under development (unstable) (2025-10-20 r88955) -- "Unsuffered Consequences" 4827
lconwaymacOS 12.7.6 Montereyx86_64R Under development (unstable) (2025-10-21 r88958) -- "Unsuffered Consequences" 4600
kjohnson3macOS 13.7.7 Venturaarm64R Under development (unstable) (2025-11-04 r88984) -- "Unsuffered Consequences" 4564
Click on any hostname to see more info about the system (e.g. compilers)      (*) as reported by 'uname -p', except on Windows and Mac OS X

Package 2324/2325HostnameOS / ArchINSTALLBUILDCHECKBUILD BIN
zitools 1.5.0  (landing page)
Carlotta Meyring
Snapshot Date: 2025-11-19 13:40 -0500 (Wed, 19 Nov 2025)
git_url: https://git.bioconductor.org/packages/zitools
git_branch: devel
git_last_commit: 822919b
git_last_commit_date: 2025-10-29 11:30:43 -0500 (Wed, 29 Oct 2025)
nebbiolo1Linux (Ubuntu 24.04.3 LTS) / x86_64  OK    OK    WARNINGS  UNNEEDED, same version is already published
lconwaymacOS 12.7.6 Monterey / x86_64  OK    OK    WARNINGS    OK  NO, package depends on 'DESeq2' which is only available as a source package that needs compilation
kjohnson3macOS 13.7.7 Ventura / arm64  OK    OK    WARNINGS    OK  NO, package depends on 'DESeq2' which is only available as a source package that needs compilation


CHECK results for zitools on lconway

To the developers/maintainers of the zitools package:
- Allow up to 24 hours (and sometimes 48 hours) for your latest push to git@git.bioconductor.org:packages/zitools.git to reflect on this report. See Troubleshooting Build Report for more information.
- Use the following Renviron settings to reproduce errors and warnings.
- If 'R CMD check' started to fail recently on the Linux builder(s) over a missing dependency, add the missing dependency to 'Suggests:' in your DESCRIPTION file. See Renviron.bioc for more information.

raw results


Summary

Package: zitools
Version: 1.5.0
Command: /Library/Frameworks/R.framework/Resources/bin/R CMD check --install=check:zitools.install-out.txt --library=/Library/Frameworks/R.framework/Resources/library --no-vignettes --timings zitools_1.5.0.tar.gz
StartedAt: 2025-11-20 01:03:14 -0500 (Thu, 20 Nov 2025)
EndedAt: 2025-11-20 01:08:41 -0500 (Thu, 20 Nov 2025)
EllapsedTime: 327.3 seconds
RetCode: 0
Status:   WARNINGS  
CheckDir: zitools.Rcheck
Warnings: 1

Command output

##############################################################################
##############################################################################
###
### Running command:
###
###   /Library/Frameworks/R.framework/Resources/bin/R CMD check --install=check:zitools.install-out.txt --library=/Library/Frameworks/R.framework/Resources/library --no-vignettes --timings zitools_1.5.0.tar.gz
###
##############################################################################
##############################################################################


* using log directory ‘/Users/biocbuild/bbs-3.23-bioc/meat/zitools.Rcheck’
* using R Under development (unstable) (2025-10-21 r88958)
* using platform: x86_64-apple-darwin20
* R was compiled by
    Apple clang version 14.0.0 (clang-1400.0.29.202)
    GNU Fortran (GCC) 14.2.0
* running under: macOS Ventura 13.7.8
* using session charset: UTF-8
* using option ‘--no-vignettes’
* checking for file ‘zitools/DESCRIPTION’ ... OK
* this is package ‘zitools’ version ‘1.5.0’
* package encoding: UTF-8
* checking package namespace information ... OK
* checking package dependencies ... OK
* checking if this is a source package ... OK
* checking if there is a namespace ... OK
* checking for hidden files and directories ... OK
* checking for portable file names ... OK
* checking for sufficient/correct file permissions ... OK
* checking whether package ‘zitools’ can be installed ... OK
* checking installed package size ... OK
* checking package directory ... OK
* checking ‘build’ directory ... OK
* checking DESCRIPTION meta-information ... NOTE
License stub is invalid DCF.
* checking top-level files ... OK
* checking for left-over files ... OK
* checking index information ... OK
* checking package subdirectories ... OK
* checking code files for non-ASCII characters ... OK
* checking R files for syntax errors ... OK
* checking whether the package can be loaded ... OK
* checking whether the package can be loaded with stated dependencies ... OK
* checking whether the package can be unloaded cleanly ... OK
* checking whether the namespace can be loaded with stated dependencies ... OK
* checking whether the namespace can be unloaded cleanly ... OK
* checking dependencies in R code ... OK
* checking S3 generic/method consistency ... OK
* checking replacement functions ... OK
* checking foreign function calls ... OK
* checking R code for possible problems ... NOTE
calcWeights: no visible global function definition for ‘predict’
omit_str_zero: no visible global function definition for ‘predict’
Undefined global functions or variables:
  predict
Consider adding
  importFrom("stats", "predict")
to your NAMESPACE file.
* checking Rd files ... OK
* checking Rd metadata ... OK
* checking Rd cross-references ... OK
* checking for missing documentation entries ... OK
* checking for code/documentation mismatches ... WARNING
Codoc mismatches from Rd file 'rowQuantiles.Rd':
\S4method{rowQuantiles}{Zi}
  Code: function(x, rows = NULL, cols = NULL, probs = seq(from = 0, to
                 = 1, by = 0.25), na.rm = FALSE, type = 7L, digits =
                 7L, ..., useNames = TRUE, drop = TRUE)
  Docs: function(x, rows = NULL, cols = NULL, probs = seq(from = 0, to
                 = 1, by = 0.25), na.rm = TRUE, type = 7L, ...,
                 useNames = TRUE, drop = TRUE)
  Argument names in code not in docs:
    digits
  Mismatches in argument names:
    Position: 7 Code: digits Docs: ...
    Position: 8 Code: ... Docs: useNames
    Position: 9 Code: useNames Docs: drop
  Mismatches in argument default values:
    Name: 'na.rm' Code: FALSE Docs: TRUE
\S4method{colQuantiles}{Zi}
  Code: function(x, rows = NULL, cols = NULL, probs = seq(from = 0, to
                 = 1, by = 0.25), na.rm = FALSE, type = 7L, digits =
                 7L, ..., useNames = TRUE, drop = TRUE)
  Docs: function(x, rows = NULL, cols = NULL, probs = seq(from = 0, to
                 = 1, by = 0.25), na.rm = TRUE, type = 7L, ...,
                 useNames = TRUE, drop = TRUE)
  Argument names in code not in docs:
    digits
  Mismatches in argument names:
    Position: 7 Code: digits Docs: ...
    Position: 8 Code: ... Docs: useNames
    Position: 9 Code: useNames Docs: drop
  Mismatches in argument default values:
    Name: 'na.rm' Code: FALSE Docs: TRUE

* checking Rd \usage sections ... OK
* checking Rd contents ... OK
* checking for unstated dependencies in examples ... OK
* checking contents of ‘data’ directory ... OK
* checking data for non-ASCII characters ... OK
* checking data for ASCII and uncompressed saves ... OK
* checking sizes of PDF files under ‘inst/doc’ ... OK
* checking files in ‘vignettes’ ... OK
* checking examples ... OK
* checking for unstated dependencies in ‘tests’ ... OK
* checking tests ...
  Running ‘testthat.R’
 OK
* checking for unstated dependencies in vignettes ... OK
* checking package vignettes ... OK
* checking running R code from vignettes ... SKIPPED
* checking re-building of vignette outputs ... SKIPPED
* checking PDF version of manual ... OK
* DONE

Status: 1 WARNING, 2 NOTEs
See
  ‘/Users/biocbuild/bbs-3.23-bioc/meat/zitools.Rcheck/00check.log’
for details.


Installation output

zitools.Rcheck/00install.out

##############################################################################
##############################################################################
###
### Running command:
###
###   /Library/Frameworks/R.framework/Resources/bin/R CMD INSTALL zitools
###
##############################################################################
##############################################################################


* installing to library ‘/Library/Frameworks/R.framework/Versions/4.6-x86_64/Resources/library’
* installing *source* package ‘zitools’ ...
** this is package ‘zitools’ version ‘1.5.0’
** using staged installation
** R
** data
** byte-compile and prepare package for lazy loading
Creating a new generic function for ‘weights’ in package ‘zitools’
Creating a new generic function for ‘weightedSd’ in package ‘zitools’
Creating a generic function for ‘cov’ from package ‘stats’ in package ‘zitools’
** help
*** installing help indices
** building package indices
** installing vignettes
** testing if installed package can be loaded from temporary location
** testing if installed package can be loaded from final location
** testing if installed package keeps a record of temporary installation path
* DONE (zitools)

Tests output

zitools.Rcheck/tests/testthat.Rout


R Under development (unstable) (2025-10-21 r88958) -- "Unsuffered Consequences"
Copyright (C) 2025 The R Foundation for Statistical Computing
Platform: x86_64-apple-darwin20

R is free software and comes with ABSOLUTELY NO WARRANTY.
You are welcome to redistribute it under certain conditions.
Type 'license()' or 'licence()' for distribution details.

R is a collaborative project with many contributors.
Type 'contributors()' for more information and
'citation()' on how to cite R or R packages in publications.

Type 'demo()' for some demos, 'help()' for on-line help, or
'help.start()' for an HTML browser interface to help.
Type 'q()' to quit R.

> library(testthat)
> library(zitools)

Attaching package: 'zitools'

The following objects are masked from 'package:stats':

    heatmap, weights

> 
> test_check("zitools")
[ FAIL 0 | WARN 0 | SKIP 0 | PASS 9 ]
> 
> 
> proc.time()
   user  system elapsed 
 19.663   2.997  22.678 

Example timings

zitools.Rcheck/zitools-Ex.timings

nameusersystemelapsed
MissingValueHeatmap0.0020.0020.004
assays2.7970.8003.599
boxplot1.5000.5662.072
colData1.5110.5612.073
colMeans22.0320.6272.671
colMedians1.4600.5261.987
cor1.4460.4831.929
cov1.4940.5262.022
deinflatedcounts1.9740.5042.480
heatmap1.4460.5602.008
inputcounts1.4460.4631.910
inputdata1.4230.5091.932
log1p1.9310.5492.481
log2p1.3920.5031.896
mean1.3750.4521.827
median1.9280.4662.397
model1.3680.4361.805
otu_table1.4560.4481.906
plot1.4480.4891.939
plus3.3321.0984.432
quantile1.4250.5782.006
resample_deinflatedcounts2.0200.5142.533
rowData1.4530.3931.847
rowQuantiles1.4470.5492.001
rowSds1.4570.4561.913
rowVars1.9260.4682.395
rowWeightedMeans1.3950.5891.985
rowWeightedSds1.4610.4161.879
sample_data1.9360.4762.415
sd1.4150.5401.957
show1.4070.4881.897
slash1.8910.5692.459
subset_feature1.3620.4181.780
subset_sample1.3710.3111.682
t1.8830.4522.335
tax_table1.3720.5121.885
times1.3770.5261.903
var1.4120.4561.870
weighted.mean1.8490.5432.393
weightedVar1.3100.4421.754
weights1.2880.4451.733
zi2deseq21.9200.2962.216
zi2phyloseq1.3140.4531.767
ziMain1.3290.4621.791