Back to Multiple platform build/check report for BioC 3.22:   simplified   long
ABCDEFGHIJKLMNOPQR[S]TUVWXYZ

This page was generated on 2025-10-30 12:36 -0400 (Thu, 30 Oct 2025).

HostnameOSArch (*)R versionInstalled pkgs
nebbiolo2Linux (Ubuntu 24.04.3 LTS)x86_644.5.1 Patched (2025-08-23 r88802) -- "Great Square Root" 4901
lconwaymacOS 12.7.6 Montereyx86_644.5.1 Patched (2025-09-10 r88807) -- "Great Square Root" 4691
kjohnson3macOS 13.7.7 Venturaarm644.5.1 Patched (2025-09-10 r88807) -- "Great Square Root" 4637
Click on any hostname to see more info about the system (e.g. compilers)      (*) as reported by 'uname -p', except on Windows and Mac OS X

Package 2078/2361HostnameOS / ArchINSTALLBUILDCHECKBUILD BIN
spatialDE 1.16.0  (landing page)
Gabriele Sales
Snapshot Date: 2025-10-29 19:52 -0400 (Wed, 29 Oct 2025)
git_url: https://git.bioconductor.org/packages/spatialDE
git_branch: RELEASE_3_22
git_last_commit: dfd143b
git_last_commit_date: 2025-10-29 11:11:31 -0400 (Wed, 29 Oct 2025)
nebbiolo2Linux (Ubuntu 24.04.3 LTS) / x86_64  OK    OK    OK  UNNEEDED, same version is already published
lconwaymacOS 12.7.6 Monterey / x86_64  OK    ERROR  skippedskipped
kjohnson3macOS 13.7.7 Ventura / arm64  OK    ERROR  skippedskipped


BUILD results for spatialDE on lconway

To the developers/maintainers of the spatialDE package:
- Allow up to 24 hours (and sometimes 48 hours) for your latest push to git@git.bioconductor.org:packages/spatialDE.git to reflect on this report. See Troubleshooting Build Report for more information.
- Use the following Renviron settings to reproduce errors and warnings.
- If 'R CMD check' started to fail recently on the Linux builder(s) over a missing dependency, add the missing dependency to 'Suggests:' in your DESCRIPTION file. See Renviron.bioc for more information.

raw results


Summary

Package: spatialDE
Version: 1.16.0
Command: /Library/Frameworks/R.framework/Resources/bin/R CMD build --keep-empty-dirs --no-resave-data spatialDE
StartedAt: 2025-10-30 01:32:28 -0400 (Thu, 30 Oct 2025)
EndedAt: 2025-10-30 01:37:47 -0400 (Thu, 30 Oct 2025)
EllapsedTime: 318.9 seconds
RetCode: 1
Status:   ERROR  
PackageFile: None
PackageFileSize: NA

Command output

##############################################################################
##############################################################################
###
### Running command:
###
###   /Library/Frameworks/R.framework/Resources/bin/R CMD build --keep-empty-dirs --no-resave-data spatialDE
###
##############################################################################
##############################################################################


* checking for file ‘spatialDE/DESCRIPTION’ ... OK
* preparing ‘spatialDE’:
* checking DESCRIPTION meta-information ... OK
* installing the package to build vignettes
* creating vignettes ... ERROR
--- re-building ‘spatialDE.Rmd’ using rmarkdown
python-build: use openssl@3 from homebrew
python-build: use readline from homebrew
Downloading Python-3.11.14.tar.xz...
-> https://www.python.org/ftp/python/3.11.14/Python-3.11.14.tar.xz
Installing Python-3.11.14...
python-build: use readline from homebrew
python-build: use ncurses from homebrew
python-build: use zlib from xcode sdk

BUILD FAILED (OS X 12.7.6 using python-build 2.6.11-2-g1b7d2f0)

Inspect or clean up the working tree at /var/folders/db/4tvgx8jx4z3fm1gzlnlzw9rc0000gq/T/python-build.20251030013313.83006
Results logged to /var/folders/db/4tvgx8jx4z3fm1gzlnlzw9rc0000gq/T/python-build.20251030013313.83006.log

Last 10 log lines:
  "_mkfifoat", referenced from:
      _os_mkfifo in lto.o
  "_mknodat", referenced from:
      _os_mknod in lto.o
ld: symbol(s) not found for architecture x86_64
clang: error: linker command failed with exit code 1 (use -v to see invocation)
make[3]: *** [Programs/_freeze_module] Error 1
make[2]: *** [build_all_generate_profile] Error 2
make[1]: *** [profile-gen-stamp] Error 2
make: *** [profile-run-stamp] Error 2

Quitting from spatialDE.Rmd:122-125 [stabilize]
~~~~~~~~~~~~~~~~~~~~~~~~~~~~~~~~~~~~~~~~~~~~~~~~~~~~~~~~~~~~~~~~~~~~~~~~~~~~~~~~
<error/rlang_error>
Error:
! installation of Python 3.11 failed
---
Backtrace:
    ▆
 1. └─spatialDE::stabilize(Rep11_MOB_0)
 2.   └─basilisk::basiliskStart(spatialDE_env, testload = "scipy.optimize")
 3.     └─basilisk::obtainEnvironmentPath(env)
 4.       └─basilisk::setupBasiliskEnv(...)
 5.         ├─base::suppressMessages(install_python(version))
 6.         │ └─base::withCallingHandlers(...)
 7.         └─reticulate::install_python(version)
 8.           └─reticulate:::stopf("installation of Python %s failed", version)
~~~~~~~~~~~~~~~~~~~~~~~~~~~~~~~~~~~~~~~~~~~~~~~~~~~~~~~~~~~~~~~~~~~~~~~~~~~~~~~~

Error: processing vignette 'spatialDE.Rmd' failed with diagnostics:
installation of Python 3.11 failed
--- failed re-building ‘spatialDE.Rmd’

SUMMARY: processing the following file failed:
  ‘spatialDE.Rmd’

Error: Vignette re-building failed.
Execution halted