Back to Build/check report for BioC 3.23:   simplified   long
ABCDEFGHIJKLMNOPQR[S]TUVWXYZ

This page was generated on 2025-11-01 11:33 -0400 (Sat, 01 Nov 2025).

HostnameOSArch (*)R versionInstalled pkgs
nebbiolo1Linux (Ubuntu 24.04.3 LTS)x86_64R Under development (unstable) (2025-10-20 r88955) -- "Unsuffered Consequences" 4774
Click on any hostname to see more info about the system (e.g. compilers)      (*) as reported by 'uname -p', except on Windows and Mac OS X

Package 2007/2321HostnameOS / ArchINSTALLBUILDCHECKBUILD BIN
sketchR 1.7.0  (landing page)
Charlotte Soneson
Snapshot Date: 2025-10-31 13:40 -0400 (Fri, 31 Oct 2025)
git_url: https://git.bioconductor.org/packages/sketchR
git_branch: devel
git_last_commit: 25a7083
git_last_commit_date: 2025-10-29 11:28:06 -0400 (Wed, 29 Oct 2025)
nebbiolo1Linux (Ubuntu 24.04.3 LTS) / x86_64  OK    ERROR  skipped


BUILD results for sketchR on nebbiolo1

To the developers/maintainers of the sketchR package:
- Allow up to 24 hours (and sometimes 48 hours) for your latest push to git@git.bioconductor.org:packages/sketchR.git to reflect on this report. See Troubleshooting Build Report for more information.
- Use the following Renviron settings to reproduce errors and warnings.
- If 'R CMD check' started to fail recently on the Linux builder(s) over a missing dependency, add the missing dependency to 'Suggests:' in your DESCRIPTION file. See Renviron.bioc for more information.

raw results


Summary

Package: sketchR
Version: 1.7.0
Command: /home/biocbuild/bbs-3.23-bioc/R/bin/R CMD build --keep-empty-dirs --no-resave-data sketchR
StartedAt: 2025-10-31 20:15:41 -0400 (Fri, 31 Oct 2025)
EndedAt: 2025-10-31 20:17:37 -0400 (Fri, 31 Oct 2025)
EllapsedTime: 116.1 seconds
RetCode: 1
Status:   ERROR  
PackageFile: None
PackageFileSize: NA

Command output

##############################################################################
##############################################################################
###
### Running command:
###
###   /home/biocbuild/bbs-3.23-bioc/R/bin/R CMD build --keep-empty-dirs --no-resave-data sketchR
###
##############################################################################
##############################################################################


* checking for file ‘sketchR/DESCRIPTION’ ... OK
* preparing ‘sketchR’:
* checking DESCRIPTION meta-information ... OK
* installing the package (it is needed to build vignettes)
* creating vignettes ... ERROR
--- re-building ‘sketchR.Rmd’ using rmarkdown

Quitting from sketchR.Rmd:93-123 [process-data]
~~~~~~~~~~~~~~~~~~~~~~~~~~~~~~~~~~~~~~~~~~~~~~~~~~~~~~~~~~~~~~~~~~~~~~~~~~~~~~~~
<error/rlang_error>
Error in `h5_read_attribute()`:
! argument "bit64conversion" is missing, with no default
---
Backtrace:
     ▆
  1. └─celldex::MonacoImmuneData()
  2.   └─celldex::fetchReference("monaco_immune", "2024-02-26", realize.assays = TRUE)
  3.     └─alabaster.base::altReadObject(...)
  4.       └─celldex (local) FUN(path, ...)
  5.         └─alabaster.base::readObject(...)
  6.           └─alabaster.se (local) meth(path, metadata = metadata, ...)
  7.             └─alabaster.base::altReadObject(...)
  8.               └─celldex (local) FUN(path, ...)
  9.                 └─alabaster.base::readObject(...)
 10.                   └─alabaster.matrix (local) meth(path, metadata = metadata, ...)
 11.                     └─(function() {...
 12.                       └─alabaster.base::h5_read_attribute(ghandle, "type")
 13.                         └─rhdf5::H5Aread(ahandle, bit64conversion = bit64conversion)
~~~~~~~~~~~~~~~~~~~~~~~~~~~~~~~~~~~~~~~~~~~~~~~~~~~~~~~~~~~~~~~~~~~~~~~~~~~~~~~~

Error: processing vignette 'sketchR.Rmd' failed with diagnostics:
argument "bit64conversion" is missing, with no default
--- failed re-building ‘sketchR.Rmd’

--- re-building ‘sketching_workflows.Rmd’ using rmarkdown

Quitting from sketching_workflows.Rmd:60-97 [process-data]
~~~~~~~~~~~~~~~~~~~~~~~~~~~~~~~~~~~~~~~~~~~~~~~~~~~~~~~~~~~~~~~~~~~~~~~~~~~~~~~~
<error/rlang_error>
Error in `h5_read_attribute()`:
! argument "bit64conversion" is missing, with no default
---
Backtrace:
     ▆
  1. └─celldex::MonacoImmuneData()
  2.   └─celldex::fetchReference("monaco_immune", "2024-02-26", realize.assays = TRUE)
  3.     └─alabaster.base::altReadObject(...)
  4.       └─celldex (local) FUN(path, ...)
  5.         └─alabaster.base::readObject(...)
  6.           └─alabaster.se (local) meth(path, metadata = metadata, ...)
  7.             └─alabaster.base::altReadObject(...)
  8.               └─celldex (local) FUN(path, ...)
  9.                 └─alabaster.base::readObject(...)
 10.                   └─alabaster.matrix (local) meth(path, metadata = metadata, ...)
 11.                     └─(function() {...
 12.                       └─alabaster.base::h5_read_attribute(ghandle, "type")
 13.                         └─rhdf5::H5Aread(ahandle, bit64conversion = bit64conversion)
~~~~~~~~~~~~~~~~~~~~~~~~~~~~~~~~~~~~~~~~~~~~~~~~~~~~~~~~~~~~~~~~~~~~~~~~~~~~~~~~

Error: processing vignette 'sketching_workflows.Rmd' failed with diagnostics:
argument "bit64conversion" is missing, with no default
--- failed re-building ‘sketching_workflows.Rmd’

SUMMARY: processing the following files failed:
  ‘sketchR.Rmd’ ‘sketching_workflows.Rmd’

Error: Vignette re-building failed.
Execution halted