| Back to Multiple platform build/check report for BioC 3.23: simplified long |
|
This page was generated on 2025-11-21 11:39 -0500 (Fri, 21 Nov 2025).
| Hostname | OS | Arch (*) | R version | Installed pkgs |
|---|---|---|---|---|
| nebbiolo1 | Linux (Ubuntu 24.04.3 LTS) | x86_64 | R Under development (unstable) (2025-10-20 r88955) -- "Unsuffered Consequences" | 4829 |
| lconway | macOS 12.7.6 Monterey | x86_64 | R Under development (unstable) (2025-10-21 r88958) -- "Unsuffered Consequences" | 4602 |
| kjohnson3 | macOS 13.7.7 Ventura | arm64 | R Under development (unstable) (2025-11-04 r88984) -- "Unsuffered Consequences" | 4566 |
| Click on any hostname to see more info about the system (e.g. compilers) (*) as reported by 'uname -p', except on Windows and Mac OS X | ||||
| Package 1938/2327 | Hostname | OS / Arch | INSTALL | BUILD | CHECK | BUILD BIN | ||||||||
| scviR 1.11.0 (landing page) Vincent Carey
| nebbiolo1 | Linux (Ubuntu 24.04.3 LTS) / x86_64 | OK | OK | OK | |||||||||
| lconway | macOS 12.7.6 Monterey / x86_64 | OK | ERROR | skipped | skipped | |||||||||
| kjohnson3 | macOS 13.7.7 Ventura / arm64 | OK | ERROR | skipped | skipped | |||||||||
|
To the developers/maintainers of the scviR package: - Allow up to 24 hours (and sometimes 48 hours) for your latest push to git@git.bioconductor.org:packages/scviR.git to reflect on this report. See Troubleshooting Build Report for more information. - Use the following Renviron settings to reproduce errors and warnings. - If 'R CMD check' started to fail recently on the Linux builder(s) over a missing dependency, add the missing dependency to 'Suggests:' in your DESCRIPTION file. See Renviron.bioc for more information. |
| Package: scviR |
| Version: 1.11.0 |
| Command: /Library/Frameworks/R.framework/Resources/bin/R CMD build --keep-empty-dirs --no-resave-data scviR |
| StartedAt: 2025-11-20 18:40:17 -0500 (Thu, 20 Nov 2025) |
| EndedAt: 2025-11-20 18:42:19 -0500 (Thu, 20 Nov 2025) |
| EllapsedTime: 122.4 seconds |
| RetCode: 1 |
| Status: ERROR |
| PackageFile: None |
| PackageFileSize: NA |
##############################################################################
##############################################################################
###
### Running command:
###
### /Library/Frameworks/R.framework/Resources/bin/R CMD build --keep-empty-dirs --no-resave-data scviR
###
##############################################################################
##############################################################################
* checking for file ‘scviR/DESCRIPTION’ ... OK
* preparing ‘scviR’:
* checking DESCRIPTION meta-information ... OK
* installing the package (it is needed to build vignettes)
* creating vignettes ... ERROR
--- re-building ‘citeseq_tut.Rmd’ using rmarkdown
--- finished re-building ‘citeseq_tut.Rmd’
--- re-building ‘compch12.Rmd’ using rmarkdown
Installed 18 packages in 464ms
warning: The package `numcodecs==0.16.4` does not have an extra named `crc32c`
Quitting from compch12.Rmd:49-53 [getdat2]
~~~~~~~~~~~~~~~~~~~~~~~~~~~~~~~~~~~~~~~~~~~~~~~~~~~~~~~~~~~~~~~~~~~~~~~~~~~~~~~~
<error/rlang_error>
Error in `py_module_import()`:
! ModuleNotFoundError: No module named 'crc32c'
Run `reticulate::py_last_error()` for details.
---
Backtrace:
▆
1. └─scviR::getTotalVI5k10kAdata()
2. └─scviR::anndataR()
3. └─reticulate::import("anndata")
4. └─reticulate:::py_module_import(module, convert = convert)
~~~~~~~~~~~~~~~~~~~~~~~~~~~~~~~~~~~~~~~~~~~~~~~~~~~~~~~~~~~~~~~~~~~~~~~~~~~~~~~~
Error: processing vignette 'compch12.Rmd' failed with diagnostics:
ModuleNotFoundError: No module named 'crc32c'
Run `reticulate::py_last_error()` for details.
--- failed re-building ‘compch12.Rmd’
--- re-building ‘new_citeseq.Rmd’ using rmarkdown
Installed 42 packages in 546ms
warning: The package `numcodecs==0.16.4` does not have an extra named `crc32c`
Quitting from new_citeseq.Rmd:41-48 [doe44]
~~~~~~~~~~~~~~~~~~~~~~~~~~~~~~~~~~~~~~~~~~~~~~~~~~~~~~~~~~~~~~~~~~~~~~~~~~~~~~~~
<error/rlang_error>
Error in `py_module_import()`:
! ModuleNotFoundError: No module named 'crc32c'
Run `reticulate::py_last_error()` for details.
---
Backtrace:
▆
1. └─scviR::muonR()
2. └─reticulate::import("muon")
3. └─reticulate:::py_module_import(module, convert = convert)
~~~~~~~~~~~~~~~~~~~~~~~~~~~~~~~~~~~~~~~~~~~~~~~~~~~~~~~~~~~~~~~~~~~~~~~~~~~~~~~~
Error: processing vignette 'new_citeseq.Rmd' failed with diagnostics:
ModuleNotFoundError: No module named 'crc32c'
Run `reticulate::py_last_error()` for details.
--- failed re-building ‘new_citeseq.Rmd’
--- re-building ‘scviR.Rmd’ using rmarkdown
--- finished re-building ‘scviR.Rmd’
SUMMARY: processing the following files failed:
‘compch12.Rmd’ ‘new_citeseq.Rmd’
Error: Vignette re-building failed.
Execution halted