| Back to Build/check report for BioC 3.22: simplified long |
|
This page was generated on 2025-10-27 12:45 -0400 (Mon, 27 Oct 2025).
| Hostname | OS | Arch (*) | R version | Installed pkgs |
|---|---|---|---|---|
| kjohnson3 | macOS 13.7.7 Ventura | arm64 | 4.5.1 Patched (2025-09-10 r88807) -- "Great Square Root" | 4637 |
| Click on any hostname to see more info about the system (e.g. compilers) (*) as reported by 'uname -p', except on Windows and Mac OS X | ||||
| Package 1583/2361 | Hostname | OS / Arch | INSTALL | BUILD | CHECK | BUILD BIN | ||||||||
| pgxRpi 1.5.5 (landing page) Hangjia Zhao
| kjohnson3 | macOS 13.7.7 Ventura / arm64 | OK | ERROR | skipped | skipped | ||||||||
|
To the developers/maintainers of the pgxRpi package: - Allow up to 24 hours (and sometimes 48 hours) for your latest push to git@git.bioconductor.org:packages/pgxRpi.git to reflect on this report. See Troubleshooting Build Report for more information. - Use the following Renviron settings to reproduce errors and warnings. - If 'R CMD check' started to fail recently on the Linux builder(s) over a missing dependency, add the missing dependency to 'Suggests:' in your DESCRIPTION file. See Renviron.bioc for more information. |
| Package: pgxRpi |
| Version: 1.5.5 |
| Command: /Library/Frameworks/R.framework/Resources/bin/R CMD build --keep-empty-dirs --no-resave-data pgxRpi |
| StartedAt: 2025-10-26 17:32:00 -0400 (Sun, 26 Oct 2025) |
| EndedAt: 2025-10-26 17:33:49 -0400 (Sun, 26 Oct 2025) |
| EllapsedTime: 109.3 seconds |
| RetCode: 1 |
| Status: ERROR |
| PackageFile: None |
| PackageFileSize: NA |
##############################################################################
##############################################################################
###
### Running command:
###
### /Library/Frameworks/R.framework/Resources/bin/R CMD build --keep-empty-dirs --no-resave-data pgxRpi
###
##############################################################################
##############################################################################
* checking for file ‘pgxRpi/DESCRIPTION’ ... OK
* preparing ‘pgxRpi’:
* checking DESCRIPTION meta-information ... OK
* installing the package to build vignettes
* creating vignettes ... ERROR
--- re-building ‘Introduction_1_load_metadata.Rmd’ using rmarkdown
Quitting from Introduction_1_load_metadata.Rmd:183-188 [unnamed-chunk-13]
~~~~~~~~~~~~~~~~~~~~~~~~~~~~~~~~~~~~~~~~~~~~~~~~~~~~~~~~~~~~~~~~~~~~~~~~~~~~~~~~
<error/rlang_error>
Error in `if (nrow(meta.sel.df) == 0) ...`:
! argument is of length zero
---
Backtrace:
▆
1. └─pgxRpi::pgxMetaplot(...)
~~~~~~~~~~~~~~~~~~~~~~~~~~~~~~~~~~~~~~~~~~~~~~~~~~~~~~~~~~~~~~~~~~~~~~~~~~~~~~~~
Error: processing vignette 'Introduction_1_load_metadata.Rmd' failed with diagnostics:
argument is of length zero
--- failed re-building ‘Introduction_1_load_metadata.Rmd’
--- re-building ‘Introduction_2_query_variants.Rmd’ using rmarkdown
Quitting from Introduction_2_query_variants.Rmd:76-79 [unnamed-chunk-3]
~~~~~~~~~~~~~~~~~~~~~~~~~~~~~~~~~~~~~~~~~~~~~~~~~~~~~~~~~~~~~~~~~~~~~~~~~~~~~~~~
<error/rlang_error>
Error in `if (grepl("^https?://", domain)) ...`:
! argument is of length zero
---
Backtrace:
▆
1. └─pgxRpi::pgxLoader(type = "g_variants", biosample_id = biosample_id)
2. └─pgxRpi:::pgxVariantLoader(...)
3. └─pgxRpi:::read_variant_beacon(...)
4. └─pgxRpi:::normalize_domain(domain, use_https)
~~~~~~~~~~~~~~~~~~~~~~~~~~~~~~~~~~~~~~~~~~~~~~~~~~~~~~~~~~~~~~~~~~~~~~~~~~~~~~~~
Error: processing vignette 'Introduction_2_query_variants.Rmd' failed with diagnostics:
argument is of length zero
--- failed re-building ‘Introduction_2_query_variants.Rmd’
--- re-building ‘Introduction_3_access_cnv_frequency.Rmd’ using rmarkdown
Quitting from Introduction_3_access_cnv_frequency.Rmd:49-54 [unnamed-chunk-2]
~~~~~~~~~~~~~~~~~~~~~~~~~~~~~~~~~~~~~~~~~~~~~~~~~~~~~~~~~~~~~~~~~~~~~~~~~~~~~~~~
<error/rlang_error>
Error in `curl::curl_fetch_memory()`:
! Could not resolve hostname [progenetix.org]:
Could not resolve host: progenetix.org
---
Backtrace:
▆
1. ├─pgxRpi::pgxLoader(...)
2. │ └─pgxRpi:::pgxFreqLoader(output = output, filters = filters, domain = domain)
3. │ └─httr::GET(encoded_url)
4. │ └─httr:::request_perform(req, hu$handle$handle)
5. │ ├─httr:::request_fetch(req$output, req$url, handle)
6. │ └─httr:::request_fetch.write_memory(req$output, req$url, handle)
7. │ └─curl::curl_fetch_memory(url, handle = handle)
8. └─curl:::raise_libcurl_error(...)
~~~~~~~~~~~~~~~~~~~~~~~~~~~~~~~~~~~~~~~~~~~~~~~~~~~~~~~~~~~~~~~~~~~~~~~~~~~~~~~~
Error: processing vignette 'Introduction_3_access_cnv_frequency.Rmd' failed with diagnostics:
Could not resolve hostname [progenetix.org]:
Could not resolve host: progenetix.org
--- failed re-building ‘Introduction_3_access_cnv_frequency.Rmd’
--- re-building ‘Introduction_4_process_pgxseg.Rmd’ using rmarkdown
2025-10-26 17:33:18.267 R[98662:550850972] XType: Using static font registry.
--- finished re-building ‘Introduction_4_process_pgxseg.Rmd’
SUMMARY: processing the following files failed:
‘Introduction_1_load_metadata.Rmd’
‘Introduction_2_query_variants.Rmd’
‘Introduction_3_access_cnv_frequency.Rmd’
Error: Vignette re-building failed.
Execution halted