Back to Build/check report for BioC 3.22:   simplified   long
ABCDEFGHIJKLMN[O]PQRSTUVWXYZ

This page was generated on 2025-10-27 12:45 -0400 (Mon, 27 Oct 2025).

HostnameOSArch (*)R versionInstalled pkgs
kjohnson3macOS 13.7.7 Venturaarm644.5.1 Patched (2025-09-10 r88807) -- "Great Square Root" 4637
Click on any hostname to see more info about the system (e.g. compilers)      (*) as reported by 'uname -p', except on Windows and Mac OS X

Package 1513/2361HostnameOS / ArchINSTALLBUILDCHECKBUILD BIN
ontoProc 2.3.11  (landing page)
Vincent Carey
Snapshot Date: 2025-10-26 13:45 -0400 (Sun, 26 Oct 2025)
git_url: https://git.bioconductor.org/packages/ontoProc
git_branch: devel
git_last_commit: 8aa7338
git_last_commit_date: 2025-10-08 11:44:19 -0400 (Wed, 08 Oct 2025)
kjohnson3macOS 13.7.7 Ventura / arm64  OK    ERROR  skippedskipped


BUILD results for ontoProc on kjohnson3

To the developers/maintainers of the ontoProc package:
- Allow up to 24 hours (and sometimes 48 hours) for your latest push to git@git.bioconductor.org:packages/ontoProc.git to reflect on this report. See Troubleshooting Build Report for more information.
- Use the following Renviron settings to reproduce errors and warnings.
- If 'R CMD check' started to fail recently on the Linux builder(s) over a missing dependency, add the missing dependency to 'Suggests:' in your DESCRIPTION file. See Renviron.bioc for more information.

raw results


Summary

Package: ontoProc
Version: 2.3.11
Command: /Library/Frameworks/R.framework/Resources/bin/R CMD build --keep-empty-dirs --no-resave-data ontoProc
StartedAt: 2025-10-26 17:26:22 -0400 (Sun, 26 Oct 2025)
EndedAt: 2025-10-26 17:31:45 -0400 (Sun, 26 Oct 2025)
EllapsedTime: 323.3 seconds
RetCode: 1
Status:   ERROR  
PackageFile: None
PackageFileSize: NA

Command output

##############################################################################
##############################################################################
###
### Running command:
###
###   /Library/Frameworks/R.framework/Resources/bin/R CMD build --keep-empty-dirs --no-resave-data ontoProc
###
##############################################################################
##############################################################################


* checking for file ‘ontoProc/DESCRIPTION’ ... OK
* preparing ‘ontoProc’:
* checking DESCRIPTION meta-information ... OK
* installing the package to build vignettes
* creating vignettes ... ERROR
--- re-building ‘ontoProc.Rmd’ using rmarkdown
2025-10-26 17:26:39.349 R[74011:550797812] XType: Using static font registry.
Warning in doTryCatch(return(expr), name, parentenv, handler) :
  zero-length arrow is of indeterminate angle and so skipped

Quitting from ontoProc.Rmd:106-110 [lklklk]
~~~~~~~~~~~~~~~~~~~~~~~~~~~~~~~~~~~~~~~~~~~~~~~~~~~~~~~~~~~~~~~~~~~~~~~~~~~~~~~~
<error/rlang_error>
Error in `value[[3L]]()`:
! failed to connect
  reason: Failed to perform HTTP request.
Caused by error in `curl::curl_fetch_memory()`:
! SSL connect error [bioconductor.org]:
TLS connect error: error:00000000:lib(0):func(0):reason(0)
  Consider rerunning with 'localHub=TRUE'
---
Backtrace:
    ▆
 1. └─ontoProc::getOnto("cellOnto", "2023")
 2.   └─AnnotationHub::AnnotationHub()
 3.     └─AnnotationHub::.Hub(...)
 4.       └─base::tryCatch(...)
 5.         └─base (local) tryCatchList(expr, classes, parentenv, handlers)
 6.           └─base (local) tryCatchOne(expr, names, parentenv, handlers[[1L]])
 7.             └─value[[3L]](cond)
~~~~~~~~~~~~~~~~~~~~~~~~~~~~~~~~~~~~~~~~~~~~~~~~~~~~~~~~~~~~~~~~~~~~~~~~~~~~~~~~

Error: processing vignette 'ontoProc.Rmd' failed with diagnostics:
failed to connect
  reason: Failed to perform HTTP request.
Caused by error in `curl::curl_fetch_memory()`:
! SSL connect error [bioconductor.org]:
TLS connect error: error:00000000:lib(0):func(0):reason(0)
  Consider rerunning with 'localHub=TRUE'
--- failed re-building ‘ontoProc.Rmd’

--- re-building ‘owlents.Rmd’ using rmarkdown
--- finished re-building ‘owlents.Rmd’

SUMMARY: processing the following file failed:
  ‘ontoProc.Rmd’

Error: Vignette re-building failed.
Execution halted