| Back to Build/check report for BioC 3.22: simplified long |
|
This page was generated on 2025-10-27 12:45 -0400 (Mon, 27 Oct 2025).
| Hostname | OS | Arch (*) | R version | Installed pkgs |
|---|---|---|---|---|
| kjohnson3 | macOS 13.7.7 Ventura | arm64 | 4.5.1 Patched (2025-09-10 r88807) -- "Great Square Root" | 4637 |
| Click on any hostname to see more info about the system (e.g. compilers) (*) as reported by 'uname -p', except on Windows and Mac OS X | ||||
| Package 1512/2361 | Hostname | OS / Arch | INSTALL | BUILD | CHECK | BUILD BIN | ||||||||
| onlineFDR 2.17.0 (landing page) David S. Robertson
| kjohnson3 | macOS 13.7.7 Ventura / arm64 | OK | ERROR | skipped | skipped | ||||||||
|
To the developers/maintainers of the onlineFDR package: - Allow up to 24 hours (and sometimes 48 hours) for your latest push to git@git.bioconductor.org:packages/onlineFDR.git to reflect on this report. See Troubleshooting Build Report for more information. - Use the following Renviron settings to reproduce errors and warnings. - If 'R CMD check' started to fail recently on the Linux builder(s) over a missing dependency, add the missing dependency to 'Suggests:' in your DESCRIPTION file. See Renviron.bioc for more information. |
| Package: onlineFDR |
| Version: 2.17.0 |
| Command: /Library/Frameworks/R.framework/Resources/bin/R CMD build --keep-empty-dirs --no-resave-data onlineFDR |
| StartedAt: 2025-10-26 17:26:22 -0400 (Sun, 26 Oct 2025) |
| EndedAt: 2025-10-26 17:26:35 -0400 (Sun, 26 Oct 2025) |
| EllapsedTime: 13.1 seconds |
| RetCode: 1 |
| Status: ERROR |
| PackageFile: None |
| PackageFileSize: NA |
##############################################################################
##############################################################################
###
### Running command:
###
### /Library/Frameworks/R.framework/Resources/bin/R CMD build --keep-empty-dirs --no-resave-data onlineFDR
###
##############################################################################
##############################################################################
* checking for file ‘onlineFDR/DESCRIPTION’ ... OK
* preparing ‘onlineFDR’:
* checking DESCRIPTION meta-information ... OK
* cleaning src
* installing the package to build vignettes
* creating vignettes ... ERROR
--- re-building ‘advanced-usage.Rmd’ using rmarkdown
--- finished re-building ‘advanced-usage.Rmd’
--- re-building ‘onlineFDR.Rmd’ using rmarkdown
2025-10-26 17:26:34.936 R[73994:550797758] XType: Using static font registry.
Quitting from onlineFDR.Rmd:233-252 [unnamed-chunk-8]
~~~~~~~~~~~~~~~~~~~~~~~~~~~~~~~~~~~~~~~~~~~~~~~~~~~~~~~~~~~~~~~~~~~~~~~~~~~~~~~~
<error/rlang_error>
Error in `LOND()`:
! The sum of the elements of betai must not be greater than alpha.
---
Backtrace:
▆
1. └─onlineFDR::LOND(sample.df, alpha = 0.04, betai = bound)
~~~~~~~~~~~~~~~~~~~~~~~~~~~~~~~~~~~~~~~~~~~~~~~~~~~~~~~~~~~~~~~~~~~~~~~~~~~~~~~~
Error: processing vignette 'onlineFDR.Rmd' failed with diagnostics:
The sum of the elements of betai must not be greater than alpha.
--- failed re-building ‘onlineFDR.Rmd’
--- re-building ‘theory.Rmd’ using rmarkdown
--- finished re-building ‘theory.Rmd’
SUMMARY: processing the following file failed:
‘onlineFDR.Rmd’
Error: Vignette re-building failed.
Execution halted