| Back to Multiple platform build/check report for BioC 3.22: simplified long |
|
This page was generated on 2025-10-23 12:04 -0400 (Thu, 23 Oct 2025).
| Hostname | OS | Arch (*) | R version | Installed pkgs |
|---|---|---|---|---|
| nebbiolo2 | Linux (Ubuntu 24.04.3 LTS) | x86_64 | 4.5.1 Patched (2025-08-23 r88802) -- "Great Square Root" | 4894 |
| lconway | macOS 12.7.6 Monterey | x86_64 | 4.5.1 Patched (2025-09-10 r88807) -- "Great Square Root" | 4684 |
| kjohnson3 | macOS 13.7.7 Ventura | arm64 | 4.5.1 Patched (2025-09-10 r88807) -- "Great Square Root" | 4629 |
| taishan | Linux (openEuler 24.03 LTS) | aarch64 | 4.5.0 (2025-04-11) -- "How About a Twenty-Six" | 4642 |
| Click on any hostname to see more info about the system (e.g. compilers) (*) as reported by 'uname -p', except on Windows and Mac OS X | ||||
| Package 1255/2355 | Hostname | OS / Arch | INSTALL | BUILD | CHECK | BUILD BIN | ||||||||
| methimpute 1.31.0 (landing page) Aaron Taudt
| nebbiolo2 | Linux (Ubuntu 24.04.3 LTS) / x86_64 | OK | OK | WARNINGS | |||||||||
| lconway | macOS 12.7.6 Monterey / x86_64 | OK | OK | WARNINGS | OK | |||||||||
| kjohnson3 | macOS 13.7.7 Ventura / arm64 | OK | OK | WARNINGS | OK | |||||||||
| taishan | Linux (openEuler 24.03 LTS) / aarch64 | OK | OK | NA | ||||||||||
|
To the developers/maintainers of the methimpute package: - Allow up to 24 hours (and sometimes 48 hours) for your latest push to git@git.bioconductor.org:packages/methimpute.git to reflect on this report. See Troubleshooting Build Report for more information. - Use the following Renviron settings to reproduce errors and warnings. - If 'R CMD check' started to fail recently on the Linux builder(s) over a missing dependency, add the missing dependency to 'Suggests:' in your DESCRIPTION file. See Renviron.bioc for more information. |
| Package: methimpute |
| Version: 1.31.0 |
| Command: /home/biocbuild/bbs-3.22-bioc/R/bin/R CMD check --install=check:methimpute.install-out.txt --library=/home/biocbuild/bbs-3.22-bioc/R/site-library --timings methimpute_1.31.0.tar.gz |
| StartedAt: 2025-10-23 01:42:03 -0400 (Thu, 23 Oct 2025) |
| EndedAt: 2025-10-23 01:45:46 -0400 (Thu, 23 Oct 2025) |
| EllapsedTime: 223.1 seconds |
| RetCode: 0 |
| Status: WARNINGS |
| CheckDir: methimpute.Rcheck |
| Warnings: 1 |
##############################################################################
##############################################################################
###
### Running command:
###
### /home/biocbuild/bbs-3.22-bioc/R/bin/R CMD check --install=check:methimpute.install-out.txt --library=/home/biocbuild/bbs-3.22-bioc/R/site-library --timings methimpute_1.31.0.tar.gz
###
##############################################################################
##############################################################################
* using log directory ‘/home/biocbuild/bbs-3.22-bioc/meat/methimpute.Rcheck’
* using R version 4.5.1 Patched (2025-08-23 r88802)
* using platform: x86_64-pc-linux-gnu
* R was compiled by
gcc (Ubuntu 13.3.0-6ubuntu2~24.04) 13.3.0
GNU Fortran (Ubuntu 13.3.0-6ubuntu2~24.04) 13.3.0
* running under: Ubuntu 24.04.3 LTS
* using session charset: UTF-8
* checking for file ‘methimpute/DESCRIPTION’ ... OK
* checking extension type ... Package
* this is package ‘methimpute’ version ‘1.31.0’
* checking package namespace information ... OK
* checking package dependencies ... OK
* checking if this is a source package ... OK
* checking if there is a namespace ... OK
* checking for hidden files and directories ... OK
* checking for portable file names ... OK
* checking for sufficient/correct file permissions ... OK
* checking whether package ‘methimpute’ can be installed ... WARNING
Found the following significant warnings:
densities.cpp:920:105: warning: format ‘%d’ expects argument of type ‘int’, but argument 3 has type ‘double’ [-Wformat=]
See ‘/home/biocbuild/bbs-3.22-bioc/meat/methimpute.Rcheck/00install.out’ for details.
* used C compiler: ‘gcc (Ubuntu 13.3.0-6ubuntu2~24.04) 13.3.0’
* used C++ compiler: ‘g++ (Ubuntu 13.3.0-6ubuntu2~24.04) 13.3.0’
* checking C++ specification ... NOTE
Specified C++11: please drop specification unless essential
* checking installed package size ... INFO
installed size is 6.5Mb
sub-directories of 1Mb or more:
libs 5.3Mb
* checking package directory ... OK
* checking ‘build’ directory ... OK
* checking DESCRIPTION meta-information ... OK
* checking top-level files ... OK
* checking for left-over files ... OK
* checking index information ... OK
* checking package subdirectories ... NOTE
Problems with news in ‘NEWS’:
Cannot process chunk/lines:
INITIAL RELEASE
* checking code files for non-ASCII characters ... OK
* checking R files for syntax errors ... OK
* checking whether the package can be loaded ... OK
* checking whether the package can be loaded with stated dependencies ... OK
* checking whether the package can be unloaded cleanly ... OK
* checking whether the namespace can be loaded with stated dependencies ... OK
* checking whether the namespace can be unloaded cleanly ... OK
* checking loading without being on the library search path ... OK
* checking dependencies in R code ... OK
* checking S3 generic/method consistency ... OK
* checking replacement functions ... OK
* checking foreign function calls ... OK
* checking R code for possible problems ... OK
* checking Rd files ... NOTE
checkRd: (-1) methimputeBinomialHMM.Rd:20: Lost braces in \itemize; meant \describe ?
checkRd: (-1) methimputeBinomialHMM.Rd:21: Lost braces in \itemize; meant \describe ?
checkRd: (-1) methimputeBinomialHMM.Rd:22: Lost braces in \itemize; meant \describe ?
checkRd: (-1) methimputeBinomialHMM.Rd:23: Lost braces in \itemize; meant \describe ?
checkRd: (-1) methimputeBinomialHMM.Rd:24: Lost braces in \itemize; meant \describe ?
checkRd: (-1) methimputeBinomialHMM.Rd:25: Lost braces in \itemize; meant \describe ?
checkRd: (-1) methimputeBinomialHMM.Rd:26: Lost braces in \itemize; meant \describe ?
checkRd: (-1) methimputeBinomialHMM.Rd:27: Lost braces in \itemize; meant \describe ?
checkRd: (-1) methimputeBinomialHMM.Rd:28: Lost braces in \itemize; meant \describe ?
* checking Rd metadata ... OK
* checking Rd cross-references ... NOTE
Found the following Rd file(s) with Rd \link{} targets missing package
anchors:
extractCytosinesFromFASTA.Rd: GRanges-class
loadFromFiles.Rd: GRanges-class
transCoord.Rd: GRanges-class
Please provide package anchors for all Rd \link{} targets not in the
package itself and the base packages.
* checking for missing documentation entries ... OK
* checking for code/documentation mismatches ... OK
* checking Rd \usage sections ... OK
* checking Rd contents ... OK
* checking for unstated dependencies in examples ... OK
* checking contents of ‘data’ directory ... OK
* checking data for non-ASCII characters ... OK
* checking data for ASCII and uncompressed saves ... OK
* checking line endings in C/C++/Fortran sources/headers ... OK
* checking line endings in Makefiles ... OK
* checking compilation flags in Makevars ... OK
* checking for GNU extensions in Makefiles ... OK
* checking for portable use of $(BLAS_LIBS) and $(LAPACK_LIBS) ... OK
* checking use of PKG_*FLAGS in Makefiles ... OK
* checking compiled code ... NOTE
Note: information on .o files is not available
* checking files in ‘vignettes’ ... OK
* checking examples ... OK
Examples with CPU (user + system) or elapsed time > 5s
user system elapsed
plotting 17.873 0.043 17.385
extractCytosinesFromFASTA 5.515 0.054 5.570
* checking for unstated dependencies in vignettes ... OK
* checking package vignettes ... OK
* checking re-building of vignette outputs ... OK
* checking PDF version of manual ... OK
* DONE
Status: 1 WARNING, 5 NOTEs
See
‘/home/biocbuild/bbs-3.22-bioc/meat/methimpute.Rcheck/00check.log’
for details.
methimpute.Rcheck/00install.out
##############################################################################
##############################################################################
###
### Running command:
###
### /home/biocbuild/bbs-3.22-bioc/R/bin/R CMD INSTALL methimpute
###
##############################################################################
##############################################################################
* installing to library ‘/home/biocbuild/bbs-3.22-bioc/R/site-library’
* installing *source* package ‘methimpute’ ...
** this is package ‘methimpute’ version ‘1.31.0’
** using staged installation
** libs
using C compiler: ‘gcc (Ubuntu 13.3.0-6ubuntu2~24.04) 13.3.0’
using C++ compiler: ‘g++ (Ubuntu 13.3.0-6ubuntu2~24.04) 13.3.0’
using C++11
g++ -std=gnu++11 -I"/home/biocbuild/bbs-3.22-bioc/R/include" -DNDEBUG -I'/home/biocbuild/bbs-3.22-bioc/R/site-library/Rcpp/include' -I/usr/local/include -fopenmp -fpic -g -O2 -Wall -Werror=format-security -c RcppExports.cpp -o RcppExports.o
g++ -std=gnu++11 -I"/home/biocbuild/bbs-3.22-bioc/R/include" -DNDEBUG -I'/home/biocbuild/bbs-3.22-bioc/R/site-library/Rcpp/include' -I/usr/local/include -fopenmp -fpic -g -O2 -Wall -Werror=format-security -c densities.cpp -o densities.o
densities.cpp: In member function ‘virtual void NegativeBinomial::calc_densities(Rcpp::Matrix<14>::Row&)’:
densities.cpp:920:105: warning: format ‘%d’ expects argument of type ‘int’, but argument 3 has type ‘double’ [-Wformat=]
920 | if (verbosity>=4) Rprintf(" lGammaR = %g, lgamma(size + obs=%d) = %g\n", lGammaR, obs_j, lgamma(size + obs_j));
| ~^ ~~~~~
| | |
| int double
| %f
densities.cpp: In member function ‘virtual void BinomialTestContext::calc_densities(Rcpp::Matrix<14>::Row&)’:
densities.cpp:614:52: warning: ‘prob_context’ may be used uninitialized [-Wmaybe-uninitialized]
614 | if (verbosity >= 4) Rprintf("obs_test[t=%d] = %d, obs_total[t] = %d, prob_context = %g\n", t, obs_test[t], obs_total[t], prob_context);
| ~~~~~~~^~~~~~~~~~~~~~~~~~~~~~~~~~~~~~~~~~~~~~~~~~~~~~~~~~~~~~~~~~~~~~~~~~~~~~~~~~~~~~~~~~~~~~~~~~~~~~~~~~~~~~~~~~~
densities.cpp:599:16: note: ‘prob_context’ was declared here
599 | double prob_context;
| ^~~~~~~~~~~~
g++ -std=gnu++11 -I"/home/biocbuild/bbs-3.22-bioc/R/include" -DNDEBUG -I'/home/biocbuild/bbs-3.22-bioc/R/site-library/Rcpp/include' -I/usr/local/include -fopenmp -fpic -g -O2 -Wall -Werror=format-security -c fitHMM.cpp -o fitHMM.o
g++ -std=gnu++11 -I"/home/biocbuild/bbs-3.22-bioc/R/include" -DNDEBUG -I'/home/biocbuild/bbs-3.22-bioc/R/site-library/Rcpp/include' -I/usr/local/include -fopenmp -fpic -g -O2 -Wall -Werror=format-security -c fitHMM_context.cpp -o fitHMM_context.o
g++ -std=gnu++11 -I"/home/biocbuild/bbs-3.22-bioc/R/include" -DNDEBUG -I'/home/biocbuild/bbs-3.22-bioc/R/site-library/Rcpp/include' -I/usr/local/include -fopenmp -fpic -g -O2 -Wall -Werror=format-security -c hmm_context.cpp -o hmm_context.o
hmm_context.cpp: In destructor ‘HMM_context::~HMM_context()’:
hmm_context.cpp:68:24: warning: comparison of integer expressions of different signedness: ‘int’ and ‘std::vector<Density*>::size_type’ {aka ‘long unsigned int’} [-Wsign-compare]
68 | for (int i=0; i<this->emissionDensities.size(); i++)
| ~^~~~~~~~~~~~~~~~~~~~~~~~~~~~~~~
gcc -std=gnu2x -I"/home/biocbuild/bbs-3.22-bioc/R/include" -DNDEBUG -I'/home/biocbuild/bbs-3.22-bioc/R/site-library/Rcpp/include' -I/usr/local/include -fpic -g -O2 -Wall -Werror=format-security -c methimpute_init.c -o methimpute_init.o
g++ -std=gnu++11 -I"/home/biocbuild/bbs-3.22-bioc/R/include" -DNDEBUG -I'/home/biocbuild/bbs-3.22-bioc/R/site-library/Rcpp/include' -I/usr/local/include -fopenmp -fpic -g -O2 -Wall -Werror=format-security -c scalehmm.cpp -o scalehmm.o
scalehmm.cpp: In destructor ‘ScaleHMM::~ScaleHMM()’:
scalehmm.cpp:311:24: warning: comparison of integer expressions of different signedness: ‘int’ and ‘std::vector<Density*>::size_type’ {aka ‘long unsigned int’} [-Wsign-compare]
311 | for (int i=0; i<this->emissionDensities.size(); i++)
| ~^~~~~~~~~~~~~~~~~~~~~~~~~~~~~~~
g++ -std=gnu++11 -shared -L/home/biocbuild/bbs-3.22-bioc/R/lib -L/usr/local/lib -o methimpute.so RcppExports.o densities.o fitHMM.o fitHMM_context.o hmm_context.o methimpute_init.o scalehmm.o -fopenmp -L/home/biocbuild/bbs-3.22-bioc/R/lib -lR
installing to /home/biocbuild/bbs-3.22-bioc/R/site-library/00LOCK-methimpute/00new/methimpute/libs
** R
** data
** inst
** byte-compile and prepare package for lazy loading
** help
*** installing help indices
** building package indices
** installing vignettes
** testing if installed package can be loaded from temporary location
** checking absolute paths in shared objects and dynamic libraries
** testing if installed package can be loaded from final location
** testing if installed package keeps a record of temporary installation path
* DONE (methimpute)
methimpute.Rcheck/methimpute-Ex.timings
| name | user | system | elapsed | |
| arabidopsis_TEs | 0.068 | 0.001 | 0.068 | |
| arabidopsis_chromosomes | 0.002 | 0.000 | 0.003 | |
| arabidopsis_genes | 0.015 | 0.000 | 0.016 | |
| arabidopsis_toydata | 0.151 | 0.005 | 0.156 | |
| binning | 2.555 | 0.112 | 2.666 | |
| binomialTestMethylation | 0.507 | 0.003 | 0.512 | |
| callMethylation | 3.165 | 0.016 | 2.738 | |
| callMethylationSeparate | 4.158 | 0.055 | 3.806 | |
| collapseBins | 2.472 | 0.041 | 2.512 | |
| distanceCorrelation | 1.533 | 0.021 | 1.554 | |
| estimateTransDist | 1.538 | 0.016 | 1.554 | |
| exportMethylome | 0 | 0 | 0 | |
| extractCytosinesFromFASTA | 5.515 | 0.054 | 5.570 | |
| getDistinctColors | 0.019 | 0.001 | 0.020 | |
| getStateColors | 0.014 | 0.000 | 0.013 | |
| import | 0.510 | 0.004 | 0.514 | |
| importRene | 0.045 | 0.001 | 0.046 | |
| inflateMethylome | 0.851 | 0.070 | 0.922 | |
| loadFromFiles | 0.146 | 0.004 | 0.150 | |
| plotting | 17.873 | 0.043 | 17.385 | |