| Back to Multiple platform build/check report for BioC 3.23: simplified long |
|
This page was generated on 2025-11-19 10:13 -0500 (Wed, 19 Nov 2025).
| Hostname | OS | Arch (*) | R version | Installed pkgs |
|---|---|---|---|---|
| nebbiolo1 | Linux (Ubuntu 24.04.3 LTS) | x86_64 | R Under development (unstable) (2025-10-20 r88955) -- "Unsuffered Consequences" | 4827 |
| lconway | macOS 12.7.6 Monterey | x86_64 | R Under development (unstable) (2025-10-21 r88958) -- "Unsuffered Consequences" | 4600 |
| kjohnson3 | macOS 13.7.7 Ventura | arm64 | R Under development (unstable) (2025-11-04 r88984) -- "Unsuffered Consequences" | 4564 |
| Click on any hostname to see more info about the system (e.g. compilers) (*) as reported by 'uname -p', except on Windows and Mac OS X | ||||
| Package 793/2325 | Hostname | OS / Arch | INSTALL | BUILD | CHECK | BUILD BIN | ||||||||
| gDRcore 1.9.2 (landing page) Arkadiusz Gladki
| nebbiolo1 | Linux (Ubuntu 24.04.3 LTS) / x86_64 | OK | OK | WARNINGS | |||||||||
| lconway | macOS 12.7.6 Monterey / x86_64 | OK | OK | WARNINGS | OK | |||||||||
| kjohnson3 | macOS 13.7.7 Ventura / arm64 | OK | OK | WARNINGS | OK | |||||||||
|
To the developers/maintainers of the gDRcore package: - Allow up to 24 hours (and sometimes 48 hours) for your latest push to git@git.bioconductor.org:packages/gDRcore.git to reflect on this report. See Troubleshooting Build Report for more information. - Use the following Renviron settings to reproduce errors and warnings. - If 'R CMD check' started to fail recently on the Linux builder(s) over a missing dependency, add the missing dependency to 'Suggests:' in your DESCRIPTION file. See Renviron.bioc for more information. |
| Package: gDRcore |
| Version: 1.9.2 |
| Command: /Library/Frameworks/R.framework/Resources/bin/R CMD check --install=check:gDRcore.install-out.txt --library=/Library/Frameworks/R.framework/Resources/library --no-vignettes --timings gDRcore_1.9.2.tar.gz |
| StartedAt: 2025-11-18 21:10:59 -0500 (Tue, 18 Nov 2025) |
| EndedAt: 2025-11-18 21:17:34 -0500 (Tue, 18 Nov 2025) |
| EllapsedTime: 394.5 seconds |
| RetCode: 0 |
| Status: WARNINGS |
| CheckDir: gDRcore.Rcheck |
| Warnings: 1 |
##############################################################################
##############################################################################
###
### Running command:
###
### /Library/Frameworks/R.framework/Resources/bin/R CMD check --install=check:gDRcore.install-out.txt --library=/Library/Frameworks/R.framework/Resources/library --no-vignettes --timings gDRcore_1.9.2.tar.gz
###
##############################################################################
##############################################################################
* using log directory ‘/Users/biocbuild/bbs-3.23-bioc/meat/gDRcore.Rcheck’
* using R Under development (unstable) (2025-10-21 r88958)
* using platform: x86_64-apple-darwin20
* R was compiled by
Apple clang version 14.0.0 (clang-1400.0.29.202)
GNU Fortran (GCC) 14.2.0
* running under: macOS Ventura 13.7.8
* using session charset: UTF-8
* using option ‘--no-vignettes’
* checking for file ‘gDRcore/DESCRIPTION’ ... OK
* checking extension type ... Package
* this is package ‘gDRcore’ version ‘1.9.2’
* package encoding: UTF-8
* checking package namespace information ... OK
* checking package dependencies ... OK
* checking if this is a source package ... OK
* checking if there is a namespace ... OK
* checking for hidden files and directories ... OK
* checking for portable file names ... OK
* checking for sufficient/correct file permissions ... OK
* checking whether package ‘gDRcore’ can be installed ... WARNING
Found the following significant warnings:
Warning: stack imbalance in '::', 33 then 34
Warning: stack imbalance in 'sprintf', 29 then 30
Warning: stack imbalance in '<-', 25 then 26
See ‘/Users/biocbuild/bbs-3.23-bioc/meat/gDRcore.Rcheck/00install.out’ for details.
* used C++ compiler: ‘Apple clang version 14.0.3 (clang-1403.0.22.14.1)’
* used SDK: ‘MacOSX11.3.1.sdk’
* checking installed package size ... OK
* checking package directory ... OK
* checking ‘build’ directory ... OK
* checking DESCRIPTION meta-information ... OK
* checking top-level files ... OK
* checking for left-over files ... OK
* checking index information ... OK
* checking package subdirectories ... OK
* checking code files for non-ASCII characters ... OK
* checking R files for syntax errors ... OK
* checking whether the package can be loaded ... OK
* checking whether the package can be loaded with stated dependencies ... OK
* checking whether the package can be unloaded cleanly ... OK
* checking whether the namespace can be loaded with stated dependencies ... OK
* checking whether the namespace can be unloaded cleanly ... OK
* checking whether startup messages can be suppressed ... OK
* checking dependencies in R code ... OK
* checking S3 generic/method consistency ... OK
* checking replacement functions ... OK
* checking foreign function calls ... OK
* checking R code for possible problems ... NOTE
fit_SE.combinations : <anonymous>: no visible binding for global
variable ‘hsa_score’
fit_SE.combinations : <anonymous>: no visible binding for global
variable ‘bliss_score’
Undefined global functions or variables:
bliss_score hsa_score
* checking Rd files ... OK
* checking Rd metadata ... OK
* checking Rd cross-references ... NOTE
Found the following Rd file(s) with Rd \link{} targets missing package
anchors:
fit_SE.combinations.Rd: SummarizedExperiment-class
runDrugResponseProcessingPipelineFxns.Rd: SummarizedExperiment-class
Please provide package anchors for all Rd \link{} targets not in the
package itself and the base packages.
* checking for missing documentation entries ... OK
* checking for code/documentation mismatches ... OK
* checking Rd \usage sections ... OK
* checking Rd contents ... OK
* checking for unstated dependencies in examples ... OK
* checking line endings in C/C++/Fortran sources/headers ... OK
* checking compiled code ... NOTE
Note: information on .o files is not available
File ‘gDRcore/libs/gDRcore.so’:
Found non-API call to R: ‘STRING_PTR’
Compiled code should not call non-API entry points in R.
See ‘Writing portable packages’ in the ‘Writing R Extensions’ manual,
and section ‘Moving into C API compliance’ for issues with the use of
non-API entry points.
* checking files in ‘vignettes’ ... OK
* checking examples ... OK
Examples with CPU (user + system) or elapsed time > 5s
user system elapsed
runDrugResponseProcessingPipelineFxns 22.114 0.856 23.215
annotate_dt_with_cell_line 5.893 0.336 6.286
* checking for unstated dependencies in ‘tests’ ... OK
* checking tests ...
Running ‘testthat.R’
OK
* checking for unstated dependencies in vignettes ... OK
* checking package vignettes ... OK
* checking running R code from vignettes ... SKIPPED
* checking re-building of vignette outputs ... SKIPPED
* checking PDF version of manual ... OK
* DONE
Status: 1 WARNING, 3 NOTEs
See
‘/Users/biocbuild/bbs-3.23-bioc/meat/gDRcore.Rcheck/00check.log’
for details.
gDRcore.Rcheck/00install.out
############################################################################## ############################################################################## ### ### Running command: ### ### /Library/Frameworks/R.framework/Resources/bin/R CMD INSTALL gDRcore ### ############################################################################## ############################################################################## * installing to library ‘/Library/Frameworks/R.framework/Versions/4.6-x86_64/Resources/library’ * installing *source* package ‘gDRcore’ ... ** this is package ‘gDRcore’ version ‘1.9.2’ ** using staged installation ** libs using C++ compiler: ‘Apple clang version 14.0.3 (clang-1403.0.22.14.1)’ using SDK: ‘MacOSX11.3.1.sdk’ clang++ -arch x86_64 -std=gnu++17 -I"/Library/Frameworks/R.framework/Resources/include" -DNDEBUG -I/opt/R/x86_64/include -fPIC -falign-functions=64 -Wall -g -O2 -c gDRcore.cpp -o gDRcore.o clang++ -arch x86_64 -std=gnu++17 -dynamiclib -Wl,-headerpad_max_install_names -undefined dynamic_lookup -L/Library/Frameworks/R.framework/Resources/lib -L/opt/R/x86_64/lib -o gDRcore.so gDRcore.o -F/Library/Frameworks/R.framework/.. -framework R installing to /Library/Frameworks/R.framework/Versions/4.6-x86_64/Resources/library/00LOCK-gDRcore/00new/gDRcore/libs ** R ** inst ** byte-compile and prepare package for lazy loading Warning: stack imbalance in '::', 33 then 34 Warning: stack imbalance in 'sprintf', 29 then 30 Warning: stack imbalance in '<-', 25 then 26 ** help *** installing help indices ** building package indices ** installing vignettes ** testing if installed package can be loaded from temporary location ** checking absolute paths in shared objects and dynamic libraries ** testing if installed package can be loaded from final location ** testing if installed package keeps a record of temporary installation path * DONE (gDRcore)
gDRcore.Rcheck/tests/testthat.Rout
R Under development (unstable) (2025-10-21 r88958) -- "Unsuffered Consequences"
Copyright (C) 2025 The R Foundation for Statistical Computing
Platform: x86_64-apple-darwin20
R is free software and comes with ABSOLUTELY NO WARRANTY.
You are welcome to redistribute it under certain conditions.
Type 'license()' or 'licence()' for distribution details.
R is a collaborative project with many contributors.
Type 'contributors()' for more information and
'citation()' on how to cite R or R packages in publications.
Type 'demo()' for some demos, 'help()' for on-line help, or
'help.start()' for an HTML browser interface to help.
Type 'q()' to quit R.
> library("gDRcore")
> library("testthat")
>
> test_check("gDRcore")
Warning: stack imbalance in '<-', 77 then 78
Warning: stack imbalance in '{', 73 then 74
INFO [2025-11-18 21:14:30]
INFO [2025-11-18 21:14:30]
INFO [2025-11-18 21:14:30]
INFO [2025-11-18 21:14:30]
INFO [2025-11-18 21:17:10]
INFO [2025-11-18 21:17:10]
INFO [2025-11-18 21:17:10]
INFO [2025-11-18 21:17:10] Manifest loaded successfully
INFO [2025-11-18 21:17:10] Reading Template_7daytreated.xlsx with load_templates_xlsx
INFO [2025-11-18 21:17:10] Loading Template_7daytreated.xlsx
INFO [2025-11-18 21:17:10] Loading Template_Untreated.xlsx
INFO [2025-11-18 21:17:10] Templates loaded successfully!
INFO [2025-11-18 21:17:10] Reading file /Library/Frameworks/R.framework/Versions/4.6-x86_64/Resources/library/gDRimport/extdata/data1/RawData_day0.xlsx, sheet Readout_0077vs0068_day7
INFO [2025-11-18 21:17:11] Plate 201904190a read; 384 wells
INFO [2025-11-18 21:17:11] Plate 201904190b read; 384 wells
INFO [2025-11-18 21:17:11] Plate 201904190c read; 384 wells
INFO [2025-11-18 21:17:11] Plate 201904190d read; 384 wells
INFO [2025-11-18 21:17:11] Plate 201904190e read; 384 wells
INFO [2025-11-18 21:17:11] Plate 201904190f read; 384 wells
INFO [2025-11-18 21:17:11] File done
INFO [2025-11-18 21:17:11] Reading file /Library/Frameworks/R.framework/Versions/4.6-x86_64/Resources/library/gDRimport/extdata/data1/RawData_day7.xlsx, sheet Readout_0077vs0068_day7
INFO [2025-11-18 21:17:11] Plate 201904197a read; 384 wells
INFO [2025-11-18 21:17:11] Plate 201904197b read; 384 wells
INFO [2025-11-18 21:17:11] Plate 201904197c read; 384 wells
INFO [2025-11-18 21:17:11] Plate 201904197d read; 384 wells
INFO [2025-11-18 21:17:11] Plate 201904197e read; 384 wells
INFO [2025-11-18 21:17:11] Plate 201904197f read; 384 wells
INFO [2025-11-18 21:17:11] File done
INFO [2025-11-18 21:17:12] Manifest loaded successfully
INFO [2025-11-18 21:17:12] Reading Template_7daytreated.xlsx with load_templates_xlsx
INFO [2025-11-18 21:17:12] Loading Template_7daytreated.xlsx
INFO [2025-11-18 21:17:12] Loading Template_Untreated.xlsx
INFO [2025-11-18 21:17:12] Templates loaded successfully!
INFO [2025-11-18 21:17:12] Reading file /Library/Frameworks/R.framework/Versions/4.6-x86_64/Resources/library/gDRimport/extdata/data1/RawData_day0.xlsx, sheet Readout_0077vs0068_day7
INFO [2025-11-18 21:17:12] Plate 201904190a read; 384 wells
INFO [2025-11-18 21:17:12] Plate 201904190b read; 384 wells
INFO [2025-11-18 21:17:12] Plate 201904190c read; 384 wells
INFO [2025-11-18 21:17:12] Plate 201904190d read; 384 wells
INFO [2025-11-18 21:17:12] Plate 201904190e read; 384 wells
INFO [2025-11-18 21:17:12] Plate 201904190f read; 384 wells
INFO [2025-11-18 21:17:12] File done
INFO [2025-11-18 21:17:12] Reading file /Library/Frameworks/R.framework/Versions/4.6-x86_64/Resources/library/gDRimport/extdata/data1/RawData_day7.xlsx, sheet Readout_0077vs0068_day7
INFO [2025-11-18 21:17:13] Plate 201904197a read; 384 wells
INFO [2025-11-18 21:17:13] Plate 201904197b read; 384 wells
INFO [2025-11-18 21:17:13] Plate 201904197c read; 384 wells
INFO [2025-11-18 21:17:13] Plate 201904197d read; 384 wells
INFO [2025-11-18 21:17:13] Plate 201904197e read; 384 wells
INFO [2025-11-18 21:17:13] Plate 201904197f read; 384 wells
INFO [2025-11-18 21:17:13] File done
[ FAIL 0 | WARN 0 | SKIP 0 | PASS 235 ]
>
> proc.time()
user system elapsed
257.095 4.523 264.769
gDRcore.Rcheck/gDRcore-Ex.timings
| name | user | system | elapsed | |
| annotate_dt_with_cell_line | 5.893 | 0.336 | 6.286 | |
| annotate_dt_with_drug | 0.032 | 0.054 | 0.090 | |
| annotate_mae_with_cell_line | 1.243 | 0.094 | 1.344 | |
| annotate_mae_with_drug | 0.221 | 0.076 | 0.299 | |
| annotate_se_with_cell_line | 0.044 | 0.055 | 0.098 | |
| annotate_se_with_drug | 0.038 | 0.061 | 0.099 | |
| calculate_GR_value | 0.003 | 0.001 | 0.003 | |
| calculate_excess | 0.043 | 0.001 | 0.045 | |
| calculate_matrix_metric | 0.021 | 0.007 | 0.028 | |
| calculate_score | 0.035 | 0.001 | 0.037 | |
| cleanup_metadata | 0.363 | 0.131 | 0.500 | |
| convert_mae_to_raw_data | 0.802 | 0.085 | 0.897 | |
| convert_se_to_raw_data | 0.107 | 0.005 | 0.113 | |
| data_model | 0.002 | 0.000 | 0.002 | |
| fit_SE.combinations | 3.665 | 0.123 | 3.817 | |
| get_cell_line_annotation | 0.021 | 0.056 | 0.077 | |
| get_cellline_annotation_from_dt | 0.014 | 0.001 | 0.015 | |
| get_default_nested_identifiers | 0.001 | 0.000 | 0.001 | |
| get_drug_annotation | 0.017 | 0.050 | 0.068 | |
| get_drug_annotation_from_dt | 0.006 | 0.000 | 0.007 | |
| grr_matches | 0.016 | 0.001 | 0.017 | |
| identify_data_type | 0.050 | 0.002 | 0.052 | |
| identify_keys | 0.219 | 0.003 | 0.223 | |
| map_df | 0.296 | 0.010 | 0.307 | |
| map_ids_to_fits | 0.002 | 0.001 | 0.002 | |
| merge_data | 1.913 | 0.225 | 2.174 | |
| prepare_input | 1.748 | 0.212 | 1.998 | |
| process_perturbations | 0.008 | 0.001 | 0.009 | |
| replace_conc_with_standardized_conc | 0.001 | 0.000 | 0.001 | |
| runDrugResponseProcessingPipelineFxns | 22.114 | 0.856 | 23.215 | |
| split_raw_data | 0.316 | 0.011 | 0.330 | |
| test_synthetic_data | 0.829 | 0.019 | 0.853 | |