Back to Build/check report for BioC 3.22:   simplified   long
ABCDE[F]GHIJKLMNOPQRSTUVWXYZ

This page was generated on 2025-10-27 12:45 -0400 (Mon, 27 Oct 2025).

HostnameOSArch (*)R versionInstalled pkgs
kjohnson3macOS 13.7.7 Venturaarm644.5.1 Patched (2025-09-10 r88807) -- "Great Square Root" 4637
Click on any hostname to see more info about the system (e.g. compilers)      (*) as reported by 'uname -p', except on Windows and Mac OS X

Package 775/2361HostnameOS / ArchINSTALLBUILDCHECKBUILD BIN
fobitools 1.17.0  (landing page)
Pol Castellano-Escuder
Snapshot Date: 2025-10-26 13:45 -0400 (Sun, 26 Oct 2025)
git_url: https://git.bioconductor.org/packages/fobitools
git_branch: devel
git_last_commit: b368f56
git_last_commit_date: 2025-04-15 12:19:04 -0400 (Tue, 15 Apr 2025)
kjohnson3macOS 13.7.7 Ventura / arm64  OK    ERROR  skippedskipped


BUILD results for fobitools on kjohnson3

To the developers/maintainers of the fobitools package:
- Allow up to 24 hours (and sometimes 48 hours) for your latest push to git@git.bioconductor.org:packages/fobitools.git to reflect on this report. See Troubleshooting Build Report for more information.
- Use the following Renviron settings to reproduce errors and warnings.
- If 'R CMD check' started to fail recently on the Linux builder(s) over a missing dependency, add the missing dependency to 'Suggests:' in your DESCRIPTION file. See Renviron.bioc for more information.

raw results


Summary

Package: fobitools
Version: 1.17.0
Command: /Library/Frameworks/R.framework/Resources/bin/R CMD build --keep-empty-dirs --no-resave-data fobitools
StartedAt: 2025-10-26 16:31:11 -0400 (Sun, 26 Oct 2025)
EndedAt: 2025-10-26 16:32:04 -0400 (Sun, 26 Oct 2025)
EllapsedTime: 52.6 seconds
RetCode: 1
Status:   ERROR  
PackageFile: None
PackageFileSize: NA

Command output

##############################################################################
##############################################################################
###
### Running command:
###
###   /Library/Frameworks/R.framework/Resources/bin/R CMD build --keep-empty-dirs --no-resave-data fobitools
###
##############################################################################
##############################################################################


* checking for file ‘fobitools/DESCRIPTION’ ... OK
* preparing ‘fobitools’:
* checking DESCRIPTION meta-information ... OK
* installing the package to build vignettes
* creating vignettes ... ERROR
--- re-building ‘Dietary_data_annotation.Rmd’ using rmarkdown
2025-10-26 16:31:21.682 R[21799:550072223] XType: Using static font registry.
Warning: ggrepel: 83 unlabeled data points (too many overlaps). Consider increasing max.overlaps
--- finished re-building ‘Dietary_data_annotation.Rmd’

--- re-building ‘MW_ST000291_enrichment.Rmd’ using rmarkdown

Quitting from MW_ST000291_enrichment.Rmd:79-91 [unnamed-chunk-5]
~~~~~~~~~~~~~~~~~~~~~~~~~~~~~~~~~~~~~~~~~~~~~~~~~~~~~~~~~~~~~~~~~~~~~~~~~~~~~~~~
<error/rlang_error>
Error in `curl::curl_fetch_memory()`:
! Timeout was reached [www.metabolomicsworkbench.org]:
Resolving timed out after 10002 milliseconds
---
Backtrace:
     ▆
  1. ├─metabolomicsWorkbenchR::do_query(...)
  2. ├─metabolomicsWorkbenchR::do_query(...)
  3. │ ├─metabolomicsWorkbenchR::do_query(...)
  4. │ └─metabolomicsWorkbenchR::do_query(...)
  5. │   ├─metabolomicsWorkbenchR::do_query(...)
  6. │   └─metabolomicsWorkbenchR::do_query(...)
  7. │     ├─metabolomicsWorkbenchR::do_query(...)
  8. │     └─metabolomicsWorkbenchR::do_query(...)
  9. │       └─metabolomicsWorkbenchR:::use_api(str, output_item, input_value)
 10. │         └─httr::GET(url = str)
 11. │           └─httr:::request_perform(req, hu$handle$handle)
 12. │             ├─httr:::request_fetch(req$output, req$url, handle)
 13. │             └─httr:::request_fetch.write_memory(req$output, req$url, handle)
 14. │               └─curl::curl_fetch_memory(url, handle = handle)
 15. └─curl:::raise_libcurl_error(...)
~~~~~~~~~~~~~~~~~~~~~~~~~~~~~~~~~~~~~~~~~~~~~~~~~~~~~~~~~~~~~~~~~~~~~~~~~~~~~~~~

Error: processing vignette 'MW_ST000291_enrichment.Rmd' failed with diagnostics:
Timeout was reached [www.metabolomicsworkbench.org]:
Resolving timed out after 10002 milliseconds
--- failed re-building ‘MW_ST000291_enrichment.Rmd’

--- re-building ‘MW_ST000629_enrichment.Rmd’ using rmarkdown

Quitting from MW_ST000629_enrichment.Rmd:78-84 [unnamed-chunk-5]
~~~~~~~~~~~~~~~~~~~~~~~~~~~~~~~~~~~~~~~~~~~~~~~~~~~~~~~~~~~~~~~~~~~~~~~~~~~~~~~~
<error/rlang_error>
Error in `curl::curl_fetch_memory()`:
! Could not resolve hostname [www.metabolomicsworkbench.org]:
Could not resolve host: www.metabolomicsworkbench.org
---
Backtrace:
     ▆
  1. ├─metabolomicsWorkbenchR::do_query(...)
  2. ├─metabolomicsWorkbenchR::do_query(...)
  3. │ ├─metabolomicsWorkbenchR::do_query(...)
  4. │ └─metabolomicsWorkbenchR::do_query(...)
  5. │   ├─metabolomicsWorkbenchR::do_query(...)
  6. │   └─metabolomicsWorkbenchR::do_query(...)
  7. │     ├─metabolomicsWorkbenchR::do_query(...)
  8. │     └─metabolomicsWorkbenchR::do_query(...)
  9. │       └─metabolomicsWorkbenchR:::use_api(str, output_item, input_value)
 10. │         └─httr::GET(url = str)
 11. │           └─httr:::request_perform(req, hu$handle$handle)
 12. │             ├─httr:::request_fetch(req$output, req$url, handle)
 13. │             └─httr:::request_fetch.write_memory(req$output, req$url, handle)
 14. │               └─curl::curl_fetch_memory(url, handle = handle)
 15. └─curl:::raise_libcurl_error(...)
~~~~~~~~~~~~~~~~~~~~~~~~~~~~~~~~~~~~~~~~~~~~~~~~~~~~~~~~~~~~~~~~~~~~~~~~~~~~~~~~

Error: processing vignette 'MW_ST000629_enrichment.Rmd' failed with diagnostics:
Could not resolve hostname [www.metabolomicsworkbench.org]:
Could not resolve host: www.metabolomicsworkbench.org
--- failed re-building ‘MW_ST000629_enrichment.Rmd’

--- re-building ‘food_enrichment_analysis.Rmd’ using rmarkdown
Warning: ggrepel: 119 unlabeled data points (too many overlaps). Consider increasing max.overlaps
--- finished re-building ‘food_enrichment_analysis.Rmd’

SUMMARY: processing the following files failed:
  ‘MW_ST000291_enrichment.Rmd’ ‘MW_ST000629_enrichment.Rmd’

Error: Vignette re-building failed.
Execution halted