Back to Multiple platform build/check report for BioC 3.23:   simplified   long
ABCDE[F]GHIJKLMNOPQRSTUVWXYZ

This page was generated on 2025-11-17 11:38 -0500 (Mon, 17 Nov 2025).

HostnameOSArch (*)R versionInstalled pkgs
nebbiolo1Linux (Ubuntu 24.04.3 LTS)x86_64R Under development (unstable) (2025-10-20 r88955) -- "Unsuffered Consequences" 4826
lconwaymacOS 12.7.6 Montereyx86_64R Under development (unstable) (2025-10-21 r88958) -- "Unsuffered Consequences" 4491
kjohnson3macOS 13.7.7 Venturaarm64R Under development (unstable) (2025-11-04 r88984) -- "Unsuffered Consequences" 4562
Click on any hostname to see more info about the system (e.g. compilers)      (*) as reported by 'uname -p', except on Windows and Mac OS X

Package 733/2325HostnameOS / ArchINSTALLBUILDCHECKBUILD BIN
flagme 1.67.0  (landing page)
Mark Robinson , Riccardo Romoli
Snapshot Date: 2025-11-16 13:40 -0500 (Sun, 16 Nov 2025)
git_url: https://git.bioconductor.org/packages/flagme
git_branch: devel
git_last_commit: bfb88ad
git_last_commit_date: 2025-10-29 10:02:02 -0500 (Wed, 29 Oct 2025)
nebbiolo1Linux (Ubuntu 24.04.3 LTS) / x86_64  OK    OK    WARNINGS  UNNEEDED, same version is already published
lconwaymacOS 12.7.6 Monterey / x86_64  OK    OK    WARNINGS    OK  NO, package depends on 'xcms' which is only available as a source package that needs compilation
kjohnson3macOS 13.7.7 Ventura / arm64  OK    OK    WARNINGS    OK  NO, package depends on 'xcms' which is only available as a source package that needs compilation


CHECK results for flagme on nebbiolo1

To the developers/maintainers of the flagme package:
- Allow up to 24 hours (and sometimes 48 hours) for your latest push to git@git.bioconductor.org:packages/flagme.git to reflect on this report. See Troubleshooting Build Report for more information.
- Use the following Renviron settings to reproduce errors and warnings.
- If 'R CMD check' started to fail recently on the Linux builder(s) over a missing dependency, add the missing dependency to 'Suggests:' in your DESCRIPTION file. See Renviron.bioc for more information.

raw results


Summary

Package: flagme
Version: 1.67.0
Command: /home/biocbuild/bbs-3.23-bioc/R/bin/R CMD check --install=check:flagme.install-out.txt --library=/home/biocbuild/bbs-3.23-bioc/R/site-library --timings flagme_1.67.0.tar.gz
StartedAt: 2025-11-16 23:42:15 -0500 (Sun, 16 Nov 2025)
EndedAt: 2025-11-16 23:58:36 -0500 (Sun, 16 Nov 2025)
EllapsedTime: 980.5 seconds
RetCode: 0
Status:   WARNINGS  
CheckDir: flagme.Rcheck
Warnings: 2

Command output

##############################################################################
##############################################################################
###
### Running command:
###
###   /home/biocbuild/bbs-3.23-bioc/R/bin/R CMD check --install=check:flagme.install-out.txt --library=/home/biocbuild/bbs-3.23-bioc/R/site-library --timings flagme_1.67.0.tar.gz
###
##############################################################################
##############################################################################


* using log directory ‘/home/biocbuild/bbs-3.23-bioc/meat/flagme.Rcheck’
* using R Under development (unstable) (2025-10-20 r88955)
* using platform: x86_64-pc-linux-gnu
* R was compiled by
    gcc (Ubuntu 13.3.0-6ubuntu2~24.04) 13.3.0
    GNU Fortran (Ubuntu 13.3.0-6ubuntu2~24.04) 13.3.0
* running under: Ubuntu 24.04.3 LTS
* using session charset: UTF-8
* checking for file ‘flagme/DESCRIPTION’ ... OK
* this is package ‘flagme’ version ‘1.67.0’
* package encoding: UTF-8
* checking package namespace information ... OK
* checking package dependencies ... OK
* checking if this is a source package ... OK
* checking if there is a namespace ... OK
* checking for hidden files and directories ... OK
* checking for portable file names ... OK
* checking for sufficient/correct file permissions ... OK
* checking whether package ‘flagme’ can be installed ... OK
* used C compiler: ‘gcc (Ubuntu 13.3.0-6ubuntu2~24.04) 13.3.0’
* checking installed package size ... OK
* checking package directory ... OK
* checking ‘build’ directory ... OK
* checking DESCRIPTION meta-information ... OK
* checking top-level files ... OK
* checking for left-over files ... OK
* checking index information ... OK
* checking package subdirectories ... OK
* checking code files for non-ASCII characters ... OK
* checking R files for syntax errors ... OK
* checking whether the package can be loaded ... OK
* checking whether the package can be loaded with stated dependencies ... OK
* checking whether the package can be unloaded cleanly ... OK
* checking whether the namespace can be loaded with stated dependencies ... OK
* checking whether the namespace can be unloaded cleanly ... OK
* checking loading without being on the library search path ... OK
* checking whether startup messages can be suppressed ... OK
* checking dependencies in R code ... NOTE
Unexported object imported by a ':::' call: ‘xcms:::rectUnique’
  See the note in ?`:::` about the use of this operator.
* checking S3 generic/method consistency ... OK
* checking replacement functions ... OK
* checking foreign function calls ... OK
* checking R code for possible problems ... NOTE
addXCMSPeaks: no visible global function definition for ‘bpparam’
addXCMSPeaks: no visible global function definition for ‘sampnames’
addXCMSPeaks : <anonymous> : <anonymous>: no visible global function
  definition for ‘setNames’
importSpec : <anonymous>: no visible global function definition for
  ‘setNames’
Undefined global functions or variables:
  bpparam sampnames setNames
Consider adding
  importFrom("stats", "setNames")
to your NAMESPACE file.
* checking Rd files ... OK
* checking Rd metadata ... OK
* checking Rd cross-references ... WARNING
Missing link(s) in Rd file 'addXCMSPeaks.Rd':
  ‘[xcms]{findPeaks-matchedFilter}’ ‘[xcms]{findPeaks-centWave}’
  ‘[xcms]{peaksDataset}’

Missing link(s) in Rd file 'plotAlignment-peaksAlignment-method.Rd':
  ‘plotAlignment’

Missing link(s) in Rd file 'plotClustAlignment-clusterAlignment-method.Rd':
  ‘plotAlignment’

See section 'Cross-references' in the 'Writing R Extensions' manual.

Found the following Rd file(s) with Rd \link{} targets missing package
anchors:
  plotAlignment-peaksAlignment-method.Rd: plotAlignment
  plotClustAlignment-clusterAlignment-method.Rd: plotAlignment
Please provide package anchors for all Rd \link{} targets not in the
package itself and the base packages.
* checking for missing documentation entries ... WARNING
Undocumented code objects:
  ‘plotAlignment’ ‘plotChrom’ ‘plotClustAlignment’
Undocumented S4 methods:
  generic 'show' and siglist 'betweenAlignment'
All user-level objects in a package (including S4 classes and methods)
should have documentation entries.
See chapter ‘Writing R documentation files’ in the ‘Writing R
Extensions’ manual.
* checking for code/documentation mismatches ... OK
* checking Rd \usage sections ... OK
* checking Rd contents ... OK
* checking for unstated dependencies in examples ... OK
* checking line endings in C/C++/Fortran sources/headers ... OK
* checking compiled code ... INFO
Note: information on .o files is not available
* checking sizes of PDF files under ‘inst/doc’ ...* checking files in ‘vignettes’ ... OK
* checking examples ... OK
Examples with CPU (user + system) or elapsed time > 5s
                                             user system elapsed
plotAlignedFrags                           97.067 16.483  59.812
corPrt                                     46.383  9.108  39.311
addXCMSPeaks                               47.314  7.417  39.825
peaksAlignment-class                       45.970  8.371  37.796
plotAlignment-peaksAlignment-method        44.734  7.788  36.351
dynRT                                      43.149  7.686  35.509
ndpRT                                      43.117  6.955  34.820
retFatMatrix                               41.087  7.705  34.371
progressiveAlignment-class                 40.921  6.726  33.401
plotFrags                                  40.620  6.643  32.602
imputePeaks                                10.517  0.154  10.676
plotChrom-peaksDataset-method               7.328  0.291   7.620
gatherInfo                                  7.327  0.215   7.560
multipleAlignment-class                     7.202  0.078   7.281
calcTimeDiffs                               7.000  0.191   7.194
clusterAlignment                            6.400  0.077   6.476
dp                                          6.082  0.263   6.346
rmaFitUnit                                  5.691  0.140   5.832
addAMDISPeaks                               5.203  0.463   5.693
normDotProduct                              5.218  0.049   5.268
peaksDataset                                5.008  0.204   5.212
plotClustAlignment-clusterAlignment-method  5.026  0.069   5.096
* checking for unstated dependencies in vignettes ... OK
* checking package vignettes ... OK
* checking re-building of vignette outputs ... OK
* checking PDF version of manual ... OK
* DONE

Status: 2 WARNINGs, 2 NOTEs
See
  ‘/home/biocbuild/bbs-3.23-bioc/meat/flagme.Rcheck/00check.log’
for details.


Installation output

flagme.Rcheck/00install.out

##############################################################################
##############################################################################
###
### Running command:
###
###   /home/biocbuild/bbs-3.23-bioc/R/bin/R CMD INSTALL flagme
###
##############################################################################
##############################################################################


* installing to library ‘/home/biocbuild/bbs-3.23-bioc/R/site-library’
* installing *source* package ‘flagme’ ...
** this is package ‘flagme’ version ‘1.67.0’
** using staged installation
** libs
using C compiler: ‘gcc (Ubuntu 13.3.0-6ubuntu2~24.04) 13.3.0’
gcc -std=gnu2x -I"/home/biocbuild/bbs-3.23-bioc/R/include" -DNDEBUG   -I/usr/local/include    -fpic  -g -O2  -Wall -Werror=format-security -c dp.c -o dp.o
dp.c: In function ‘dp’:
dp.c:264:35: warning: ‘tb’ may be used uninitialized [-Wmaybe-uninitialized]
  264 |           phi[(i+1)+(j+1)*(nr+1)] = tb;
      |           ~~~~~~~~~~~~~~~~~~~~~~~~^~~~
dp.c:217:30: note: ‘tb’ was declared here
  217 |   int i,j, nr=*nr_, nc=*nc_, tb, count=0, done=0;
      |                              ^~
dp.c:263:33: warning: ‘cur_min’ may be used uninitialized [-Wmaybe-uninitialized]
  263 |           D[(i+1)+(j+1)*(nr+1)] = cur_min;
      |           ~~~~~~~~~~~~~~~~~~~~~~^~~~~~~~~
dp.c:218:21: note: ‘cur_min’ was declared here
  218 |   double gap=*gap_, cur_min, a, b, c;
      |                     ^~~~~~~
gcc -std=gnu2x -I"/home/biocbuild/bbs-3.23-bioc/R/include" -DNDEBUG   -I/usr/local/include    -fpic  -g -O2  -Wall -Werror=format-security -c init.c -o init.o
gcc -std=gnu2x -I"/home/biocbuild/bbs-3.23-bioc/R/include" -DNDEBUG   -I/usr/local/include    -fpic  -g -O2  -Wall -Werror=format-security -c pearson.c -o pearson.o
gcc -std=gnu2x -shared -L/home/biocbuild/bbs-3.23-bioc/R/lib -L/usr/local/lib -o flagme.so dp.o init.o pearson.o -L/home/biocbuild/bbs-3.23-bioc/R/lib -lR
installing to /home/biocbuild/bbs-3.23-bioc/R/site-library/00LOCK-flagme/00new/flagme/libs
** R
** inst
** byte-compile and prepare package for lazy loading
** help
*** installing help indices
** building package indices
** installing vignettes
** testing if installed package can be loaded from temporary location
** checking absolute paths in shared objects and dynamic libraries
** testing if installed package can be loaded from final location
** testing if installed package keeps a record of temporary installation path
* DONE (flagme)

Tests output


Example timings

flagme.Rcheck/flagme-Ex.timings

nameusersystemelapsed
addAMDISPeaks5.2030.4635.693
addChromaTOFPeaks4.0870.2894.376
addXCMSPeaks47.314 7.41739.825
betweenAlignment000
calcTimeDiffs7.0000.1917.194
clusterAlignment6.4000.0776.476
corPrt46.383 9.10839.311
dp6.0820.2636.346
dynRT43.149 7.68635.509
gatherInfo7.3270.2157.560
imputePeaks10.517 0.15410.676
multipleAlignment-class7.2020.0787.281
ndpRT43.117 6.95534.820
normDotProduct5.2180.0495.268
parseChromaTOF1.9490.0041.954
parseELU1.7710.0011.771
peaksAlignment-class45.970 8.37137.796
peaksDataset5.0080.2045.212
plotAlignedFrags97.06716.48359.812
plotAlignment-peaksAlignment-method44.734 7.78836.351
plotChrom-peaksDataset-method7.3280.2917.620
plotClustAlignment-clusterAlignment-method5.0260.0695.096
plotFrags40.620 6.64332.602
plotImage3.0270.0253.052
progressiveAlignment-class40.921 6.72633.401
retFatMatrix41.087 7.70534.371
rmaFitUnit5.6910.1405.832