Back to Build/check report for BioC 3.23:   simplified   long
ABCDEFGHIJKLMNOPQRS[T]UVWXYZ

This page was generated on 2025-11-08 11:32 -0500 (Sat, 08 Nov 2025).

HostnameOSArch (*)R versionInstalled pkgs
nebbiolo1Linux (Ubuntu 24.04.3 LTS)x86_64R Under development (unstable) (2025-10-20 r88955) -- "Unsuffered Consequences" 4821
Click on any hostname to see more info about the system (e.g. compilers)      (*) as reported by 'uname -p', except on Windows and Mac OS X

Package 2157/2323HostnameOS / ArchINSTALLBUILDCHECKBUILD BIN
TCGAutils 1.31.1  (landing page)
Marcel Ramos
Snapshot Date: 2025-11-07 13:40 -0500 (Fri, 07 Nov 2025)
git_url: https://git.bioconductor.org/packages/TCGAutils
git_branch: devel
git_last_commit: 014a2cf
git_last_commit_date: 2025-11-06 17:11:08 -0500 (Thu, 06 Nov 2025)
nebbiolo1Linux (Ubuntu 24.04.3 LTS) / x86_64  OK    OK    ERROR  


CHECK results for TCGAutils on nebbiolo1

To the developers/maintainers of the TCGAutils package:
- Allow up to 24 hours (and sometimes 48 hours) for your latest push to git@git.bioconductor.org:packages/TCGAutils.git to reflect on this report. See Troubleshooting Build Report for more information.
- Use the following Renviron settings to reproduce errors and warnings.
- If 'R CMD check' started to fail recently on the Linux builder(s) over a missing dependency, add the missing dependency to 'Suggests:' in your DESCRIPTION file. See Renviron.bioc for more information.

raw results


Summary

Package: TCGAutils
Version: 1.31.1
Command: /home/biocbuild/bbs-3.23-bioc/R/bin/R CMD check --install=check:TCGAutils.install-out.txt --library=/home/biocbuild/bbs-3.23-bioc/R/site-library --timings TCGAutils_1.31.1.tar.gz
StartedAt: 2025-11-08 04:39:21 -0500 (Sat, 08 Nov 2025)
EndedAt: 2025-11-08 04:47:05 -0500 (Sat, 08 Nov 2025)
EllapsedTime: 463.6 seconds
RetCode: 1
Status:   ERROR  
CheckDir: TCGAutils.Rcheck
Warnings: NA

Command output

##############################################################################
##############################################################################
###
### Running command:
###
###   /home/biocbuild/bbs-3.23-bioc/R/bin/R CMD check --install=check:TCGAutils.install-out.txt --library=/home/biocbuild/bbs-3.23-bioc/R/site-library --timings TCGAutils_1.31.1.tar.gz
###
##############################################################################
##############################################################################


* using log directory ‘/home/biocbuild/bbs-3.23-bioc/meat/TCGAutils.Rcheck’
* using R Under development (unstable) (2025-10-20 r88955)
* using platform: x86_64-pc-linux-gnu
* R was compiled by
    gcc (Ubuntu 13.3.0-6ubuntu2~24.04) 13.3.0
    GNU Fortran (Ubuntu 13.3.0-6ubuntu2~24.04) 13.3.0
* running under: Ubuntu 24.04.3 LTS
* using session charset: UTF-8
* checking for file ‘TCGAutils/DESCRIPTION’ ... OK
* this is package ‘TCGAutils’ version ‘1.31.1’
* package encoding: UTF-8
* checking package namespace information ... OK
* checking package dependencies ... OK
* checking if this is a source package ... OK
* checking if there is a namespace ... OK
* checking for hidden files and directories ... OK
* checking for portable file names ... OK
* checking for sufficient/correct file permissions ... OK
* checking whether package ‘TCGAutils’ can be installed ... OK
* checking installed package size ... OK
* checking package directory ... OK
* checking ‘build’ directory ... OK
* checking DESCRIPTION meta-information ... OK
* checking top-level files ... OK
* checking for left-over files ... OK
* checking index information ... OK
* checking package subdirectories ... OK
* checking code files for non-ASCII characters ... OK
* checking R files for syntax errors ... OK
* checking whether the package can be loaded ... OK
* checking whether the package can be loaded with stated dependencies ... OK
* checking whether the package can be unloaded cleanly ... OK
* checking whether the namespace can be loaded with stated dependencies ... OK
* checking whether the namespace can be unloaded cleanly ... OK
* checking loading without being on the library search path ... OK
* checking dependencies in R code ... NOTE
Unexported object imported by a ':::' call: ‘GenomicRanges:::.normarg_field’
  See the note in ?`:::` about the use of this operator.
* checking S3 generic/method consistency ... OK
* checking replacement functions ... OK
* checking foreign function calls ... OK
* checking R code for possible problems ... NOTE
.get_hsa_genome: no visible global function definition for ‘tail’
Undefined global functions or variables:
  tail
Consider adding
  importFrom("utils", "tail")
to your NAMESPACE file.
* checking Rd files ... OK
* checking Rd metadata ... OK
* checking Rd cross-references ... OK
* checking for missing documentation entries ... OK
* checking for code/documentation mismatches ... OK
* checking Rd \usage sections ... OK
* checking Rd contents ... OK
* checking for unstated dependencies in examples ... OK
* checking contents of ‘data’ directory ... OK
* checking data for non-ASCII characters ... OK
* checking data for ASCII and uncompressed saves ... OK
* checking files in ‘vignettes’ ... OK
* checking examples ... ERROR
Running examples in ‘TCGAutils-Ex.R’ failed
The error most likely occurred in:

> base::assign(".ptime", proc.time(), pos = "CheckExEnv")
> ### Name: makeGRangesListFromCopyNumber
> ### Title: Make a GRangesList from TCGA Copy Number data
> ### Aliases: makeGRangesListFromCopyNumber
> 
> ### ** Examples
> 
> library(GenomicDataCommons)

Attaching package: ‘GenomicDataCommons’

The following object is masked from ‘package:stats’:

    filter

> 
> manif <- files() |>
+     filter(~ cases.project.project_id == "TCGA-COAD" &
+         data_type == "Copy Number Segment") |>
+     manifest(size = 1)
> 
> fname <- gdcdata(manif$id)
> 
> barcode <- UUIDtoBarcode(names(fname), from_type = "file_id")
> barcode <- barcode[["associated_entities.entity_submitter_id"]]
> 
> cndata <- read.delim(fname[[1L]], nrows = 10L)
> 
> cngrl <- makeGRangesListFromCopyNumber(cndata, split.field = "GDC_Aliquot",
+     keep.extra.columns = TRUE)
Error in makeGRangesListFromDataFrame(df = df, split.field = split.field,  : 
  'split.field' is not in 'names(df)'
Calls: makeGRangesListFromCopyNumber -> makeGRangesListFromDataFrame
Execution halted
Examples with CPU (user + system) or elapsed time > 5s
                          user system elapsed
TCGAprimaryTumors       15.187  2.266  19.200
imputeAssay             12.692  0.716  14.058
curatedTCGAData-helpers 12.029  0.804  13.544
ID-translation           2.096  0.220  14.869
* checking for unstated dependencies in ‘tests’ ... OK
* checking tests ...
  Running ‘testthat.R’
 OK
* checking for unstated dependencies in vignettes ... OK
* checking package vignettes ... OK
* checking re-building of vignette outputs ... OK
* checking PDF version of manual ... OK
* DONE

Status: 1 ERROR, 2 NOTEs
See
  ‘/home/biocbuild/bbs-3.23-bioc/meat/TCGAutils.Rcheck/00check.log’
for details.


Installation output

TCGAutils.Rcheck/00install.out

##############################################################################
##############################################################################
###
### Running command:
###
###   /home/biocbuild/bbs-3.23-bioc/R/bin/R CMD INSTALL TCGAutils
###
##############################################################################
##############################################################################


* installing to library ‘/home/biocbuild/bbs-3.23-bioc/R/site-library’
* installing *source* package ‘TCGAutils’ ...
** this is package ‘TCGAutils’ version ‘1.31.1’
** using staged installation
** R
** data
** inst
** byte-compile and prepare package for lazy loading
** help
*** installing help indices
** building package indices
** installing vignettes
** testing if installed package can be loaded from temporary location
** testing if installed package can be loaded from final location
** testing if installed package keeps a record of temporary installation path
* DONE (TCGAutils)

Tests output

TCGAutils.Rcheck/tests/testthat.Rout


R Under development (unstable) (2025-10-20 r88955) -- "Unsuffered Consequences"
Copyright (C) 2025 The R Foundation for Statistical Computing
Platform: x86_64-pc-linux-gnu

R is free software and comes with ABSOLUTELY NO WARRANTY.
You are welcome to redistribute it under certain conditions.
Type 'license()' or 'licence()' for distribution details.

R is a collaborative project with many contributors.
Type 'contributors()' for more information and
'citation()' on how to cite R or R packages in publications.

Type 'demo()' for some demos, 'help()' for on-line help, or
'help.start()' for an HTML browser interface to help.
Type 'q()' to quit R.

> library(testthat)
> 
> library(TCGAutils)
> 
> test_check("TCGAutils")
[ FAIL 0 | WARN 0 | SKIP 0 | PASS 49 ]
> 
> proc.time()
   user  system elapsed 
 14.764   0.996  23.304 

Example timings

TCGAutils.Rcheck/TCGAutils-Ex.timings

nameusersystemelapsed
ID-translation 2.096 0.22014.869
TCGAbarcode0.0010.0000.001
TCGAbiospec0.0170.0050.023
TCGAprimaryTumors15.187 2.26619.200
TCGAsampleSelect0.0070.0000.008
builds0.1130.0000.113
curatedTCGAData-helpers12.029 0.80413.544
findGRangesCols0.0020.0000.002
generateMap0.0280.0000.028
getFileName0.0700.0030.713
imputeAssay12.692 0.71614.058