| Back to Multiple platform build/check report for BioC 3.22: simplified long |
|
This page was generated on 2025-10-25 12:04 -0400 (Sat, 25 Oct 2025).
| Hostname | OS | Arch (*) | R version | Installed pkgs |
|---|---|---|---|---|
| nebbiolo2 | Linux (Ubuntu 24.04.3 LTS) | x86_64 | 4.5.1 Patched (2025-08-23 r88802) -- "Great Square Root" | 4901 |
| lconway | macOS 12.7.6 Monterey | x86_64 | 4.5.1 Patched (2025-09-10 r88807) -- "Great Square Root" | 4691 |
| kjohnson3 | macOS 13.7.7 Ventura | arm64 | 4.5.1 Patched (2025-09-10 r88807) -- "Great Square Root" | 4637 |
| taishan | Linux (openEuler 24.03 LTS) | aarch64 | 4.5.0 (2025-04-11) -- "How About a Twenty-Six" | 4658 |
| Click on any hostname to see more info about the system (e.g. compilers) (*) as reported by 'uname -p', except on Windows and Mac OS X | ||||
| Package 2190/2361 | Hostname | OS / Arch | INSTALL | BUILD | CHECK | BUILD BIN | ||||||||
| TCGAbiolinks 2.37.3 (landing page) Tiago Chedraoui Silva
| nebbiolo2 | Linux (Ubuntu 24.04.3 LTS) / x86_64 | OK | OK | WARNINGS | |||||||||
| lconway | macOS 12.7.6 Monterey / x86_64 | OK | OK | WARNINGS | OK | |||||||||
| kjohnson3 | macOS 13.7.7 Ventura / arm64 | OK | OK | WARNINGS | OK | |||||||||
| taishan | Linux (openEuler 24.03 LTS) / aarch64 | OK | NA | NA | ||||||||||
|
To the developers/maintainers of the TCGAbiolinks package: - Allow up to 24 hours (and sometimes 48 hours) for your latest push to git@git.bioconductor.org:packages/TCGAbiolinks.git to reflect on this report. See Troubleshooting Build Report for more information. - Use the following Renviron settings to reproduce errors and warnings. - If 'R CMD check' started to fail recently on the Linux builder(s) over a missing dependency, add the missing dependency to 'Suggests:' in your DESCRIPTION file. See Renviron.bioc for more information. |
| Package: TCGAbiolinks |
| Version: 2.37.3 |
| Command: /home/biocbuild/bbs-3.22-bioc/R/bin/R CMD check --install=check:TCGAbiolinks.install-out.txt --library=/home/biocbuild/bbs-3.22-bioc/R/site-library --timings TCGAbiolinks_2.37.3.tar.gz |
| StartedAt: 2025-10-25 04:52:00 -0400 (Sat, 25 Oct 2025) |
| EndedAt: 2025-10-25 05:08:31 -0400 (Sat, 25 Oct 2025) |
| EllapsedTime: 991.0 seconds |
| RetCode: 0 |
| Status: WARNINGS |
| CheckDir: TCGAbiolinks.Rcheck |
| Warnings: 2 |
##############################################################################
##############################################################################
###
### Running command:
###
### /home/biocbuild/bbs-3.22-bioc/R/bin/R CMD check --install=check:TCGAbiolinks.install-out.txt --library=/home/biocbuild/bbs-3.22-bioc/R/site-library --timings TCGAbiolinks_2.37.3.tar.gz
###
##############################################################################
##############################################################################
* using log directory ‘/home/biocbuild/bbs-3.22-bioc/meat/TCGAbiolinks.Rcheck’
* using R version 4.5.1 Patched (2025-08-23 r88802)
* using platform: x86_64-pc-linux-gnu
* R was compiled by
gcc (Ubuntu 13.3.0-6ubuntu2~24.04) 13.3.0
GNU Fortran (Ubuntu 13.3.0-6ubuntu2~24.04) 13.3.0
* running under: Ubuntu 24.04.3 LTS
* using session charset: UTF-8
* checking for file ‘TCGAbiolinks/DESCRIPTION’ ... OK
* checking extension type ... Package
* this is package ‘TCGAbiolinks’ version ‘2.37.3’
* package encoding: UTF-8
* checking package namespace information ... OK
* checking package dependencies ... INFO
Imports includes 23 non-default packages.
Importing from so many packages makes the package vulnerable to any of
them becoming unavailable. Move as many as possible to Suggests and
use conditionally.
* checking if this is a source package ... OK
* checking if there is a namespace ... OK
* checking for hidden files and directories ... OK
* checking for portable file names ... OK
* checking for sufficient/correct file permissions ... OK
* checking whether package ‘TCGAbiolinks’ can be installed ... OK
* checking installed package size ... INFO
installed size is 6.2Mb
sub-directories of 1Mb or more:
R 1.6Mb
data 4.3Mb
* checking package directory ... OK
* checking ‘build’ directory ... OK
* checking DESCRIPTION meta-information ... OK
* checking top-level files ... OK
* checking for left-over files ... OK
* checking index information ... OK
* checking package subdirectories ... OK
* checking code files for non-ASCII characters ... OK
* checking R files for syntax errors ... OK
* checking whether the package can be loaded ... OK
* checking whether the package can be loaded with stated dependencies ... OK
* checking whether the package can be unloaded cleanly ... OK
* checking whether the namespace can be loaded with stated dependencies ... OK
* checking whether the namespace can be unloaded cleanly ... OK
* checking loading without being on the library search path ... OK
* checking whether startup messages can be suppressed ... OK
* checking dependencies in R code ... WARNING
'::' or ':::' import not declared from: ‘dnet’
* checking S3 generic/method consistency ... WARNING
print:
function(x, ...)
print.header:
function(text, type)
See section ‘Generic functions and methods’ in the ‘Writing R
Extensions’ manual.
* checking replacement functions ... OK
* checking foreign function calls ... OK
* checking R code for possible problems ... NOTE
GDCprepare_clinic: no visible binding for global variable
‘bcr_patient_barcode’
GDCprepare_clinic: no visible binding for global variable
‘days_to_last_followup’
GDCprepare_clinic: no visible binding for global variable
‘vital_status’
GDCquery : <anonymous>: no visible binding for global variable
‘submitter_id’
GDCquery : <anonymous>: no visible binding for global variable
‘is_ffpe’
GDCquery_clinic: no visible binding for global variable ‘submitter_id’
GDCquery_clinic: no visible binding for global variable
‘days_to_follow_up’
GDCquery_clinic: no visible binding for global variable
‘disease_response’
GDCquery_clinic: no visible global function definition for ‘across’
GDCquery_clinic: no visible global function definition for ‘everything’
GDCquery_clinic : <anonymous>: no visible binding for global variable
‘submitter_id’
GDCquery_clinic : <anonymous>: no visible global function definition
for ‘across’
GDCquery_clinic : <anonymous>: no visible global function definition
for ‘everything’
TCGAanalyze_DEA: no visible binding for global variable ‘barcode’
TCGAanalyze_DEA: no visible binding for global variable ‘clinical’
TCGAquery_recount2: no visible binding for global variable ‘rse_gene’
TCGAtumor_purity: no visible binding for global variable ‘Tumor.purity’
TCGAvisualize_SurvivalCoxNET: no visible global function definition for
‘colorRampPalette’
TCGAvisualize_SurvivalCoxNET: no visible global function definition for
‘adjustcolor’
TCGAvisualize_oncoprint: no visible binding for global variable ‘value’
TCGAvisualize_starburst: no visible binding for global variable
‘gene_name’
TCGAvisualize_starburst: no visible binding for global variable
‘geFDR2’
TCGAvisualize_starburst: no visible binding for global variable ‘logFC’
TCGAvisualize_starburst: no visible binding for global variable
‘meFDR2’
TCGAvisualize_starburst: no visible binding for global variable
‘threshold.starburst’
TCGAvisualize_starburst: no visible binding for global variable
‘starburst.status’
colDataPrepare: no visible binding for global variable
‘sample_submitter_id’
colDataPrepare: no visible binding for global variable ‘submitter_id’
getBarcodeInfo: no visible binding for global variable
‘days_to_follow_up’
getBarcodeInfo: no visible binding for global variable
‘disease_response’
readExonQuantification: no visible binding for global variable ‘exon’
readExonQuantification: no visible binding for global variable
‘coordinates’
readSingleCellAnalysis : <anonymous>: no visible global function
definition for ‘Read10X’
read_gene_expression_quantification : <anonymous>: no visible binding
for '<<-' assignment to ‘assay.list’
read_gene_expression_quantification: no visible binding for global
variable ‘assay.list’
Undefined global functions or variables:
Read10X Tumor.purity across adjustcolor assay.list barcode
bcr_patient_barcode clinical colorRampPalette coordinates
days_to_follow_up days_to_last_followup disease_response everything
exon geFDR2 gene_name is_ffpe logFC meFDR2 rse_gene
sample_submitter_id starburst.status submitter_id threshold.starburst
value vital_status
Consider adding
importFrom("grDevices", "adjustcolor", "colorRampPalette")
to your NAMESPACE file.
* checking Rd files ... OK
* checking Rd metadata ... OK
* checking Rd cross-references ... OK
* checking for missing documentation entries ... OK
* checking for code/documentation mismatches ... OK
* checking Rd \usage sections ... OK
* checking Rd contents ... OK
* checking for unstated dependencies in examples ... OK
* checking contents of ‘data’ directory ... OK
* checking data for non-ASCII characters ... OK
* checking LazyData ... OK
* checking data for ASCII and uncompressed saves ... OK
* checking R/sysdata.rda ... OK
* checking files in ‘vignettes’ ... OK
* checking examples ... OK
Examples with CPU (user + system) or elapsed time > 5s
user system elapsed
TCGAanalyze_DEA 10.641 0.671 11.312
getManifest 8.257 0.807 123.660
TCGAanalyze_LevelTab 5.065 0.126 5.191
matchedMetExp 2.823 0.661 17.964
GDCprepare_clinic 1.517 0.361 38.899
getResults 1.536 0.257 16.497
GDCquery_clinic 1.403 0.168 5.703
GDCquery 1.164 0.320 11.466
* checking for unstated dependencies in ‘tests’ ... OK
* checking tests ...
Running ‘testthat.R’
OK
* checking for unstated dependencies in vignettes ... OK
* checking package vignettes ... OK
* checking re-building of vignette outputs ... OK
* checking PDF version of manual ... OK
* DONE
Status: 2 WARNINGs, 1 NOTE
See
‘/home/biocbuild/bbs-3.22-bioc/meat/TCGAbiolinks.Rcheck/00check.log’
for details.
TCGAbiolinks.Rcheck/00install.out
############################################################################## ############################################################################## ### ### Running command: ### ### /home/biocbuild/bbs-3.22-bioc/R/bin/R CMD INSTALL TCGAbiolinks ### ############################################################################## ############################################################################## * installing to library ‘/home/biocbuild/bbs-3.22-bioc/R/site-library’ * installing *source* package ‘TCGAbiolinks’ ... ** this is package ‘TCGAbiolinks’ version ‘2.37.3’ ** using staged installation ** R ** data *** moving datasets to lazyload DB ** inst ** byte-compile and prepare package for lazy loading ** help *** installing help indices ** building package indices ** installing vignettes ** testing if installed package can be loaded from temporary location ** testing if installed package can be loaded from final location ** testing if installed package keeps a record of temporary installation path * DONE (TCGAbiolinks)
TCGAbiolinks.Rcheck/tests/testthat.Rout
R version 4.5.1 Patched (2025-08-23 r88802) -- "Great Square Root"
Copyright (C) 2025 The R Foundation for Statistical Computing
Platform: x86_64-pc-linux-gnu
R is free software and comes with ABSOLUTELY NO WARRANTY.
You are welcome to redistribute it under certain conditions.
Type 'license()' or 'licence()' for distribution details.
R is a collaborative project with many contributors.
Type 'contributors()' for more information and
'citation()' on how to cite R or R packages in publications.
Type 'demo()' for some demos, 'help()' for on-line help, or
'help.start()' for an HTML browser interface to help.
Type 'q()' to quit R.
> library(testthat)
> library(TCGAbiolinks)
>
> test_check("TCGAbiolinks")
| | 0%
|========================== | 50% ~0 s remaining
|====================================================|100% ~0 s remaining
|====================================================|100% Completed after 0 s
| | 0%
|========================== | 50% ~0 s remaining
|====================================================|100% ~0 s remaining
|====================================================|100% Completed after 0 s
[1] "I need about 1 minute to finish complete Enrichment analysis GO[BP,MF,CC] and Pathways... "
[1] "GO Enrichment Analysis BP completed....done"
[1] "GO Enrichment Analysis MF completed....done"
[1] "GO Enrichment Analysis CC completed....done"
[1] "Pathway Enrichment Analysis completed....done"
[ FAIL 0 | WARN 0 | SKIP 24 | PASS 31 ]
══ Skipped tests (24) ══════════════════════════════════════════════════════════
• On Bioconductor (24): 'test-prepare-download.R:4:5',
'test-prepare-download.R:49:5', 'test-prepare-download.R:92:5',
'test-prepare-download.R:102:5', 'test-prepare-download.R:124:5',
'test-prepare-download.R:145:5', 'test-prepare-download.R:164:5',
'test-prepare-download.R:183:5', 'test-prepare-download.R:199:5',
'test-prepare-download.R:209:5', 'test-prepare-download.R:221:5',
'test-prepare-download.R:246:5', 'test-prepare-download.R:286:5',
'test-prepare-download.R:316:5', 'test-prepare-download.R:347:5',
'test-prepare-download.R:381:5', 'test-query-clinical.R:13:5',
'test-query-clinical.R:69:5', 'test-query.R:5:5', 'test-query.R:15:5',
'test-query.R:44:5', 'test-query.R:86:5', 'test-query.R:127:5',
'test-query.R:147:5'
[ FAIL 0 | WARN 0 | SKIP 24 | PASS 31 ]
>
> proc.time()
user system elapsed
42.647 1.351 44.001
TCGAbiolinks.Rcheck/TCGAbiolinks-Ex.timings
| name | user | system | elapsed | |
| GDCdownload | 0 | 0 | 0 | |
| GDCprepare | 0 | 0 | 0 | |
| GDCprepare_clinic | 1.517 | 0.361 | 38.899 | |
| GDCquery | 1.164 | 0.320 | 11.466 | |
| GDCquery_ATAC_seq | 0.538 | 0.109 | 1.896 | |
| GDCquery_clinic | 1.403 | 0.168 | 5.703 | |
| PanCancerAtlas_subtypes | 0.014 | 0.005 | 0.019 | |
| TCGAVisualize_volcano | 0.464 | 0.046 | 0.510 | |
| TCGA_MolecularSubtype | 0.291 | 0.000 | 0.294 | |
| TCGAanalyze_DEA | 10.641 | 0.671 | 11.312 | |
| TCGAanalyze_DEA_Affy | 0 | 0 | 0 | |
| TCGAanalyze_DMC | 1.227 | 0.095 | 1.323 | |
| TCGAanalyze_EA | 0 | 0 | 0 | |
| TCGAanalyze_EAcomplete | 1.905 | 0.124 | 2.029 | |
| TCGAanalyze_Filtering | 2.685 | 0.068 | 2.753 | |
| TCGAanalyze_LevelTab | 5.065 | 0.126 | 5.191 | |
| TCGAanalyze_Normalization | 0.998 | 0.015 | 1.013 | |
| TCGAanalyze_Pathview | 0 | 0 | 0 | |
| TCGAanalyze_Stemness | 1.262 | 0.010 | 1.272 | |
| TCGAanalyze_SurvivalKM | 0.125 | 0.003 | 0.127 | |
| TCGAanalyze_survival | 3.661 | 0.036 | 3.698 | |
| TCGAprepare_Affy | 0 | 0 | 0 | |
| TCGAquery_MatchedCoupledSampleTypes | 0.001 | 0.001 | 0.002 | |
| TCGAquery_SampleTypes | 0.001 | 0.000 | 0.001 | |
| TCGAquery_recount2 | 0 | 0 | 0 | |
| TCGAquery_subtype | 0.007 | 0.000 | 0.007 | |
| TCGAtumor_purity | 0.048 | 0.001 | 0.050 | |
| TCGAvisualize_EAbarplot | 1.796 | 0.001 | 1.797 | |
| TCGAvisualize_Heatmap | 1.832 | 0.040 | 1.871 | |
| TCGAvisualize_PCA | 1.510 | 0.034 | 1.544 | |
| TCGAvisualize_meanMethylation | 4.155 | 0.061 | 4.217 | |
| TCGAvisualize_oncoprint | 0 | 0 | 0 | |
| TCGAvisualize_starburst | 0 | 0 | 0 | |
| UseRaw_afterFilter | 0.001 | 0.000 | 0.000 | |
| colDataPrepare | 0.287 | 0.016 | 1.107 | |
| dmc.non.parametric | 0.096 | 0.003 | 0.098 | |
| dmc.non.parametric.se | 0.162 | 0.000 | 0.162 | |
| gaiaCNVplot | 0.028 | 0.001 | 0.030 | |
| geneInfoHT | 0 | 0 | 0 | |
| getAdjacencyBiogrid | 0.002 | 0.000 | 0.001 | |
| getDataCategorySummary | 1.466 | 0.159 | 4.241 | |
| getGDCInfo | 0.057 | 0.008 | 0.195 | |
| getGDCprojects | 0.073 | 0.009 | 0.330 | |
| getLinkedOmicsData | 0 | 0 | 0 | |
| getMC3MAF | 0 | 0 | 0 | |
| getManifest | 8.257 | 0.807 | 123.660 | |
| getNbCases | 0 | 0 | 0 | |
| getNbFiles | 0 | 0 | 0 | |
| getProjectSummary | 0.152 | 0.041 | 0.698 | |
| getResults | 1.536 | 0.257 | 16.497 | |
| getSampleFilesSummary | 0.577 | 0.110 | 2.637 | |
| getTSS | 0 | 0 | 0 | |
| gliomaClassifier | 0 | 0 | 0 | |
| isServeOK | 0.054 | 0.003 | 0.185 | |
| matchedMetExp | 2.823 | 0.661 | 17.964 | |