| Back to Build/check report for BioC 3.22: simplified long |
|
This page was generated on 2025-10-27 12:45 -0400 (Mon, 27 Oct 2025).
| Hostname | OS | Arch (*) | R version | Installed pkgs |
|---|---|---|---|---|
| kjohnson3 | macOS 13.7.7 Ventura | arm64 | 4.5.1 Patched (2025-09-10 r88807) -- "Great Square Root" | 4637 |
| Click on any hostname to see more info about the system (e.g. compilers) (*) as reported by 'uname -p', except on Windows and Mac OS X | ||||
| Package 2116/2361 | Hostname | OS / Arch | INSTALL | BUILD | CHECK | BUILD BIN | ||||||||
| SpotSweeper 1.5.1 (landing page) Michael Totty
| kjohnson3 | macOS 13.7.7 Ventura / arm64 | OK | ERROR | skipped | skipped | ||||||||
|
To the developers/maintainers of the SpotSweeper package: - Allow up to 24 hours (and sometimes 48 hours) for your latest push to git@git.bioconductor.org:packages/SpotSweeper.git to reflect on this report. See Troubleshooting Build Report for more information. - Use the following Renviron settings to reproduce errors and warnings. - If 'R CMD check' started to fail recently on the Linux builder(s) over a missing dependency, add the missing dependency to 'Suggests:' in your DESCRIPTION file. See Renviron.bioc for more information. |
| Package: SpotSweeper |
| Version: 1.5.1 |
| Command: /Library/Frameworks/R.framework/Resources/bin/R CMD build --keep-empty-dirs --no-resave-data SpotSweeper |
| StartedAt: 2025-10-26 18:08:39 -0400 (Sun, 26 Oct 2025) |
| EndedAt: 2025-10-26 18:09:12 -0400 (Sun, 26 Oct 2025) |
| EllapsedTime: 32.4 seconds |
| RetCode: 1 |
| Status: ERROR |
| PackageFile: None |
| PackageFileSize: NA |
##############################################################################
##############################################################################
###
### Running command:
###
### /Library/Frameworks/R.framework/Resources/bin/R CMD build --keep-empty-dirs --no-resave-data SpotSweeper
###
##############################################################################
##############################################################################
* checking for file ‘SpotSweeper/DESCRIPTION’ ... OK
* preparing ‘SpotSweeper’:
* checking DESCRIPTION meta-information ... OK
* installing the package to build vignettes
* creating vignettes ... ERROR
--- re-building ‘getting_started.Rmd’ using rmarkdown
Quitting from getting_started.Rmd:72-83 [example_spe]
~~~~~~~~~~~~~~~~~~~~~~~~~~~~~~~~~~~~~~~~~~~~~~~~~~~~~~~~~~~~~~~~~~~~~~~~~~~~~~~~
<error/rlang_error>
Error in `value[[3L]]()`:
! failed to connect
reason: Failed to perform HTTP request.
Caused by error in `curl::curl_fetch_memory()`:
! SSL connect error [bioconductor.org]:
TLS connect error: error:00000000:lib(0):func(0):reason(0)
Consider rerunning with 'localHub=TRUE'
---
Backtrace:
▆
1. └─STexampleData::Visium_humanDLPFC()
2. └─ExperimentHub:::.get_ExperimentHub()
3. └─ExperimentHub::ExperimentHub()
4. └─AnnotationHub::.Hub(...)
5. └─base::tryCatch(...)
6. └─base (local) tryCatchList(expr, classes, parentenv, handlers)
7. └─base (local) tryCatchOne(expr, names, parentenv, handlers[[1L]])
8. └─value[[3L]](cond)
~~~~~~~~~~~~~~~~~~~~~~~~~~~~~~~~~~~~~~~~~~~~~~~~~~~~~~~~~~~~~~~~~~~~~~~~~~~~~~~~
Error: processing vignette 'getting_started.Rmd' failed with diagnostics:
failed to connect
reason: Failed to perform HTTP request.
Caused by error in `curl::curl_fetch_memory()`:
! SSL connect error [bioconductor.org]:
TLS connect error: error:00000000:lib(0):func(0):reason(0)
Consider rerunning with 'localHub=TRUE'
--- failed re-building ‘getting_started.Rmd’
SUMMARY: processing the following file failed:
‘getting_started.Rmd’
Error: Vignette re-building failed.
Execution halted