Back to Build/check report for BioC 3.22:   simplified   long
ABCDEFGHIJKLMNOPQ[R]STUVWXYZ

This page was generated on 2025-10-27 12:45 -0400 (Mon, 27 Oct 2025).

HostnameOSArch (*)R versionInstalled pkgs
kjohnson3macOS 13.7.7 Venturaarm644.5.1 Patched (2025-09-10 r88807) -- "Great Square Root" 4637
Click on any hostname to see more info about the system (e.g. compilers)      (*) as reported by 'uname -p', except on Windows and Mac OS X

Package 1769/2361HostnameOS / ArchINSTALLBUILDCHECKBUILD BIN
RepViz 1.25.0  (landing page)
Thomas Faux, Asta Laiho
Snapshot Date: 2025-10-26 13:45 -0400 (Sun, 26 Oct 2025)
git_url: https://git.bioconductor.org/packages/RepViz
git_branch: devel
git_last_commit: 5586708
git_last_commit_date: 2025-04-15 11:43:44 -0400 (Tue, 15 Apr 2025)
kjohnson3macOS 13.7.7 Ventura / arm64  OK    ERROR  skippedskipped


BUILD results for RepViz on kjohnson3

To the developers/maintainers of the RepViz package:
- Allow up to 24 hours (and sometimes 48 hours) for your latest push to git@git.bioconductor.org:packages/RepViz.git to reflect on this report. See Troubleshooting Build Report for more information.
- Use the following Renviron settings to reproduce errors and warnings.
- If 'R CMD check' started to fail recently on the Linux builder(s) over a missing dependency, add the missing dependency to 'Suggests:' in your DESCRIPTION file. See Renviron.bioc for more information.

raw results


Summary

Package: RepViz
Version: 1.25.0
Command: /Library/Frameworks/R.framework/Resources/bin/R CMD build --keep-empty-dirs --no-resave-data RepViz
StartedAt: 2025-10-26 17:42:44 -0400 (Sun, 26 Oct 2025)
EndedAt: 2025-10-26 17:43:24 -0400 (Sun, 26 Oct 2025)
EllapsedTime: 40.5 seconds
RetCode: 1
Status:   ERROR  
PackageFile: None
PackageFileSize: NA

Command output

##############################################################################
##############################################################################
###
### Running command:
###
###   /Library/Frameworks/R.framework/Resources/bin/R CMD build --keep-empty-dirs --no-resave-data RepViz
###
##############################################################################
##############################################################################


* checking for file ‘RepViz/DESCRIPTION’ ... OK
* preparing ‘RepViz’:
* checking DESCRIPTION meta-information ... OK
* installing the package to build vignettes
* creating vignettes ... ERROR
--- re-building ‘RepViz.Rmd’ using rmarkdown
2025-10-26 17:42:53.973 R[69385:551003298] XType: Using static font registry.

Quitting from RepViz.Rmd:80-93 [plot_plot]
~~~~~~~~~~~~~~~~~~~~~~~~~~~~~~~~~~~~~~~~~~~~~~~~~~~~~~~~~~~~~~~~~~~~~~~~~~~~~~~~
NULL
~~~~~~~~~~~~~~~~~~~~~~~~~~~~~~~~~~~~~~~~~~~~~~~~~~~~~~~~~~~~~~~~~~~~~~~~~~~~~~~~

Error: processing vignette 'RepViz.Rmd' failed with diagnostics:
Failed to perform HTTP request.
Caused by error in `curl::curl_fetch_memory()`:
! Could not resolve hostname [grch37.ensembl.org]:
Could not resolve host: grch37.ensembl.org
--- failed re-building ‘RepViz.Rmd’

SUMMARY: processing the following file failed:
  ‘RepViz.Rmd’

Error: Vignette re-building failed.
Execution halted