Back to Multiple platform build/check report for BioC 3.22:   simplified   long
ABCDEFGHIJKL[M]NOPQRSTUVWXYZ

This page was generated on 2025-10-02 12:03 -0400 (Thu, 02 Oct 2025).

HostnameOSArch (*)R versionInstalled pkgs
nebbiolo2Linux (Ubuntu 24.04.3 LTS)x86_644.5.1 Patched (2025-08-23 r88802) -- "Great Square Root" 4844
lconwaymacOS 12.7.1 Montereyx86_644.5.1 Patched (2025-09-10 r88807) -- "Great Square Root" 4631
kjohnson3macOS 13.7.7 Venturaarm644.5.1 Patched (2025-09-10 r88807) -- "Great Square Root" 4576
taishanLinux (openEuler 24.03 LTS)aarch644.5.0 (2025-04-11) -- "How About a Twenty-Six" 4576
Click on any hostname to see more info about the system (e.g. compilers)      (*) as reported by 'uname -p', except on Windows and Mac OS X

Package 1223/2337HostnameOS / ArchINSTALLBUILDCHECKBUILD BIN
MesKit 1.19.0  (landing page)
Mengni Liu
Snapshot Date: 2025-10-01 13:45 -0400 (Wed, 01 Oct 2025)
git_url: https://git.bioconductor.org/packages/MesKit
git_branch: devel
git_last_commit: 70ad035
git_last_commit_date: 2025-04-15 12:05:40 -0400 (Tue, 15 Apr 2025)
nebbiolo2Linux (Ubuntu 24.04.3 LTS) / x86_64  OK    OK    WARNINGS  UNNEEDED, same version is already published
lconwaymacOS 12.7.1 Monterey / x86_64  OK    OK    WARNINGS    OK  UNNEEDED, same version is already published
kjohnson3macOS 13.7.7 Ventura / arm64  OK    OK    WARNINGS    OK  UNNEEDED, same version is already published
taishanLinux (openEuler 24.03 LTS) / aarch64  OK    OK    WARNINGS  


CHECK results for MesKit on nebbiolo2

To the developers/maintainers of the MesKit package:
- Allow up to 24 hours (and sometimes 48 hours) for your latest push to git@git.bioconductor.org:packages/MesKit.git to reflect on this report. See Troubleshooting Build Report for more information.
- Use the following Renviron settings to reproduce errors and warnings.
- If 'R CMD check' started to fail recently on the Linux builder(s) over a missing dependency, add the missing dependency to 'Suggests:' in your DESCRIPTION file. See Renviron.bioc for more information.

raw results


Summary

Package: MesKit
Version: 1.19.0
Command: /home/biocbuild/bbs-3.22-bioc/R/bin/R CMD check --install=check:MesKit.install-out.txt --library=/home/biocbuild/bbs-3.22-bioc/R/site-library --timings MesKit_1.19.0.tar.gz
StartedAt: 2025-10-02 01:41:37 -0400 (Thu, 02 Oct 2025)
EndedAt: 2025-10-02 01:51:29 -0400 (Thu, 02 Oct 2025)
EllapsedTime: 591.6 seconds
RetCode: 0
Status:   WARNINGS  
CheckDir: MesKit.Rcheck
Warnings: 1

Command output

##############################################################################
##############################################################################
###
### Running command:
###
###   /home/biocbuild/bbs-3.22-bioc/R/bin/R CMD check --install=check:MesKit.install-out.txt --library=/home/biocbuild/bbs-3.22-bioc/R/site-library --timings MesKit_1.19.0.tar.gz
###
##############################################################################
##############################################################################


* using log directory ‘/home/biocbuild/bbs-3.22-bioc/meat/MesKit.Rcheck’
* using R version 4.5.1 Patched (2025-08-23 r88802)
* using platform: x86_64-pc-linux-gnu
* R was compiled by
    gcc (Ubuntu 13.3.0-6ubuntu2~24.04) 13.3.0
    GNU Fortran (Ubuntu 13.3.0-6ubuntu2~24.04) 13.3.0
* running under: Ubuntu 24.04.3 LTS
* using session charset: UTF-8
* checking for file ‘MesKit/DESCRIPTION’ ... OK
* checking extension type ... Package
* this is package ‘MesKit’ version ‘1.19.0’
* package encoding: UTF-8
* checking package namespace information ... OK
* checking package dependencies ... OK
* checking if this is a source package ... OK
* checking if there is a namespace ... OK
* checking for hidden files and directories ... OK
* checking for portable file names ... OK
* checking for sufficient/correct file permissions ... OK
* checking whether package ‘MesKit’ can be installed ... WARNING
Found the following significant warnings:
  Warning: replacing previous import ‘ape::degree’ by ‘circlize::degree’ when loading ‘MesKit’
  Warning: replacing previous import ‘ape::where’ by ‘dplyr::where’ when loading ‘MesKit’
See ‘/home/biocbuild/bbs-3.22-bioc/meat/MesKit.Rcheck/00install.out’ for details.
* checking installed package size ... INFO
  installed size is  6.0Mb
  sub-directories of 1Mb or more:
    extdata   4.9Mb
* checking package directory ... OK
* checking ‘build’ directory ... OK
* checking DESCRIPTION meta-information ... OK
* checking top-level files ... NOTE
File
  LICENSE
is not mentioned in the DESCRIPTION file.
* checking for left-over files ... OK
* checking index information ... OK
* checking package subdirectories ... OK
* checking code files for non-ASCII characters ... OK
* checking R files for syntax errors ... OK
* checking whether the package can be loaded ... OK
* checking whether the package can be loaded with stated dependencies ... OK
* checking whether the package can be unloaded cleanly ... OK
* checking whether the namespace can be loaded with stated dependencies ... OK
* checking whether the namespace can be unloaded cleanly ... OK
* checking loading without being on the library search path ... OK
* checking dependencies in R code ... OK
* checking S3 generic/method consistency ... OK
* checking replacement functions ... OK
* checking foreign function calls ... OK
* checking R code for possible problems ... NOTE
calJSI : processJSI: no visible binding for global variable ‘CCF’
cna2gene: no visible global function definition for ‘genes’
cna2gene: no visible binding for global variable ‘org.Hs.eg.db’
cna2gene: no visible binding for global variable ‘seqnames’
cna2gene: no visible binding for global variable ‘Chromosome’
cna2gene: no visible binding for global variable ‘Hugo_Symbol’
cna2gene: no visible binding for global variable ‘Start_Position’
cna2gene: no visible binding for global variable ‘End_Position’
cna2gene: no visible binding for global variable ‘i.End_Position’
cna2gene: no visible binding for global variable ‘i.Start_Position’
cna2gene: no visible binding for global variable ‘Patient_ID’
cna2gene: no visible binding for global variable ‘Tumor_Sample_Barcode’
cna2gene: no visible binding for global variable ‘seg_id’
cna2gene: no visible binding for global variable ‘overlap_width’
copyNumberFilter: no visible binding for global variable ‘Patient_ID’
drawVAFCombine: no visible binding for global variable ‘V’
drawVAFCombineVline: no visible binding for global variable ‘V’
fitSignatures : processFitSig: no visible binding for global variable
  ‘Branch’
fitSignatures : processFitSig: no visible binding for global variable
  ‘Original’
fitSignatures : processFitSig: no visible binding for global variable
  ‘Reconstructed’
mutCluster : processVafcluster_sample: no visible binding for global
  variable ‘cluster’
plotCNA: no visible binding for global variable ‘Cytoband’
plotCNA: no visible binding for global variable ‘Cytoband_pos’
plotCNA: no visible binding for global variable ‘gene_id’
plotCNA: no visible binding for global variable ‘gene_pos’
plotCNA: no visible binding for global variable ‘Hugo_Symbol’
plotTree: no visible binding for global variable ‘is.match’
plotTree: no visible binding for global variable ‘x’
plotTree: no visible binding for global variable ‘y’
plotTree: no visible binding for global variable ‘xend’
plotTree: no visible binding for global variable ‘yend’
Undefined global functions or variables:
  Branch CCF Chromosome Cytoband Cytoband_pos End_Position Hugo_Symbol
  Original Patient_ID Reconstructed Start_Position Tumor_Sample_Barcode
  V cluster gene_id gene_pos genes i.End_Position i.Start_Position
  is.match org.Hs.eg.db overlap_width seg_id seqnames x xend y yend
* checking Rd files ... OK
* checking Rd metadata ... OK
* checking Rd cross-references ... OK
* checking for missing documentation entries ... OK
* checking for code/documentation mismatches ... OK
* checking Rd \usage sections ... OK
* checking Rd contents ... OK
* checking for unstated dependencies in examples ... OK
* checking files in ‘vignettes’ ... OK
* checking examples ... OK
Examples with CPU (user + system) or elapsed time > 5s
                       user system elapsed
cna2gene             28.885  0.734  20.049
calFst               15.312  0.308  15.449
getPhyloTree         15.058  0.201  14.945
mutHeatmap           14.128  0.030  13.990
getTreeMethod        14.149  0.003  13.956
getMutBranches       13.630  0.064  13.542
getTree              13.103  0.003  12.937
plotMutSigProfile    13.009  0.065  12.910
getCCFMatrix         13.012  0.049  12.902
getPhyloTreePatient  12.838  0.110  12.778
getPhyloTreeTsbLabel 12.927  0.004  12.761
getBranchType        12.787  0.076  12.703
getBinaryMatrix      12.735  0.058  12.618
getPhyloTreeRef      12.754  0.016  12.605
getBootstrapValue    12.658  0.084  12.571
mutTrunkBranch       10.783  0.143  10.766
compareTree          10.795  0.090  10.727
mutCluster           10.637  0.038  10.520
calNeiDist           10.534  0.048  10.401
compareCCF           10.140  0.296  10.228
calJSI               10.214  0.161  10.149
ccfAUC               10.317  0.016  10.162
fitSignatures         9.586  0.113   9.550
testNeutral           9.538  0.033   9.395
triMatrix             9.171  0.072   9.090
plotPhyloTree         8.305  0.068   8.219
plotMutProfile        8.098  0.036   7.962
classifyMut           7.589  0.064   7.487
getNonSyn_vc          7.379  0.005   7.245
mathScore             7.211  0.002   7.043
getMafData            7.057  0.022   6.932
readMaf               6.963  0.020   6.687
getMafPatient         6.879  0.006   6.743
subMaf                6.872  0.007   6.718
getMafRef             6.852  0.005   6.714
getSampleInfo         6.780  0.003   6.636
* checking for unstated dependencies in vignettes ... OK
* checking package vignettes ... OK
* checking re-building of vignette outputs ... OK
* checking PDF version of manual ... OK
* DONE

Status: 1 WARNING, 2 NOTEs
See
  ‘/home/biocbuild/bbs-3.22-bioc/meat/MesKit.Rcheck/00check.log’
for details.


Installation output

MesKit.Rcheck/00install.out

##############################################################################
##############################################################################
###
### Running command:
###
###   /home/biocbuild/bbs-3.22-bioc/R/bin/R CMD INSTALL MesKit
###
##############################################################################
##############################################################################


* installing to library ‘/home/biocbuild/bbs-3.22-bioc/R/site-library’
* installing *source* package ‘MesKit’ ...
** this is package ‘MesKit’ version ‘1.19.0’
** using staged installation
** R
** inst
** byte-compile and prepare package for lazy loading
Warning: replacing previous import ‘ape::degree’ by ‘circlize::degree’ when loading ‘MesKit’
Warning: replacing previous import ‘ape::where’ by ‘dplyr::where’ when loading ‘MesKit’
** help
*** installing help indices
** building package indices
** installing vignettes
** testing if installed package can be loaded from temporary location
Warning: replacing previous import ‘ape::degree’ by ‘circlize::degree’ when loading ‘MesKit’
Warning: replacing previous import ‘ape::where’ by ‘dplyr::where’ when loading ‘MesKit’
** testing if installed package can be loaded from final location
Warning: replacing previous import ‘ape::degree’ by ‘circlize::degree’ when loading ‘MesKit’
Warning: replacing previous import ‘ape::where’ by ‘dplyr::where’ when loading ‘MesKit’
** testing if installed package keeps a record of temporary installation path
* DONE (MesKit)

Tests output


Example timings

MesKit.Rcheck/MesKit-Ex.timings

nameusersystemelapsed
calFst15.312 0.30815.449
calJSI10.214 0.16110.149
calNeiDist10.534 0.04810.401
ccfAUC10.317 0.01610.162
classifyMut7.5890.0647.487
cna2gene28.885 0.73420.049
compareCCF10.140 0.29610.228
compareTree10.795 0.09010.727
fitSignatures9.5860.1139.550
getBinaryMatrix12.735 0.05812.618
getBootstrapValue12.658 0.08412.571
getBranchType12.787 0.07612.703
getCCFMatrix13.012 0.04912.902
getMafData7.0570.0226.932
getMafPatient6.8790.0066.743
getMafRef6.8520.0056.714
getMutBranches13.630 0.06413.542
getNonSyn_vc7.3790.0057.245
getPhyloTree15.058 0.20114.945
getPhyloTreePatient12.838 0.11012.778
getPhyloTreeRef12.754 0.01612.605
getPhyloTreeTsbLabel12.927 0.00412.761
getSampleInfo6.7800.0036.636
getTree13.103 0.00312.937
getTreeMethod14.149 0.00313.956
mathScore7.2110.0027.043
mutCluster10.637 0.03810.520
mutHeatmap14.128 0.03013.990
mutTrunkBranch10.783 0.14310.766
plotCNA4.0190.0543.492
plotMutProfile8.0980.0367.962
plotMutSigProfile13.009 0.06512.910
plotPhyloTree8.3050.0688.219
readMaf6.9630.0206.687
readSegment0.7610.0080.414
runMesKit0.0010.0000.000
subMaf6.8720.0076.718
testNeutral9.5380.0339.395
triMatrix9.1710.0729.090