| Back to Build/check report for BioC 3.22: simplified long |
|
This page was generated on 2025-10-27 12:45 -0400 (Mon, 27 Oct 2025).
| Hostname | OS | Arch (*) | R version | Installed pkgs |
|---|---|---|---|---|
| kjohnson3 | macOS 13.7.7 Ventura | arm64 | 4.5.1 Patched (2025-09-10 r88807) -- "Great Square Root" | 4637 |
| Click on any hostname to see more info about the system (e.g. compilers) (*) as reported by 'uname -p', except on Windows and Mac OS X | ||||
| Package 983/2361 | Hostname | OS / Arch | INSTALL | BUILD | CHECK | BUILD BIN | ||||||||
| HiContacts 1.11.0 (landing page) Jacques Serizay
| kjohnson3 | macOS 13.7.7 Ventura / arm64 | OK | ERROR | skipped | skipped | ||||||||
|
To the developers/maintainers of the HiContacts package: - Allow up to 24 hours (and sometimes 48 hours) for your latest push to git@git.bioconductor.org:packages/HiContacts.git to reflect on this report. See Troubleshooting Build Report for more information. - Use the following Renviron settings to reproduce errors and warnings. - If 'R CMD check' started to fail recently on the Linux builder(s) over a missing dependency, add the missing dependency to 'Suggests:' in your DESCRIPTION file. See Renviron.bioc for more information. |
| Package: HiContacts |
| Version: 1.11.0 |
| Command: /Library/Frameworks/R.framework/Resources/bin/R CMD build --keep-empty-dirs --no-resave-data HiContacts |
| StartedAt: 2025-10-26 16:50:36 -0400 (Sun, 26 Oct 2025) |
| EndedAt: 2025-10-26 16:51:19 -0400 (Sun, 26 Oct 2025) |
| EllapsedTime: 42.4 seconds |
| RetCode: 1 |
| Status: ERROR |
| PackageFile: None |
| PackageFileSize: NA |
##############################################################################
##############################################################################
###
### Running command:
###
### /Library/Frameworks/R.framework/Resources/bin/R CMD build --keep-empty-dirs --no-resave-data HiContacts
###
##############################################################################
##############################################################################
* checking for file ‘HiContacts/DESCRIPTION’ ... OK
* preparing ‘HiContacts’:
* checking DESCRIPTION meta-information ... OK
* installing the package to build vignettes
* creating vignettes ... ERROR
--- re-building ‘HiContacts.Rmd’ using rmarkdown
Quitting from HiContacts.Rmd:41-52 [unnamed-chunk-3]
~~~~~~~~~~~~~~~~~~~~~~~~~~~~~~~~~~~~~~~~~~~~~~~~~~~~~~~~~~~~~~~~~~~~~~~~~~~~~~~~
<error/rlang_error>
Error in `value[[3L]]()`:
! failed to connect
reason: Failed to perform HTTP request.
Caused by error in `curl::curl_fetch_memory()`:
! Timeout was reached [bioconductor.org]:
Connection timed out after 10003 milliseconds
Consider rerunning with 'localHub=TRUE'
---
Backtrace:
▆
1. └─HiContactsData::HiContactsData("yeast_wt", format = "cool")
2. └─ExperimentHub::ExperimentHub()
3. └─AnnotationHub::.Hub(...)
4. └─base::tryCatch(...)
5. └─base (local) tryCatchList(expr, classes, parentenv, handlers)
6. └─base (local) tryCatchOne(expr, names, parentenv, handlers[[1L]])
7. └─value[[3L]](cond)
~~~~~~~~~~~~~~~~~~~~~~~~~~~~~~~~~~~~~~~~~~~~~~~~~~~~~~~~~~~~~~~~~~~~~~~~~~~~~~~~
Error: processing vignette 'HiContacts.Rmd' failed with diagnostics:
failed to connect
reason: Failed to perform HTTP request.
Caused by error in `curl::curl_fetch_memory()`:
! Timeout was reached [bioconductor.org]:
Connection timed out after 10003 milliseconds
Consider rerunning with 'localHub=TRUE'
--- failed re-building ‘HiContacts.Rmd’
SUMMARY: processing the following file failed:
‘HiContacts.Rmd’
Error: Vignette re-building failed.
Execution halted