Back to Build/check report for BioC 3.22:   simplified   long
ABCDEF[G]HIJKLMNOPQRSTUVWXYZ

This page was generated on 2025-10-27 12:45 -0400 (Mon, 27 Oct 2025).

HostnameOSArch (*)R versionInstalled pkgs
kjohnson3macOS 13.7.7 Venturaarm644.5.1 Patched (2025-09-10 r88807) -- "Great Square Root" 4637
Click on any hostname to see more info about the system (e.g. compilers)      (*) as reported by 'uname -p', except on Windows and Mac OS X

Package 852/2361HostnameOS / ArchINSTALLBUILDCHECKBUILD BIN
GenomicRanges 1.61.8  (landing page)
Hervé Pagès
Snapshot Date: 2025-10-26 13:45 -0400 (Sun, 26 Oct 2025)
git_url: https://git.bioconductor.org/packages/GenomicRanges
git_branch: devel
git_last_commit: a9a059c
git_last_commit_date: 2025-10-24 23:28:01 -0400 (Fri, 24 Oct 2025)
kjohnson3macOS 13.7.7 Ventura / arm64  OK    ERROR  skippedskipped


BUILD results for GenomicRanges on kjohnson3

To the developers/maintainers of the GenomicRanges package:
- Allow up to 24 hours (and sometimes 48 hours) for your latest push to git@git.bioconductor.org:packages/GenomicRanges.git to reflect on this report. See Troubleshooting Build Report for more information.
- Use the following Renviron settings to reproduce errors and warnings.
- If 'R CMD check' started to fail recently on the Linux builder(s) over a missing dependency, add the missing dependency to 'Suggests:' in your DESCRIPTION file. See Renviron.bioc for more information.

raw results


Summary

Package: GenomicRanges
Version: 1.61.8
Command: /Library/Frameworks/R.framework/Resources/bin/R CMD build --keep-empty-dirs --no-resave-data GenomicRanges
StartedAt: 2025-10-26 16:35:04 -0400 (Sun, 26 Oct 2025)
EndedAt: 2025-10-26 16:36:06 -0400 (Sun, 26 Oct 2025)
EllapsedTime: 61.6 seconds
RetCode: 1
Status:   ERROR  
PackageFile: None
PackageFileSize: NA

Command output

##############################################################################
##############################################################################
###
### Running command:
###
###   /Library/Frameworks/R.framework/Resources/bin/R CMD build --keep-empty-dirs --no-resave-data GenomicRanges
###
##############################################################################
##############################################################################


* checking for file ‘GenomicRanges/DESCRIPTION’ ... OK
* preparing ‘GenomicRanges’:
* checking DESCRIPTION meta-information ... OK
* cleaning src
* installing the package to build vignettes
* creating vignettes ... ERROR
--- re-building ‘GenomicRangesIntroduction.Rmd’ using rmarkdown
--- finished re-building ‘GenomicRangesIntroduction.Rmd’

--- re-building ‘ExtendingGenomicRanges.Rnw’ using Sweave
--- finished re-building ‘ExtendingGenomicRanges.Rnw’

--- re-building ‘GRanges_and_GRangesList_slides.Rnw’ using Sweave
Warning in .merge_two_Seqinfo_objects(x, y) :
  The 2 combined objects have no sequence levels in common. (Use
  suppressWarnings() to suppress this warning.)
2025-10-26 16:35:22.393 R[55971:550139677] XType: Using static font registry.
Loading required package: SummarizedExperiment
Loading required package: MatrixGenerics
Loading required package: matrixStats

Attaching package: ‘matrixStats’

The following objects are masked from ‘package:Biobase’:

    anyMissing, rowMedians


Attaching package: ‘MatrixGenerics’

The following objects are masked from ‘package:matrixStats’:

    colAlls, colAnyNAs, colAnys, colAvgsPerRowSet, colCollapse, colCounts,
    colCummaxs, colCummins, colCumprods, colCumsums, colDiffs,
    colIQRDiffs, colIQRs, colLogSumExps, colMadDiffs, colMads, colMaxs,
    colMeans2, colMedians, colMins, colOrderStats, colProds, colQuantiles,
    colRanges, colRanks, colSdDiffs, colSds, colSums2, colTabulates,
    colVarDiffs, colVars, colWeightedMads, colWeightedMeans,
    colWeightedMedians, colWeightedSds, colWeightedVars, rowAlls,
    rowAnyNAs, rowAnys, rowAvgsPerColSet, rowCollapse, rowCounts,
    rowCummaxs, rowCummins, rowCumprods, rowCumsums, rowDiffs,
    rowIQRDiffs, rowIQRs, rowLogSumExps, rowMadDiffs, rowMads, rowMaxs,
    rowMeans2, rowMedians, rowMins, rowOrderStats, rowProds, rowQuantiles,
    rowRanges, rowRanks, rowSdDiffs, rowSds, rowSums2, rowTabulates,
    rowVarDiffs, rowVars, rowWeightedMads, rowWeightedMeans,
    rowWeightedMedians, rowWeightedSds, rowWeightedVars

The following object is masked from ‘package:Biobase’:

    rowMedians

Loading required package: Biostrings
Loading required package: XVector

Attaching package: ‘Biostrings’

The following object is masked from ‘package:base’:

    strsplit

Loading required package: Rsamtools
--- finished re-building ‘GRanges_and_GRangesList_slides.Rnw’

--- re-building ‘GenomicRangesHOWTOs.Rnw’ using Sweave

Attaching package: ‘txdbmaker’

The following objects are masked from ‘package:GenomicFeatures’:

    UCSCFeatureDbTableSchema, browseUCSCtrack,
    getChromInfoFromBiomart, makeFDbPackageFromUCSC,
    makeFeatureDbFromUCSC, makePackageName, makeTxDb,
    makeTxDbFromBiomart, makeTxDbFromEnsembl, makeTxDbFromGFF,
    makeTxDbFromGRanges, makeTxDbFromUCSC, makeTxDbPackage,
    makeTxDbPackageFromBiomart, makeTxDbPackageFromUCSC,
    supportedMiRBaseBuildValues, supportedUCSCFeatureDbTables,
    supportedUCSCFeatureDbTracks, supportedUCSCtables

Import genomic features from the file as a GRanges object ... OK
Prepare the 'metadata' data frame ... OK
Make the TxDb object ... Warning in .get_cds_IDX(mcols0$type, mcols0$phase) :
  The "phase" metadata column contains non-NA values for features of
  type exon. This information was ignored.
Warning in .makeTxDb_normarg_chrominfo(chrominfo) :
  genome version information is not available for this TxDb object
OK
Loading required package: BiocFileCache
Loading required package: dbplyr

Attaching package: ‘AnnotationHub’

The following object is masked from ‘package:Biobase’:

    cache

Cannot connect to AnnotationHub server, using 'localHub=TRUE' instead
Error while performing HEAD request.
   Proceeding without cache information.
Warning: download failed
  web resource path: ‘https://annotationhub.bioconductor.org/metadata/annotationhub.sqlite3’
  local file path: ‘/Users/biocbuild/Library/Caches/org.R-project.R/R/AnnotationHub/filedaa340263381’
  reason: Failed to perform HTTP request.
Caused by error in `curl::curl_fetch_disk()`:
! SSL connect error [annotationhub.bioconductor.org]:
TLS connect error: error:00000000:lib(0):func(0):reason(0)
Warning: bfcdownload() failed
  rid: BFC1
  file: ‘https://annotationhub.bioconductor.org/metadata/annotationhub.sqlite3’
  reason: download failed
Warning: Could not check database for updates.
  Database source currently unreachable.
  This should only be a temporary interruption. 
  Using previously cached version.

Error: processing vignette 'GenomicRangesHOWTOs.Rnw' failed with diagnostics:
 chunk 29 (label = hub_1) 
Error in value[[3L]](cond) : failed to connect
  reason: Failed to perform HTTP request.
Caused by error in `curl::curl_fetch_memory()`:
! Timeout was reached [bioconductor.org]:
Connection timed out after 10003 milliseconds
  Consider rerunning with 'localHub=TRUE'

--- failed re-building ‘GenomicRangesHOWTOs.Rnw’

--- re-building ‘Ten_things_slides.Rnw’ using Sweave
Loading required package: BiocIO
Loading required package: rtracklayer

Attaching package: ‘rtracklayer’

The following object is masked from ‘package:AnnotationHub’:

    hubUrl

--- finished re-building ‘Ten_things_slides.Rnw’

SUMMARY: processing the following file failed:
  ‘GenomicRangesHOWTOs.Rnw’

Error: Vignette re-building failed.
Execution halted