Back to Multiple platform build/check report for BioC 3.22: simplified long |
|
This page was generated on 2025-10-21 12:07 -0400 (Tue, 21 Oct 2025).
Hostname | OS | Arch (*) | R version | Installed pkgs |
---|---|---|---|---|
nebbiolo2 | Linux (Ubuntu 24.04.3 LTS) | x86_64 | 4.5.1 Patched (2025-08-23 r88802) -- "Great Square Root" | 4887 |
lconway | macOS 12.7.6 Monterey | x86_64 | 4.5.1 Patched (2025-09-10 r88807) -- "Great Square Root" | 4677 |
kjohnson3 | macOS 13.7.7 Ventura | arm64 | 4.5.1 Patched (2025-09-10 r88807) -- "Great Square Root" | 4622 |
taishan | Linux (openEuler 24.03 LTS) | aarch64 | 4.5.0 (2025-04-11) -- "How About a Twenty-Six" | 4642 |
Click on any hostname to see more info about the system (e.g. compilers) (*) as reported by 'uname -p', except on Windows and Mac OS X |
Package 625/2353 | Hostname | OS / Arch | INSTALL | BUILD | CHECK | BUILD BIN | ||||||||
DriverNet 1.49.0 (landing page) Jiarui Ding
| nebbiolo2 | Linux (Ubuntu 24.04.3 LTS) / x86_64 | OK | OK | OK | ![]() | ||||||||
lconway | macOS 12.7.6 Monterey / x86_64 | OK | OK | OK | OK | ![]() | ||||||||
kjohnson3 | macOS 13.7.7 Ventura / arm64 | OK | OK | OK | OK | ![]() | ||||||||
taishan | Linux (openEuler 24.03 LTS) / aarch64 | OK | OK | ERROR | ||||||||||
To the developers/maintainers of the DriverNet package: - Allow up to 24 hours (and sometimes 48 hours) for your latest push to git@git.bioconductor.org:packages/DriverNet.git to reflect on this report. See Troubleshooting Build Report for more information. - Use the following Renviron settings to reproduce errors and warnings. - If 'R CMD check' started to fail recently on the Linux builder(s) over a missing dependency, add the missing dependency to 'Suggests:' in your DESCRIPTION file. See Renviron.bioc for more information. - See Martin Grigorov's blog post for how to debug Linux ARM64 related issues on a x86_64 host. |
Package: DriverNet |
Version: 1.49.0 |
Command: /home/biocbuild/R/R/bin/R CMD check --install=check:DriverNet.install-out.txt --library=/home/biocbuild/R/R/site-library --no-vignettes --timings DriverNet_1.49.0.tar.gz |
StartedAt: 2025-10-21 07:38:58 -0000 (Tue, 21 Oct 2025) |
EndedAt: 2025-10-21 07:39:26 -0000 (Tue, 21 Oct 2025) |
EllapsedTime: 28.0 seconds |
RetCode: 1 |
Status: ERROR |
CheckDir: DriverNet.Rcheck |
Warnings: NA |
############################################################################## ############################################################################## ### ### Running command: ### ### /home/biocbuild/R/R/bin/R CMD check --install=check:DriverNet.install-out.txt --library=/home/biocbuild/R/R/site-library --no-vignettes --timings DriverNet_1.49.0.tar.gz ### ############################################################################## ############################################################################## * using log directory ‘/home/biocbuild/bbs-3.22-bioc/meat/DriverNet.Rcheck’ * using R version 4.5.0 (2025-04-11) * using platform: aarch64-unknown-linux-gnu * R was compiled by aarch64-unknown-linux-gnu-gcc (GCC) 14.2.0 GNU Fortran (GCC) 14.2.0 * running under: openEuler 24.03 (LTS) * using session charset: UTF-8 * using option ‘--no-vignettes’ * checking for file ‘DriverNet/DESCRIPTION’ ... OK * checking extension type ... Package * this is package ‘DriverNet’ version ‘1.49.0’ * checking package namespace information ... OK * checking package dependencies ...Warning: unable to access index for repository https://CRAN.R-project.org/src/contrib: download from 'https://CRAN.R-project.org/src/contrib/PACKAGES' failed OK * checking if this is a source package ... OK * checking if there is a namespace ... OK * checking for hidden files and directories ... OK * checking for portable file names ... OK * checking for sufficient/correct file permissions ... OK * checking whether package ‘DriverNet’ can be installed ... OK * checking installed package size ... OK * checking package directory ... OK * checking ‘build’ directory ... OK * checking DESCRIPTION meta-information ... OK * checking top-level files ... OK * checking for left-over files ... OK * checking index information ... OK * checking package subdirectories ... OK * checking code files for non-ASCII characters ... OK * checking R files for syntax errors ... OK * checking whether the package can be loaded ... OK * checking whether the package can be loaded with stated dependencies ... OK * checking whether the package can be unloaded cleanly ... OK * checking whether the namespace can be loaded with stated dependencies ... OK * checking whether the namespace can be unloaded cleanly ... OK * checking loading without being on the library search path ... OK * checking dependencies in R code ... NOTE Package in Depends field not imported from: ‘methods’ These packages need to be imported from (in the NAMESPACE file) for when this namespace is loaded but not attached. * checking S3 generic/method consistency ... WARNING Fatal error: cannot create 'R_TempDir' See section ‘Generic functions and methods’ in the ‘Writing R Extensions’ manual. * checking replacement functions ... WARNING Fatal error: cannot create 'R_TempDir' The argument of a replacement function which corresponds to the right hand side must be named ‘value’. * checking foreign function calls ... NOTE Fatal error: cannot create 'R_TempDir' See chapter ‘System and foreign language interfaces’ in the ‘Writing R Extensions’ manual. * checking R code for possible problems ... ERROR Incorrect (un)loading of package shared object. Fatal error: cannot create 'R_TempDir' The system-specific extension for shared objects must not be added. See ?library.dynam. NOTE Fatal error: cannot create 'R_TempDir' Fatal error: cannot create 'R_TempDir' Found the following possibly unsafe calls: Fatal error: cannot create 'R_TempDir' Fatal error: cannot create 'R_TempDir' * checking Rd files ... WARNING Fatal error: cannot create 'R_TempDir' * checking Rd metadata ... NOTE Fatal error: cannot create 'R_TempDir' * checking Rd cross-references ... INFO Fatal error: cannot create 'R_TempDir' * checking for missing documentation entries ... WARNING Fatal error: cannot create 'R_TempDir' All user-level objects in a package should have documentation entries. See chapter ‘Writing R documentation files’ in the ‘Writing R Extensions’ manual. * check* checking Rd \usage sections ... OK * checking Rd contents ... NOTE Argument items with no description in Rd file 'actualEvents.Rd': ‘x’ Argument items with no description in Rd file 'drivers.Rd': ‘x’ Argument items with no description in Rd file 'totalEvents.Rd': ‘x’ * checking for unstated dependencies in examples ... OK * checking contents of ‘data’ directory ... OK * checking data for non-ASCII characters ... OK * checking data for ASCII and uncompressed saves ... OK * checking files in ‘vignettes’ ... OK * checking examples ... ERROR Running examples in ‘DriverNet-Ex.R’ failed The error occurred in: Warning in file(file, "rt") : cannot open file 'DriverNet-Ex.timings': No such file or directory Error in file(file, "rt") : cannot open the connection Execution halted
DriverNet.Rcheck/00install.out
############################################################################## ############################################################################## ### ### Running command: ### ### /home/biocbuild/R/R/bin/R CMD INSTALL DriverNet ### ############################################################################## ############################################################################## * installing to library ‘/home/biocbuild/R/R-4.5.0/site-library’ * installing *source* package ‘DriverNet’ ... ** this is package ‘DriverNet’ version ‘1.49.0’ ** using staged installation ** R ** data ** byte-compile and prepare package for lazy loading ** help *** installing help indices ** building package indices ** installing vignettes ** testing if installed package can be loaded from temporary location ** testing if installed package can be loaded from final location ** testing if installed package keeps a record of temporary installation path * DONE (DriverNet)
DriverNet.Rcheck/DriverNet-Ex.timings
name | user | system | elapsed | |
DriverNet-package | 26.742 | 0.696 | 28.079 | |
DriverNetResult-class | 0.009 | 0.000 | 0.009 | |
actualEvents | 0.030 | 0.004 | 0.035 | |
computeDrivers | 17.443 | 0.581 | 18.488 | |
computeRandomizedResult | 10.752 | 0.310 | 11.346 | |
drivers | 0.025 | 0.007 | 0.033 | |
getPatientOutlierMatrix | 0.169 | 0.008 | 0.180 | |
preprocessMatrices | 0.141 | 0.000 | 0.143 | |
resultSummary | 0.170 | 0.004 | 0.177 | |
sampleDriversList | 0.009 | 0.000 | 0.009 | |
sampleGeneNames | 0.019 | 0.000 | 0.020 | |
sampleInfluenceGraph | 0.124 | 0.000 | 0.126 | |
samplePatientExpressionMatrix | 0.056 | 0.000 | 0.057 | |
samplePatientMutationMatrix | 0.005 | 0.004 | 0.009 | |
samplePatientOutlierMatrix | 0.010 | 0.000 | 0.011 | |
sampleRandomDriversResult | 0.001 | 0.000 | 0.002 | |
totalEvents | 0.005 | 0.004 | 0.009 | |