Back to Multiple platform build/check report for BioC 3.22:   simplified   long
AB[C]DEFGHIJKLMNOPQRSTUVWXYZ

This page was generated on 2025-10-04 12:07 -0400 (Sat, 04 Oct 2025).

HostnameOSArch (*)R versionInstalled pkgs
nebbiolo2Linux (Ubuntu 24.04.3 LTS)x86_644.5.1 Patched (2025-08-23 r88802) -- "Great Square Root" 4853
lconwaymacOS 12.7.1 Montereyx86_644.5.1 Patched (2025-09-10 r88807) -- "Great Square Root" 4640
kjohnson3macOS 13.7.7 Venturaarm644.5.1 Patched (2025-09-10 r88807) -- "Great Square Root" 4585
taishanLinux (openEuler 24.03 LTS)aarch644.5.0 (2025-04-11) -- "How About a Twenty-Six" 4576
Click on any hostname to see more info about the system (e.g. compilers)      (*) as reported by 'uname -p', except on Windows and Mac OS X

Package 358/2341HostnameOS / ArchINSTALLBUILDCHECKBUILD BIN
ChromSCape 1.19.1  (landing page)
Pacome Prompsy
Snapshot Date: 2025-10-03 13:45 -0400 (Fri, 03 Oct 2025)
git_url: https://git.bioconductor.org/packages/ChromSCape
git_branch: devel
git_last_commit: a4985c2
git_last_commit_date: 2025-08-01 10:39:23 -0400 (Fri, 01 Aug 2025)
nebbiolo2Linux (Ubuntu 24.04.3 LTS) / x86_64  OK    OK    WARNINGS  UNNEEDED, same version is already published
lconwaymacOS 12.7.1 Monterey / x86_64  OK    OK    WARNINGS    OK  UNNEEDED, same version is already published
kjohnson3macOS 13.7.7 Ventura / arm64  OK    OK    WARNINGS    OK  UNNEEDED, same version is already published
taishanLinux (openEuler 24.03 LTS) / aarch64  OK    OK    WARNINGS  


CHECK results for ChromSCape on taishan

To the developers/maintainers of the ChromSCape package:
- Allow up to 24 hours (and sometimes 48 hours) for your latest push to git@git.bioconductor.org:packages/ChromSCape.git to reflect on this report. See Troubleshooting Build Report for more information.
- Use the following Renviron settings to reproduce errors and warnings.
- If 'R CMD check' started to fail recently on the Linux builder(s) over a missing dependency, add the missing dependency to 'Suggests:' in your DESCRIPTION file. See Renviron.bioc for more information.
- See Martin Grigorov's blog post for how to debug Linux ARM64 related issues on a x86_64 host.

raw results


Summary

Package: ChromSCape
Version: 1.19.1
Command: /home/biocbuild/R/R/bin/R CMD check --install=check:ChromSCape.install-out.txt --library=/home/biocbuild/R/R/site-library --no-vignettes --timings ChromSCape_1.19.1.tar.gz
StartedAt: 2025-10-03 05:40:34 -0000 (Fri, 03 Oct 2025)
EndedAt: 2025-10-03 05:57:14 -0000 (Fri, 03 Oct 2025)
EllapsedTime: 999.9 seconds
RetCode: 0
Status:   WARNINGS  
CheckDir: ChromSCape.Rcheck
Warnings: 1

Command output

##############################################################################
##############################################################################
###
### Running command:
###
###   /home/biocbuild/R/R/bin/R CMD check --install=check:ChromSCape.install-out.txt --library=/home/biocbuild/R/R/site-library --no-vignettes --timings ChromSCape_1.19.1.tar.gz
###
##############################################################################
##############################################################################


* using log directory ‘/home/biocbuild/bbs-3.22-bioc/meat/ChromSCape.Rcheck’
* using R version 4.5.0 (2025-04-11)
* using platform: aarch64-unknown-linux-gnu
* R was compiled by
    aarch64-unknown-linux-gnu-gcc (GCC) 14.2.0
    GNU Fortran (GCC) 14.2.0
* running under: openEuler 24.03 (LTS)
* using session charset: UTF-8
* using option ‘--no-vignettes’
* checking for file ‘ChromSCape/DESCRIPTION’ ... OK
* this is package ‘ChromSCape’ version ‘1.19.1’
* package encoding: UTF-8
* checking package namespace information ... OK
* checking package dependencies ... INFO
Imports includes 51 non-default packages.
Importing from so many packages makes the package vulnerable to any of
them becoming unavailable.  Move as many as possible to Suggests and
use conditionally.
* checking if this is a source package ... OK
* checking if there is a namespace ... OK
* checking for hidden files and directories ... NOTE
Found the following hidden files and directories:
  .BBSoptions
These were most likely included in error. See section ‘Package
structure’ in the ‘Writing R Extensions’ manual.
* checking for portable file names ... OK
* checking for sufficient/correct file permissions ... OK
* checking whether package ‘ChromSCape’ can be installed ... OK
* used C++ compiler: ‘aarch64-unknown-linux-gnu-g++ (GCC) 14.2.0’
* checking installed package size ... INFO
  installed size is  5.8Mb
  sub-directories of 1Mb or more:
    data   1.7Mb
    www    2.1Mb
* checking package directory ... OK
* checking ‘build’ directory ... OK
* checking DESCRIPTION meta-information ... OK
* checking top-level files ... OK
* checking for left-over files ... OK
* checking index information ... OK
* checking package subdirectories ... OK
* checking code files for non-ASCII characters ... OK
* checking R files for syntax errors ... OK
* checking whether the package can be loaded ... OK
* checking whether the package can be loaded with stated dependencies ... OK
* checking whether the package can be unloaded cleanly ... OK
* checking whether the namespace can be loaded with stated dependencies ... OK
* checking whether the namespace can be unloaded cleanly ... OK
* checking loading without being on the library search path ... OK
* checking whether startup messages can be suppressed ... OK
* checking dependencies in R code ... WARNING
'loadNamespace' or 'requireNamespace' call not declared from: ‘flexdashboard’
* checking S3 generic/method consistency ... OK
* checking replacement functions ... OK
* checking foreign function calls ... OK
* checking R code for possible problems ... NOTE
bams_to_matrix_indexes: no visible binding for global variable
  ‘files_dir_list’
enrich_TF_ChEA3_genes: no visible binding for global variable
  ‘CheA3_TF_nTargets’
filter_correlated_cell_scExp: no visible binding for global variable
  ‘run_tsne’
generate_analysis: no visible global function definition for ‘head’
generate_analysis: no visible binding for global variable ‘k’
generate_analysis: no visible binding for global variable
  ‘clusterConsensus’
get_most_variable_cyto: no visible binding for global variable
  ‘cytoBand’
get_most_variable_cyto: no visible binding for global variable
  ‘Fri_cyto’
num_cell_after_QC_filt_scExp: no visible binding for global variable
  ‘sample_id’
num_cell_after_QC_filt_scExp: no visible binding for global variable
  ‘total_counts’
num_cell_scExp: no visible binding for global variable ‘sample_id’
num_cell_scExp: no visible binding for global variable ‘total_counts’
plot_correlation_PCA_scExp: no visible binding for global variable
  ‘Component’
plot_coverage_BigWig: no visible binding for global variable ‘molecule’
plot_coverage_BigWig: no visible binding for global variable
  ‘orientation’
plot_coverage_BigWig: no visible binding for global variable ‘Gene’
plot_gain_or_loss_barplots: no visible binding for global variable
  ‘Gain_or_Loss’
plot_gain_or_loss_barplots: no visible binding for global variable
  ‘ncells’
plot_gain_or_loss_barplots: no visible binding for global variable
  ‘cytoBand’
plot_most_contributing_features: no visible binding for global variable
  ‘genes’
plot_percent_active_feature_scExp: no visible binding for global
  variable ‘group’
plot_percent_active_feature_scExp: no visible binding for global
  variable ‘percent_active’
plot_pie_most_contributing_chr: no visible binding for global variable
  ‘absolute_value’
plot_reduced_dim_scExp: no visible binding for global variable ‘V1’
plot_reduced_dim_scExp: no visible binding for global variable ‘V2’
plot_reduced_dim_scExp: no visible binding for global variable
  ‘cluster’
plot_top_TF_scExp: no visible binding for global variable ‘TF’
rebin_helper: no visible binding for global variable ‘new_row’
rebin_helper: no visible binding for global variable ‘origin_value’
rebin_matrix: no visible binding for global variable ‘group’
subset_bam_call_peaks: no visible binding for global variable
  ‘merged_bam’
Undefined global functions or variables:
  CheA3_TF_nTargets Component Fri_cyto Gain_or_Loss Gene TF V1 V2
  absolute_value cluster clusterConsensus cytoBand files_dir_list genes
  group head k merged_bam molecule ncells new_row orientation
  origin_value percent_active run_tsne sample_id total_counts
Consider adding
  importFrom("utils", "head")
to your NAMESPACE file.
* checking Rd files ... OK
* checking Rd metadata ... OK
* checking Rd cross-references ... OK
* checking for missing documentation entries ... OK
* checking for code/documentation mismatches ... OK
* checking Rd \usage sections ... OK
* checking Rd contents ... OK
* checking for unstated dependencies in examples ... OK
* checking contents of ‘data’ directory ... OK
* checking data for non-ASCII characters ... OK
* checking data for ASCII and uncompressed saves ... OK
* checking line endings in C/C++/Fortran sources/headers ... OK
* checking compiled code ... NOTE
Note: information on .o files is not available
* checking files in ‘vignettes’ ... OK
* checking examples ... OK
Examples with CPU (user + system) or elapsed time > 5s
                                        user system elapsed
get_pathway_mat_scExp                 94.517  1.599  96.383
plot_gain_or_loss_barplots            71.595  0.486  72.296
plot_reduced_dim_scExp_CNA            32.820  0.152  33.086
calculate_CNA                         31.277  1.272  32.657
calculate_logRatio_CNA                31.493  0.263  31.864
get_most_variable_cyto                30.803  0.123  31.020
calculate_gain_or_loss                30.457  0.367  30.928
calculate_cyto_mat                    29.569  0.426  30.093
get_cyto_features                     27.753  0.164  27.999
num_cell_after_cor_filt_scExp         12.518  0.120  12.670
preprocessing_filtering_and_reduction  9.987  0.036  10.051
filter_correlated_cell_scExp           9.586  0.084   9.698
rebin_matrix                           7.977  0.361  28.042
import_scExp                           7.903  0.036   7.962
create_scDataset_raw                   7.406  0.083   7.511
differential_activation                7.311  0.056   7.392
CompareWilcox                          6.161  0.282   6.398
CompareedgeRGLM                        6.084  0.247   6.347
enrich_TF_ChEA3_scExp                  1.096  0.036   7.451
* checking for unstated dependencies in ‘tests’ ... OK
* checking tests ...
  Running ‘testthat.R’
 OK
* checking for unstated dependencies in vignettes ... OK
* checking package vignettes ... OK
* checking running R code from vignettes ... SKIPPED
* checking re-building of vignette outputs ... SKIPPED
* checking PDF version of manual ... OK
* DONE

Status: 1 WARNING, 3 NOTEs
See
  ‘/home/biocbuild/bbs-3.22-bioc/meat/ChromSCape.Rcheck/00check.log’
for details.


Installation output

ChromSCape.Rcheck/00install.out

##############################################################################
##############################################################################
###
### Running command:
###
###   /home/biocbuild/R/R/bin/R CMD INSTALL ChromSCape
###
##############################################################################
##############################################################################


* installing to library ‘/home/biocbuild/R/R-4.5.0/site-library’
* installing *source* package ‘ChromSCape’ ...
** this is package ‘ChromSCape’ version ‘1.19.1’
** using staged installation
** libs
using C++ compiler: ‘aarch64-unknown-linux-gnu-g++ (GCC) 14.2.0’
/opt/ohpc/pub/compiler/gcc/14.2.0/bin/aarch64-unknown-linux-gnu-g++ -std=gnu++17 -I"/home/biocbuild/R/R-4.5.0/include" -DNDEBUG  -I'/home/biocbuild/R/R-4.5.0/site-library/Rcpp/include' -I/usr/local/include    -fPIC  -g -O2  -Wall -Werror=format-security  -c RcppExports.cpp -o RcppExports.o
/opt/ohpc/pub/compiler/gcc/14.2.0/bin/aarch64-unknown-linux-gnu-g++ -std=gnu++17 -I"/home/biocbuild/R/R-4.5.0/include" -DNDEBUG  -I'/home/biocbuild/R/R-4.5.0/site-library/Rcpp/include' -I/usr/local/include    -fPIC  -g -O2  -Wall -Werror=format-security  -c as_dist.cpp -o as_dist.o
/opt/ohpc/pub/compiler/gcc/14.2.0/bin/aarch64-unknown-linux-gnu-g++ -std=gnu++17 -shared -L/home/biocbuild/R/R-4.5.0/lib -L/usr/local/lib -o ChromSCape.so RcppExports.o as_dist.o -L/home/biocbuild/R/R-4.5.0/lib -lR
installing to /home/biocbuild/R/R-4.5.0/site-library/00LOCK-ChromSCape/00new/ChromSCape/libs
** R
** data
** inst
** byte-compile and prepare package for lazy loading
** help
*** installing help indices
** building package indices
** installing vignettes
** testing if installed package can be loaded from temporary location
** checking absolute paths in shared objects and dynamic libraries
** testing if installed package can be loaded from final location
** testing if installed package keeps a record of temporary installation path
* DONE (ChromSCape)

Tests output

ChromSCape.Rcheck/tests/testthat.Rout


R version 4.5.0 (2025-04-11) -- "How About a Twenty-Six"
Copyright (C) 2025 The R Foundation for Statistical Computing
Platform: aarch64-unknown-linux-gnu

R is free software and comes with ABSOLUTELY NO WARRANTY.
You are welcome to redistribute it under certain conditions.
Type 'license()' or 'licence()' for distribution details.

R is a collaborative project with many contributors.
Type 'contributors()' for more information and
'citation()' on how to cite R or R packages in publications.

Type 'demo()' for some demos, 'help()' for on-line help, or
'help.start()' for an HTML browser interface to help.
Type 'q()' to quit R.

> library(testthat)
> library(ChromSCape)
> 
> test_check("ChromSCape")
[ FAIL 0 | WARN 2 | SKIP 0 | PASS 11 ]

[ FAIL 0 | WARN 2 | SKIP 0 | PASS 11 ]
> 
> proc.time()
   user  system elapsed 
 43.157   2.968  46.043 

Example timings

ChromSCape.Rcheck/ChromSCape-Ex.timings

nameusersystemelapsed
CheA3_TF_nTargets0.0040.0030.007
CompareWilcox6.1610.2826.398
CompareedgeRGLM6.0840.2476.347
annotToCol21.1370.0321.172
calculate_CNA31.277 1.27232.657
calculate_cyto_mat29.569 0.42630.093
calculate_gain_or_loss30.457 0.36730.928
calculate_logRatio_CNA31.493 0.26331.864
choose_cluster_scExp4.3310.1044.448
colors_scExp0.3370.0000.338
consensus_clustering_scExp4.8290.0884.933
correlation_and_hierarchical_clust_scExp0.4380.0000.440
create_project_folder0.0020.0000.002
create_scDataset_raw7.4060.0837.511
create_scExp0.6450.0040.651
define_feature0.1740.0000.174
detect_samples1.9510.0041.849
differential_activation7.3110.0567.392
differential_analysis_scExp3.7760.0163.805
enrich_TF_ChEA3_genes0.4780.0243.758
enrich_TF_ChEA3_scExp1.0960.0367.451
exclude_features_scExp0.5970.0000.599
feature_annotation_scExp1.7910.0111.809
filter_correlated_cell_scExp9.5860.0849.698
filter_scExp0.7570.0000.759
find_clusters_louvain_scExp0.4000.0000.402
find_top_features0.3870.0000.388
gene_set_enrichment_analysis_scExp0.2350.0040.240
generate_analysis000
generate_coverage_tracks000
generate_report000
getExperimentNames0.2860.0000.287
getMainExperiment0.3130.0040.317
get_cyto_features27.753 0.16427.999
get_genomic_coordinates0.5310.0120.545
get_most_variable_cyto30.803 0.12331.020
get_pathway_mat_scExp94.517 1.59996.383
has_genomic_coordinates0.8740.0000.877
import_scExp7.9030.0367.962
inter_correlation_scExp0.4250.0080.434
intra_correlation_scExp0.4570.0000.457
launchApp0.0010.0000.000
normalize_scExp0.6060.0000.607
num_cell_after_QC_filt_scExp0.5590.0200.580
num_cell_after_cor_filt_scExp12.518 0.12012.670
num_cell_before_cor_filt_scExp0.2470.0000.248
num_cell_in_cluster_scExp0.4900.0040.495
num_cell_scExp0.4830.0000.484
plot_cluster_consensus_scExp1.4480.0001.453
plot_correlation_PCA_scExp1.7050.0321.743
plot_coverage_BigWig0.2370.0000.237
plot_differential_summary_scExp0.2720.0000.273
plot_differential_volcano_scExp0.3450.0040.350
plot_distribution_scExp0.5470.0000.549
plot_gain_or_loss_barplots71.595 0.48672.296
plot_heatmap_scExp0.3940.0080.402
plot_inter_correlation_scExp0.9040.0000.906
plot_intra_correlation_scExp0.9650.0000.968
plot_most_contributing_features0.6520.0000.654
plot_percent_active_feature_scExp0.7060.0000.712
plot_pie_most_contributing_chr0.3650.0000.366
plot_reduced_dim_scExp2.4400.0002.449
plot_reduced_dim_scExp_CNA32.820 0.15233.086
plot_top_TF_scExp0.8660.0320.901
plot_violin_feature_scExp0.9230.0200.947
preprocess_CPM0.5800.0160.599
preprocess_RPKM0.5950.0200.617
preprocess_TFIDF0.5770.0070.588
preprocess_TPM0.6660.0080.675
preprocess_feature_size_only0.5460.0070.555
preprocessing_filtering_and_reduction 9.987 0.03610.051
read_sparse_matrix000
rebin_matrix 7.977 0.36128.042
reduce_dims_scExp2.1370.0682.211
scExp1.4490.0721.524
subsample_scExp0.8700.0440.916
subset_bam_call_peaks000
summary_DA0.2830.0040.287
swapAltExp_sameColData0.3840.0160.401
table_enriched_genes_scExp0.2470.0040.252
wrapper_Signac_FeatureMatrix000