Back to Multiple platform build/check report for BioC 3.23:   simplified   long
AB[C]DEFGHIJKLMNOPQRSTUVWXYZ

This page was generated on 2025-11-22 11:37 -0500 (Sat, 22 Nov 2025).

HostnameOSArch (*)R versionInstalled pkgs
nebbiolo1Linux (Ubuntu 24.04.3 LTS)x86_64R Under development (unstable) (2025-10-20 r88955) -- "Unsuffered Consequences" 4829
lconwaymacOS 12.7.6 Montereyx86_64R Under development (unstable) (2025-10-21 r88958) -- "Unsuffered Consequences" 4603
kjohnson3macOS 13.7.7 Venturaarm64R Under development (unstable) (2025-11-04 r88984) -- "Unsuffered Consequences" 4567
Click on any hostname to see more info about the system (e.g. compilers)      (*) as reported by 'uname -p', except on Windows and Mac OS X

Package 355/2327HostnameOS / ArchINSTALLBUILDCHECKBUILD BIN
ChromSCape 1.21.0  (landing page)
Pacome Prompsy
Snapshot Date: 2025-11-21 13:40 -0500 (Fri, 21 Nov 2025)
git_url: https://git.bioconductor.org/packages/ChromSCape
git_branch: devel
git_last_commit: 47d0ff7
git_last_commit_date: 2025-10-29 11:02:56 -0500 (Wed, 29 Oct 2025)
nebbiolo1Linux (Ubuntu 24.04.3 LTS) / x86_64  OK    OK    WARNINGS  UNNEEDED, same version is already published
lconwaymacOS 12.7.6 Monterey / x86_64  OK    OK    WARNINGS    OK  NO, package depends on 'rtracklayer' which is only available as a source package that needs compilation
kjohnson3macOS 13.7.7 Ventura / arm64  OK    OK    WARNINGS    OK  NO, package depends on 'rtracklayer' which is only available as a source package that needs compilation


CHECK results for ChromSCape on nebbiolo1

To the developers/maintainers of the ChromSCape package:
- Allow up to 24 hours (and sometimes 48 hours) for your latest push to git@git.bioconductor.org:packages/ChromSCape.git to reflect on this report. See Troubleshooting Build Report for more information.
- Use the following Renviron settings to reproduce errors and warnings.
- If 'R CMD check' started to fail recently on the Linux builder(s) over a missing dependency, add the missing dependency to 'Suggests:' in your DESCRIPTION file. See Renviron.bioc for more information.

raw results


Summary

Package: ChromSCape
Version: 1.21.0
Command: /home/biocbuild/bbs-3.23-bioc/R/bin/R CMD check --install=check:ChromSCape.install-out.txt --library=/home/biocbuild/bbs-3.23-bioc/R/site-library --timings ChromSCape_1.21.0.tar.gz
StartedAt: 2025-11-21 22:04:00 -0500 (Fri, 21 Nov 2025)
EndedAt: 2025-11-21 22:17:25 -0500 (Fri, 21 Nov 2025)
EllapsedTime: 805.1 seconds
RetCode: 0
Status:   WARNINGS  
CheckDir: ChromSCape.Rcheck
Warnings: 1

Command output

##############################################################################
##############################################################################
###
### Running command:
###
###   /home/biocbuild/bbs-3.23-bioc/R/bin/R CMD check --install=check:ChromSCape.install-out.txt --library=/home/biocbuild/bbs-3.23-bioc/R/site-library --timings ChromSCape_1.21.0.tar.gz
###
##############################################################################
##############################################################################


* using log directory ‘/home/biocbuild/bbs-3.23-bioc/meat/ChromSCape.Rcheck’
* using R Under development (unstable) (2025-10-20 r88955)
* using platform: x86_64-pc-linux-gnu
* R was compiled by
    gcc (Ubuntu 13.3.0-6ubuntu2~24.04) 13.3.0
    GNU Fortran (Ubuntu 13.3.0-6ubuntu2~24.04) 13.3.0
* running under: Ubuntu 24.04.3 LTS
* using session charset: UTF-8
* checking for file ‘ChromSCape/DESCRIPTION’ ... OK
* this is package ‘ChromSCape’ version ‘1.21.0’
* package encoding: UTF-8
* checking package namespace information ... OK
* checking package dependencies ... INFO
Imports includes 51 non-default packages.
Importing from so many packages makes the package vulnerable to any of
them becoming unavailable.  Move as many as possible to Suggests and
use conditionally.
* checking if this is a source package ... OK
* checking if there is a namespace ... OK
* checking for hidden files and directories ... NOTE
Found the following hidden files and directories:
  .BBSoptions
These were most likely included in error. See section ‘Package
structure’ in the ‘Writing R Extensions’ manual.
* checking for portable file names ... OK
* checking for sufficient/correct file permissions ... OK
* checking whether package ‘ChromSCape’ can be installed ... OK
* used C++ compiler: ‘g++ (Ubuntu 13.3.0-6ubuntu2~24.04) 13.3.0’
* checking installed package size ... INFO
  installed size is  5.2Mb
  sub-directories of 1Mb or more:
    data   1.7Mb
    www    2.2Mb
* checking package directory ... OK
* checking ‘build’ directory ... OK
* checking DESCRIPTION meta-information ... OK
* checking top-level files ... OK
* checking for left-over files ... OK
* checking index information ... OK
* checking package subdirectories ... OK
* checking code files for non-ASCII characters ... OK
* checking R files for syntax errors ... OK
* checking whether the package can be loaded ... OK
* checking whether the package can be loaded with stated dependencies ... OK
* checking whether the package can be unloaded cleanly ... OK
* checking whether the namespace can be loaded with stated dependencies ... OK
* checking whether the namespace can be unloaded cleanly ... OK
* checking loading without being on the library search path ... OK
* checking whether startup messages can be suppressed ... OK
* checking dependencies in R code ... WARNING
'loadNamespace' or 'requireNamespace' call not declared from: ‘flexdashboard’
* checking S3 generic/method consistency ... OK
* checking replacement functions ... OK
* checking foreign function calls ... OK
* checking R code for possible problems ... NOTE
bams_to_matrix_indexes: no visible binding for global variable
  ‘files_dir_list’
enrich_TF_ChEA3_genes: no visible binding for global variable
  ‘CheA3_TF_nTargets’
filter_correlated_cell_scExp: no visible binding for global variable
  ‘run_tsne’
generate_analysis: no visible global function definition for ‘head’
generate_analysis: no visible binding for global variable ‘k’
generate_analysis: no visible binding for global variable
  ‘clusterConsensus’
get_most_variable_cyto: no visible binding for global variable
  ‘cytoBand’
get_most_variable_cyto: no visible binding for global variable
  ‘Fri_cyto’
num_cell_after_QC_filt_scExp: no visible binding for global variable
  ‘sample_id’
num_cell_after_QC_filt_scExp: no visible binding for global variable
  ‘total_counts’
num_cell_scExp: no visible binding for global variable ‘sample_id’
num_cell_scExp: no visible binding for global variable ‘total_counts’
plot_correlation_PCA_scExp: no visible binding for global variable
  ‘Component’
plot_coverage_BigWig: no visible binding for global variable ‘molecule’
plot_coverage_BigWig: no visible binding for global variable
  ‘orientation’
plot_coverage_BigWig: no visible binding for global variable ‘Gene’
plot_gain_or_loss_barplots: no visible binding for global variable
  ‘Gain_or_Loss’
plot_gain_or_loss_barplots: no visible binding for global variable
  ‘ncells’
plot_gain_or_loss_barplots: no visible binding for global variable
  ‘cytoBand’
plot_most_contributing_features: no visible binding for global variable
  ‘genes’
plot_percent_active_feature_scExp: no visible binding for global
  variable ‘group’
plot_percent_active_feature_scExp: no visible binding for global
  variable ‘percent_active’
plot_pie_most_contributing_chr: no visible binding for global variable
  ‘absolute_value’
plot_reduced_dim_scExp: no visible binding for global variable ‘V1’
plot_reduced_dim_scExp: no visible binding for global variable ‘V2’
plot_reduced_dim_scExp: no visible binding for global variable
  ‘cluster’
plot_top_TF_scExp: no visible binding for global variable ‘TF’
rebin_helper: no visible binding for global variable ‘new_row’
rebin_helper: no visible binding for global variable ‘origin_value’
rebin_matrix: no visible binding for global variable ‘group’
subset_bam_call_peaks: no visible binding for global variable
  ‘merged_bam’
Undefined global functions or variables:
  CheA3_TF_nTargets Component Fri_cyto Gain_or_Loss Gene TF V1 V2
  absolute_value cluster clusterConsensus cytoBand files_dir_list genes
  group head k merged_bam molecule ncells new_row orientation
  origin_value percent_active run_tsne sample_id total_counts
Consider adding
  importFrom("utils", "head")
to your NAMESPACE file.
* checking Rd files ... OK
* checking Rd metadata ... OK
* checking Rd cross-references ... OK
* checking for missing documentation entries ... OK
* checking for code/documentation mismatches ... OK
* checking Rd \usage sections ... OK
* checking Rd contents ... OK
* checking for unstated dependencies in examples ... OK
* checking contents of ‘data’ directory ... OK
* checking data for non-ASCII characters ... OK
* checking data for ASCII and uncompressed saves ... OK
* checking line endings in C/C++/Fortran sources/headers ... OK
* checking compiled code ... INFO
Note: information on .o files is not available
* checking files in ‘vignettes’ ... OK
* checking examples ... OK
Examples with CPU (user + system) or elapsed time > 5s
                                        user system elapsed
get_pathway_mat_scExp                 72.566  2.338  74.910
plot_gain_or_loss_barplots            50.642  0.387  51.029
calculate_CNA                         22.257  2.046  24.305
plot_reduced_dim_scExp_CNA            23.005  0.288  23.293
calculate_cyto_mat                    21.731  0.776  22.508
calculate_gain_or_loss                21.332  0.567  21.900
calculate_logRatio_CNA                21.180  0.683  21.864
get_most_variable_cyto                21.512  0.240  21.753
get_cyto_features                     19.011  0.039  19.054
num_cell_after_cor_filt_scExp         12.011  0.001  11.993
filter_correlated_cell_scExp          11.335  0.005  11.326
preprocessing_filtering_and_reduction  9.268  0.117   9.379
rebin_matrix                           7.967  0.398  24.300
import_scExp                           7.677  0.019   7.697
create_scDataset_raw                   6.776  0.355   7.130
CompareWilcox                          6.044  0.535   6.359
differential_activation                5.452  0.039   5.492
enrich_TF_ChEA3_scExp                  1.054  0.027   5.377
* checking for unstated dependencies in ‘tests’ ... OK
* checking tests ...
  Running ‘testthat.R’
 OK
* checking for unstated dependencies in vignettes ... OK
* checking package vignettes ... OK
* checking re-building of vignette outputs ... OK
* checking PDF version of manual ... OK
* DONE

Status: 1 WARNING, 2 NOTEs
See
  ‘/home/biocbuild/bbs-3.23-bioc/meat/ChromSCape.Rcheck/00check.log’
for details.


Installation output

ChromSCape.Rcheck/00install.out

##############################################################################
##############################################################################
###
### Running command:
###
###   /home/biocbuild/bbs-3.23-bioc/R/bin/R CMD INSTALL ChromSCape
###
##############################################################################
##############################################################################


* installing to library ‘/home/biocbuild/bbs-3.23-bioc/R/site-library’
* installing *source* package ‘ChromSCape’ ...
** this is package ‘ChromSCape’ version ‘1.21.0’
** using staged installation
** libs
using C++ compiler: ‘g++ (Ubuntu 13.3.0-6ubuntu2~24.04) 13.3.0’
g++ -std=gnu++17 -I"/home/biocbuild/bbs-3.23-bioc/R/include" -DNDEBUG  -I'/home/biocbuild/bbs-3.23-bioc/R/site-library/Rcpp/include' -I/usr/local/include    -fpic  -g -O2  -Wall -Werror=format-security  -c RcppExports.cpp -o RcppExports.o
g++ -std=gnu++17 -I"/home/biocbuild/bbs-3.23-bioc/R/include" -DNDEBUG  -I'/home/biocbuild/bbs-3.23-bioc/R/site-library/Rcpp/include' -I/usr/local/include    -fpic  -g -O2  -Wall -Werror=format-security  -c as_dist.cpp -o as_dist.o
g++ -std=gnu++17 -shared -L/home/biocbuild/bbs-3.23-bioc/R/lib -L/usr/local/lib -o ChromSCape.so RcppExports.o as_dist.o -L/home/biocbuild/bbs-3.23-bioc/R/lib -lR
installing to /home/biocbuild/bbs-3.23-bioc/R/site-library/00LOCK-ChromSCape/00new/ChromSCape/libs
** R
** data
** inst
** byte-compile and prepare package for lazy loading
** help
*** installing help indices
** building package indices
** installing vignettes
** testing if installed package can be loaded from temporary location
** checking absolute paths in shared objects and dynamic libraries
** testing if installed package can be loaded from final location
** testing if installed package keeps a record of temporary installation path
* DONE (ChromSCape)

Tests output

ChromSCape.Rcheck/tests/testthat.Rout


R Under development (unstable) (2025-10-20 r88955) -- "Unsuffered Consequences"
Copyright (C) 2025 The R Foundation for Statistical Computing
Platform: x86_64-pc-linux-gnu

R is free software and comes with ABSOLUTELY NO WARRANTY.
You are welcome to redistribute it under certain conditions.
Type 'license()' or 'licence()' for distribution details.

R is a collaborative project with many contributors.
Type 'contributors()' for more information and
'citation()' on how to cite R or R packages in publications.

Type 'demo()' for some demos, 'help()' for on-line help, or
'help.start()' for an HTML browser interface to help.
Type 'q()' to quit R.

> library(testthat)
> library(ChromSCape)
> 
> test_check("ChromSCape")
[ FAIL 0 | WARN 2 | SKIP 0 | PASS 11 ]

[ FAIL 0 | WARN 2 | SKIP 0 | PASS 11 ]
> 
> proc.time()
   user  system elapsed 
 40.130   2.808  42.731 

Example timings

ChromSCape.Rcheck/ChromSCape-Ex.timings

nameusersystemelapsed
CheA3_TF_nTargets0.0070.0000.006
CompareWilcox6.0440.5356.359
CompareedgeRGLM4.3760.2054.576
annotToCol20.8690.0480.918
calculate_CNA22.257 2.04624.305
calculate_cyto_mat21.731 0.77622.508
calculate_gain_or_loss21.332 0.56721.900
calculate_logRatio_CNA21.180 0.68321.864
choose_cluster_scExp3.0150.0963.107
colors_scExp0.2700.0010.271
consensus_clustering_scExp3.8320.0973.923
correlation_and_hierarchical_clust_scExp0.2960.0070.297
create_project_folder0.0010.0010.002
create_scDataset_raw6.7760.3557.130
create_scExp0.4470.0040.452
define_feature0.1530.0010.154
detect_samples1.1300.0171.071
differential_activation5.4520.0395.492
differential_analysis_scExp3.1330.0273.160
enrich_TF_ChEA3_genes0.5130.1051.917
enrich_TF_ChEA3_scExp1.0540.0275.377
exclude_features_scExp0.4420.0010.443
feature_annotation_scExp1.3550.0111.365
filter_correlated_cell_scExp11.335 0.00511.326
filter_scExp0.5280.0030.530
find_clusters_louvain_scExp0.3130.0030.314
find_top_features0.3210.0010.321
gene_set_enrichment_analysis_scExp0.2070.0030.210
generate_analysis0.0000.0010.000
generate_coverage_tracks0.0000.0000.001
generate_report000
getExperimentNames0.2380.0000.238
getMainExperiment0.2740.0020.276
get_cyto_features19.011 0.03919.054
get_genomic_coordinates0.4270.0040.430
get_most_variable_cyto21.512 0.24021.753
get_pathway_mat_scExp72.566 2.33874.910
has_genomic_coordinates0.6010.0010.602
import_scExp7.6770.0197.697
inter_correlation_scExp0.3290.0050.335
intra_correlation_scExp0.3380.0060.345
launchApp000
normalize_scExp0.3980.0110.409
num_cell_after_QC_filt_scExp0.4160.0010.417
num_cell_after_cor_filt_scExp12.011 0.00111.993
num_cell_before_cor_filt_scExp0.2340.0010.236
num_cell_in_cluster_scExp0.3790.0050.379
num_cell_scExp0.3350.0010.336
plot_cluster_consensus_scExp1.0230.0021.025
plot_correlation_PCA_scExp1.1920.0021.194
plot_coverage_BigWig0.2110.0010.212
plot_differential_summary_scExp0.2270.0000.227
plot_differential_volcano_scExp0.3090.0000.309
plot_distribution_scExp0.4070.0030.410
plot_gain_or_loss_barplots50.642 0.38751.029
plot_heatmap_scExp0.2970.0030.424
plot_inter_correlation_scExp0.6120.0010.613
plot_intra_correlation_scExp0.6120.0030.616
plot_most_contributing_features0.4440.0010.446
plot_percent_active_feature_scExp0.5020.0040.506
plot_pie_most_contributing_chr0.2640.0030.266
plot_reduced_dim_scExp1.5540.0091.564
plot_reduced_dim_scExp_CNA23.005 0.28823.293
plot_top_TF_scExp0.6110.0030.614
plot_violin_feature_scExp0.6430.0040.647
preprocess_CPM0.3780.0170.396
preprocess_RPKM0.4030.0240.427
preprocess_TFIDF0.3900.0240.415
preprocess_TPM0.4660.0510.517
preprocess_feature_size_only0.3810.0260.407
preprocessing_filtering_and_reduction9.2680.1179.379
read_sparse_matrix000
rebin_matrix 7.967 0.39824.300
reduce_dims_scExp1.5930.0781.670
scExp1.0900.0361.127
subsample_scExp0.5650.0270.592
subset_bam_call_peaks000
summary_DA0.2360.0000.235
swapAltExp_sameColData0.3070.0140.321
table_enriched_genes_scExp0.2050.0010.206
wrapper_Signac_FeatureMatrix000