| Back to Multiple platform build/check report for BioC 3.6 experimental data | 
This page was generated on 2018-04-12 12:49:05 -0400 (Thu, 12 Apr 2018).
| Package 308/326 | Hostname | OS / Arch | INSTALL | BUILD | CHECK | BUILD BIN | ||||||
| tinesath1cdf 1.16.0 Tine Casneuf 
 | malbec1 | Linux (Ubuntu 16.04.1 LTS) / x86_64 | OK | OK | [ WARNINGS ] |  | 
| Package: tinesath1cdf | 
| Version: 1.16.0 | 
| Command: /home/biocbuild/bbs-3.6-bioc/R/bin/R CMD check --no-vignettes --timings tinesath1cdf_1.16.0.tar.gz | 
| StartedAt: 2018-04-12 10:41:45 -0400 (Thu, 12 Apr 2018) | 
| EndedAt: 2018-04-12 10:42:09 -0400 (Thu, 12 Apr 2018) | 
| EllapsedTime: 24.2 seconds | 
| RetCode: 0 | 
| Status: WARNINGS | 
| CheckDir: tinesath1cdf.Rcheck | 
| Warnings: 1 | 
##############################################################################
##############################################################################
###
### Running command:
###
###   /home/biocbuild/bbs-3.6-bioc/R/bin/R CMD check --no-vignettes --timings tinesath1cdf_1.16.0.tar.gz
###
##############################################################################
##############################################################################
* using log directory ‘/home/biocbuild/bbs-3.6-data-experiment/meat/tinesath1cdf.Rcheck’
* using R version 3.4.4 (2018-03-15)
* using platform: x86_64-pc-linux-gnu (64-bit)
* using session charset: UTF-8
* using option ‘--no-vignettes’
* checking for file ‘tinesath1cdf/DESCRIPTION’ ... OK
* this is package ‘tinesath1cdf’ version ‘1.16.0’
* checking package namespace information ... OK
* checking package dependencies ... OK
* checking if this is a source package ... OK
* checking if there is a namespace ... OK
* checking for hidden files and directories ... OK
* checking for portable file names ... OK
* checking for sufficient/correct file permissions ... OK
* checking whether package ‘tinesath1cdf’ can be installed ... OK
* checking installed package size ... OK
* checking package directory ... OK
* checking DESCRIPTION meta-information ... OK
* checking top-level files ... OK
* checking for left-over files ... OK
* checking index information ... OK
* checking package subdirectories ... OK
* checking R files for non-ASCII characters ... OK
* checking R files for syntax errors ... OK
* checking whether the package can be loaded ... OK
* checking whether the package can be loaded with stated dependencies ... OK
* checking whether the package can be unloaded cleanly ... OK
* checking whether the namespace can be loaded with stated dependencies ... OK
* checking whether the namespace can be unloaded cleanly ... OK
* checking dependencies in R code ... OK
* checking S3 generic/method consistency ... OK
* checking replacement functions ... OK
* checking foreign function calls ... OK
* checking R code for possible problems ... OK
* checking Rd files ... OK
* checking Rd metadata ... OK
* checking Rd cross-references ... OK
* checking for missing documentation entries ... OK
* checking for code/documentation mismatches ... OK
* checking Rd \usage sections ... OK
* checking Rd contents ... OK
* checking for unstated dependencies in examples ... OK
* checking contents of ‘data’ directory ... OK
* checking data for non-ASCII characters ... OK
* checking data for ASCII and uncompressed saves ... WARNING
  
  Note: significantly better compression could be obtained
        by using R CMD build --resave-data
                   old_size new_size compress
  tinesath1cdf.rda    1.5Mb    1.1Mb    bzip2
* checking examples ... OK
* checking PDF version of manual ... OK
* DONE
Status: 1 WARNING
See
  ‘/home/biocbuild/bbs-3.6-data-experiment/meat/tinesath1cdf.Rcheck/00check.log’
for details.
tinesath1cdf.Rcheck/00install.out
* installing *source* package ‘tinesath1cdf’ ... ** R ** data ** preparing package for lazy loading ** help *** installing help indices ** building package indices ** testing if installed package can be loaded * DONE (tinesath1cdf)
tinesath1cdf.Rcheck/tinesath1cdf-Ex.timings
| name | user | system | elapsed | |
| geometry | 0.152 | 0.032 | 0.183 | |