| Back to Build/check report for BioC 3.23 experimental data | 
  | 
This page was generated on 2025-10-30 15:01 -0400 (Thu, 30 Oct 2025).
| Hostname | OS | Arch (*) | R version | Installed pkgs | 
|---|---|---|---|---|
| nebbiolo1 | Linux (Ubuntu 24.04.3 LTS) | x86_64 | R Under development (unstable) (2025-10-20 r88955) -- "Unsuffered Consequences" | 4428 | 
| Click on any hostname to see more info about the system (e.g. compilers) (*) as reported by 'uname -p', except on Windows and Mac OS X | ||||
| Package 193/430 | Hostname | OS / Arch | INSTALL | BUILD | CHECK | ||||||||
| homosapienDEE2CellScore 1.7.0  (landing page) Justin Marsh 
  | nebbiolo1 | Linux (Ubuntu 24.04.3 LTS) / x86_64 | OK | ERROR | skipped | ||||||||
| 
To the developers/maintainers of the homosapienDEE2CellScore package: - Use the following Renviron settings to reproduce errors and warnings. - If 'R CMD check' started to fail recently on the Linux builder(s) over a missing dependency, add the missing dependency to 'Suggests:' in your DESCRIPTION file. See Renviron.bioc for more information.  | 
| Package: homosapienDEE2CellScore | 
| Version: 1.7.0 | 
| Command: /home/biocbuild/bbs-3.23-bioc/R/bin/R CMD build --keep-empty-dirs --no-resave-data homosapienDEE2CellScore | 
| StartedAt: 2025-10-30 11:22:03 -0400 (Thu, 30 Oct 2025) | 
| EndedAt: 2025-10-30 11:22:39 -0400 (Thu, 30 Oct 2025) | 
| EllapsedTime: 36.6 seconds | 
| RetCode: 1 | 
| Status: ERROR | 
| PackageFile: None | 
| PackageFileSize: NA | 
##############################################################################
##############################################################################
###
### Running command:
###
###   /home/biocbuild/bbs-3.23-bioc/R/bin/R CMD build --keep-empty-dirs --no-resave-data homosapienDEE2CellScore
###
##############################################################################
##############################################################################
* checking for file ‘homosapienDEE2CellScore/DESCRIPTION’ ... OK
* preparing ‘homosapienDEE2CellScore’:
* checking DESCRIPTION meta-information ... OK
* installing the package (it is needed to build vignettes)
* creating vignettes ... ERROR
--- re-building ‘use-data-package.Rmd’ using rmarkdown
Quitting from use-data-package.Rmd:40-49 [setup]
~~~~~~~~~~~~~~~~~~~~~~~~~~~~~~~~~~~~~~~~~~~~~~~~~~~~~~~~~~~~~~~~~~~~~~~~~~~~~~~~
<error/rlang_error>
Error in `library()`:
! there is no package called 'CellScore'
---
Backtrace:
    ▆
 1. └─base::library(CellScore)
~~~~~~~~~~~~~~~~~~~~~~~~~~~~~~~~~~~~~~~~~~~~~~~~~~~~~~~~~~~~~~~~~~~~~~~~~~~~~~~~
Error: processing vignette 'use-data-package.Rmd' failed with diagnostics:
there is no package called 'CellScore'
--- failed re-building ‘use-data-package.Rmd’
SUMMARY: processing the following file failed:
  ‘use-data-package.Rmd’
Error: Vignette re-building failed.
Execution halted