Back to Build/check report for BioC 3.22 experimental data
ABC[D]EFGHIJKLMNOPQRSTUVWXYZ

This page was generated on 2025-11-04 15:41 -0500 (Tue, 04 Nov 2025).

HostnameOSArch (*)R versionInstalled pkgs
nebbiolo2Linux (Ubuntu 24.04.3 LTS)x86_644.5.1 Patched (2025-08-23 r88802) -- "Great Square Root" 4902
Click on any hostname to see more info about the system (e.g. compilers)      (*) as reported by 'uname -p', except on Windows and Mac OS X

Package 108/435HostnameOS / ArchINSTALLBUILDCHECK
DuoClustering2018 1.28.0  (landing page)
Angelo Duò
Snapshot Date: 2025-11-04 07:30 -0500 (Tue, 04 Nov 2025)
git_url: https://git.bioconductor.org/packages/DuoClustering2018
git_branch: RELEASE_3_22
git_last_commit: 3a6eb6f
git_last_commit_date: 2025-10-29 10:00:36 -0500 (Wed, 29 Oct 2025)
nebbiolo2Linux (Ubuntu 24.04.3 LTS) / x86_64  OK    ERROR  skipped


BUILD results for DuoClustering2018 on nebbiolo2

To the developers/maintainers of the DuoClustering2018 package:
- Use the following Renviron settings to reproduce errors and warnings.
- If 'R CMD check' started to fail recently on the Linux builder(s) over a missing dependency, add the missing dependency to 'Suggests:' in your DESCRIPTION file. See Renviron.bioc for more information.

raw results


Summary

Package: DuoClustering2018
Version: 1.28.0
Command: /home/biocbuild/bbs-3.22-bioc/R/bin/R CMD build --keep-empty-dirs --no-resave-data DuoClustering2018
StartedAt: 2025-11-04 11:17:35 -0500 (Tue, 04 Nov 2025)
EndedAt: 2025-11-04 11:18:41 -0500 (Tue, 04 Nov 2025)
EllapsedTime: 66.2 seconds
RetCode: 1
Status:   ERROR  
PackageFile: None
PackageFileSize: NA

Command output

##############################################################################
##############################################################################
###
### Running command:
###
###   /home/biocbuild/bbs-3.22-bioc/R/bin/R CMD build --keep-empty-dirs --no-resave-data DuoClustering2018
###
##############################################################################
##############################################################################


* checking for file ‘DuoClustering2018/DESCRIPTION’ ... OK
* preparing ‘DuoClustering2018’:
* checking DESCRIPTION meta-information ... OK
* installing the package to build vignettes
* creating vignettes ... ERROR
--- re-building ‘combine_data_clustering.Rmd’ using rmarkdown
--- finished re-building ‘combine_data_clustering.Rmd’

--- re-building ‘plot_performance.Rmd’ using rmarkdown

Quitting from plot_performance.Rmd:65-67 [unnamed-chunk-3]
~~~~~~~~~~~~~~~~~~~~~~~~~~~~~~~~~~~~~~~~~~~~~~~~~~~~~~~~~~~~~~~~~~~~~~~~~~~~~~~~
<error/rlang_error>
Error:
! failed to load resource
  name: EH1500
  title: sce_full_Koh
  reason: unknown input format
---
Backtrace:
     ▆
  1. ├─eh[["EH1500"]]
  2. └─eh[["EH1500"]]
  3.   └─ExperimentHub (local) .local(x, i, j = j, ...)
  4.     ├─methods::callNextMethod(...)
  5.     │ └─base::eval(call, callEnv)
  6.     │   └─base::eval(call, callEnv)
  7.     └─AnnotationHub (local) .nextMethod(...)
  8.       └─AnnotationHub (local) .local(x, i, j = j, ...)
  9.         └─AnnotationHub:::.Hub_get1(...)
 10.           └─base::tryCatch(...)
 11.             └─base (local) tryCatchList(expr, classes, parentenv, handlers)
 12.               └─base (local) tryCatchOne(expr, names, parentenv, handlers[[1L]])
 13.                 └─value[[3L]](cond)
 14.                   └─base::tryCatch(...)
 15.                     └─base (local) tryCatchList(expr, classes, parentenv, handlers)
 16.                       └─base (local) tryCatchOne(expr, names, parentenv, handlers[[1L]])
 17.                         └─value[[3L]](cond)
~~~~~~~~~~~~~~~~~~~~~~~~~~~~~~~~~~~~~~~~~~~~~~~~~~~~~~~~~~~~~~~~~~~~~~~~~~~~~~~~

Error: processing vignette 'plot_performance.Rmd' failed with diagnostics:
failed to load resource
  name: EH1500
  title: sce_full_Koh
  reason: unknown input format
--- failed re-building ‘plot_performance.Rmd’

--- re-building ‘run_clustering.Rmd’ using rmarkdown

Quitting from run_clustering.Rmd:61-69 [unnamed-chunk-1]
~~~~~~~~~~~~~~~~~~~~~~~~~~~~~~~~~~~~~~~~~~~~~~~~~~~~~~~~~~~~~~~~~~~~~~~~~~~~~~~~
<error/rlang_error>
Error:
! failed to load resource
  name: EH1501
  title: sce_filteredExpr10_Koh
  reason: 1 resources failed to download
---
Backtrace:
     ▆
  1. └─ExperimentHub (local) sce_filteredExpr10_Koh()
  2.   ├─eh1[[1L]]
  3.   └─eh1[[1L]]
  4.     └─ExperimentHub (local) .local(x, i, j = j, ...)
  5.       ├─methods::callNextMethod(...)
  6.       │ └─base::eval(call, callEnv)
  7.       │   └─base::eval(call, callEnv)
  8.       └─AnnotationHub (local) .nextMethod(...)
  9.         └─AnnotationHub (local) .local(x, i, j = j, ...)
 10.           └─AnnotationHub:::.Hub_get1(...)
 11.             └─base::tryCatch(...)
 12.               └─base (local) tryCatchList(expr, classes, parentenv, handlers)
 13.                 └─base (local) tryCatchOne(expr, names, parentenv, handlers[[1L]])
 14.                   └─value[[3L]](cond)
 15.                     └─base::tryCatch(...)
 16.                       └─base (local) tryCatchList(expr, classes, parentenv, handlers)
 17.                         └─base (local) tryCatchOne(expr, names, parentenv, handlers[[1L]])
 18.                           └─value[[3L]](cond)
~~~~~~~~~~~~~~~~~~~~~~~~~~~~~~~~~~~~~~~~~~~~~~~~~~~~~~~~~~~~~~~~~~~~~~~~~~~~~~~~

Error: processing vignette 'run_clustering.Rmd' failed with diagnostics:
failed to load resource
  name: EH1501
  title: sce_filteredExpr10_Koh
  reason: 1 resources failed to download
--- failed re-building ‘run_clustering.Rmd’

SUMMARY: processing the following files failed:
  ‘plot_performance.Rmd’ ‘run_clustering.Rmd’

Error: Vignette re-building failed.
Execution halted