| Back to Build/check report for BioC 3.22 experimental data |
|
This page was generated on 2025-10-23 15:41 -0400 (Thu, 23 Oct 2025).
| Hostname | OS | Arch (*) | R version | Installed pkgs |
|---|---|---|---|---|
| nebbiolo2 | Linux (Ubuntu 24.04.3 LTS) | x86_64 | 4.5.1 Patched (2025-08-23 r88802) -- "Great Square Root" | 4894 |
| Click on any hostname to see more info about the system (e.g. compilers) (*) as reported by 'uname -p', except on Windows and Mac OS X | ||||
| Package 54/435 | Hostname | OS / Arch | INSTALL | BUILD | CHECK | ||||||||
| ChAMPdata 2.41.0 (landing page) Yuan Tian
| nebbiolo2 | Linux (Ubuntu 24.04.3 LTS) / x86_64 | OK | OK | WARNINGS | ||||||||
|
To the developers/maintainers of the ChAMPdata package: - Use the following Renviron settings to reproduce errors and warnings. - If 'R CMD check' started to fail recently on the Linux builder(s) over a missing dependency, add the missing dependency to 'Suggests:' in your DESCRIPTION file. See Renviron.bioc for more information. |
| Package: ChAMPdata |
| Version: 2.41.0 |
| Command: /home/biocbuild/bbs-3.22-bioc/R/bin/R CMD check --install=check:ChAMPdata.install-out.txt --library=/home/biocbuild/bbs-3.22-bioc/R/site-library --timings ChAMPdata_2.41.0.tar.gz |
| StartedAt: 2025-10-23 12:05:22 -0400 (Thu, 23 Oct 2025) |
| EndedAt: 2025-10-23 12:09:57 -0400 (Thu, 23 Oct 2025) |
| EllapsedTime: 274.7 seconds |
| RetCode: 0 |
| Status: WARNINGS |
| CheckDir: ChAMPdata.Rcheck |
| Warnings: 1 |
##############################################################################
##############################################################################
###
### Running command:
###
### /home/biocbuild/bbs-3.22-bioc/R/bin/R CMD check --install=check:ChAMPdata.install-out.txt --library=/home/biocbuild/bbs-3.22-bioc/R/site-library --timings ChAMPdata_2.41.0.tar.gz
###
##############################################################################
##############################################################################
* using log directory ‘/home/biocbuild/bbs-3.22-data-experiment/meat/ChAMPdata.Rcheck’
* using R version 4.5.1 Patched (2025-08-23 r88802)
* using platform: x86_64-pc-linux-gnu
* R was compiled by
gcc (Ubuntu 13.3.0-6ubuntu2~24.04) 13.3.0
GNU Fortran (Ubuntu 13.3.0-6ubuntu2~24.04) 13.3.0
* running under: Ubuntu 24.04.3 LTS
* using session charset: UTF-8
* checking for file ‘ChAMPdata/DESCRIPTION’ ... OK
* checking extension type ... Package
* this is package ‘ChAMPdata’ version ‘2.41.0’
* checking package namespace information ... OK
* checking package dependencies ... OK
* checking if this is a source package ... OK
* checking if there is a namespace ... OK
* checking for hidden files and directories ... OK
* checking for portable file names ... OK
* checking for sufficient/correct file permissions ... OK
* checking whether package ‘ChAMPdata’ can be installed ... OK
* checking installed package size ... INFO
installed size is 730.0Mb
sub-directories of 1Mb or more:
data 606.3Mb
extdata 123.6Mb
* checking package directory ... OK
* checking DESCRIPTION meta-information ... OK
* checking top-level files ... OK
* checking for left-over files ... OK
* checking index information ... OK
* checking package subdirectories ... OK
* checking whether the package can be loaded ... OK
* checking whether the package can be loaded with stated dependencies ... OK
* checking whether the package can be unloaded cleanly ... OK
* checking whether the namespace can be loaded with stated dependencies ... OK
* checking whether the namespace can be unloaded cleanly ... OK
* checking loading without being on the library search path ... OK
* checking Rd files ... OK
* checking Rd metadata ... OK
* checking Rd cross-references ... OK
* checking for missing documentation entries ... OK
* checking for code/documentation mismatches ... OK
* checking Rd \usage sections ... OK
* checking Rd contents ... OK
* checking for unstated dependencies in examples ... OK
* checking contents of ‘data’ directory ... OK
* checking data for non-ASCII characters ... WARNING
Failed with error: 'there is no package called 'minfi''
Error loading dataset 'bloodCtl':
Error in .requirePackage(package) :
unable to load required package 'minfi'
Failed with error: 'there is no package called 'minfi''
Error loading dataset 'myLoad':
Error in .requirePackage(package) :
unable to load required package 'minfi'
The dataset(s) may use package(s) not declared in Depends/Imports.
* checking data for ASCII and uncompressed saves ... OK
* checking examples ... OK
Examples with CPU (user + system) or elapsed time > 5s
user system elapsed
ChAMPdata-package 32.048 0.739 32.789
testDataSet 10.336 0.361 10.702
* checking PDF version of manual ... OK
* DONE
Status: 1 WARNING
See
‘/home/biocbuild/bbs-3.22-data-experiment/meat/ChAMPdata.Rcheck/00check.log’
for details.
ChAMPdata.Rcheck/00install.out
############################################################################## ############################################################################## ### ### Running command: ### ### /home/biocbuild/bbs-3.22-bioc/R/bin/R CMD INSTALL ChAMPdata ### ############################################################################## ############################################################################## * installing to library ‘/home/biocbuild/bbs-3.22-bioc/R/site-library’ * installing *source* package ‘ChAMPdata’ ... ** this is package ‘ChAMPdata’ version ‘2.41.0’ ** using staged installation ** data ** inst ** help *** installing help indices ** building package indices ** testing if installed package can be loaded from temporary location ** testing if installed package can be loaded from final location ** testing if installed package keeps a record of temporary installation path * DONE (ChAMPdata)
ChAMPdata.Rcheck/ChAMPdata-Ex.timings
| name | user | system | elapsed | |
| Anno450K | 2.642 | 0.049 | 2.692 | |
| AnnoEPIC | 3.810 | 0.068 | 3.879 | |
| CellTypeMeans27K | 0.162 | 0.001 | 0.163 | |
| CellTypeMeans450K | 0.002 | 0.000 | 0.002 | |
| ChAMPdata-package | 32.048 | 0.739 | 32.789 | |
| ControlProbes450K | 0.000 | 0.001 | 0.000 | |
| ControlProbesEPIC | 0.001 | 0.000 | 0.001 | |
| EPIC.manifest.hg19 | 4.442 | 0.196 | 4.639 | |
| EPIC.manifest.pop.hg19 | 2.416 | 0.026 | 2.443 | |
| EPICSimData | 2.807 | 0.044 | 2.852 | |
| MatchGeneName | 0.018 | 0.000 | 0.018 | |
| PathwayList | 0.395 | 0.001 | 0.396 | |
| bloodCtl | 0.001 | 0.000 | 0.001 | |
| hm450.manifest.hg19 | 1.723 | 0.008 | 1.731 | |
| hm450.manifest.pop.hg19 | 0.978 | 0.002 | 0.980 | |
| hprdAsigH | 2.027 | 0.272 | 2.299 | |
| illumina450Gr | 3.522 | 0.053 | 3.575 | |
| illuminaEPICGr | 4.067 | 0.007 | 4.074 | |
| multi.hit | 0.926 | 0.004 | 0.930 | |
| probe.features | 0.714 | 0.003 | 0.717 | |
| probe.features.epic | 1.821 | 0.008 | 1.828 | |
| probeInfoALL.epic.lv | 0.829 | 0.000 | 0.829 | |
| probeInfoALL.lv | 0.550 | 0.001 | 0.551 | |
| snp.hit | 0.926 | 0.044 | 0.970 | |
| testDataSet | 10.336 | 0.361 | 10.702 | |