| Back to Build/check report for BioC 3.19 experimental data |
|
This page was generated on 2024-10-17 14:51 -0400 (Thu, 17 Oct 2024).
| Hostname | OS | Arch (*) | R version | Installed pkgs |
|---|---|---|---|---|
| nebbiolo1 | Linux (Ubuntu 22.04.3 LTS) | x86_64 | 4.4.1 (2024-06-14) -- "Race for Your Life" | 4763 |
| Click on any hostname to see more info about the system (e.g. compilers) (*) as reported by 'uname -p', except on Windows and Mac OS X | ||||
| Package 288/430 | Hostname | OS / Arch | INSTALL | BUILD | CHECK | ||||||||
Sokratis Kariotis
| nebbiolo1 | Linux (Ubuntu 22.04.3 LTS) / x86_64 | OK | OK | ERROR | ||||||||
|
To the developers/maintainers of the pcxnData package: - Use the following Renviron settings to reproduce errors and warnings. - If 'R CMD check' started to fail recently on the Linux builder(s) over a missing dependency, add the missing dependency to 'Suggests:' in your DESCRIPTION file. See Renviron.bioc for more information. |
| Package: pcxnData |
| Version: 2.26.0 |
| Command: /home/biocbuild/bbs-3.19-bioc/R/bin/R CMD check --install=check:pcxnData.install-out.txt --library=/home/biocbuild/bbs-3.19-bioc/R/site-library --timings pcxnData_2.26.0.tar.gz |
| StartedAt: 2024-10-17 11:53:19 -0400 (Thu, 17 Oct 2024) |
| EndedAt: 2024-10-17 11:53:51 -0400 (Thu, 17 Oct 2024) |
| EllapsedTime: 32.0 seconds |
| RetCode: 1 |
| Status: ERROR |
| CheckDir: pcxnData.Rcheck |
| Warnings: NA |
##############################################################################
##############################################################################
###
### Running command:
###
### /home/biocbuild/bbs-3.19-bioc/R/bin/R CMD check --install=check:pcxnData.install-out.txt --library=/home/biocbuild/bbs-3.19-bioc/R/site-library --timings pcxnData_2.26.0.tar.gz
###
##############################################################################
##############################################################################
* using log directory ‘/home/biocbuild/bbs-3.19-data-experiment/meat/pcxnData.Rcheck’
* using R version 4.4.1 (2024-06-14)
* using platform: x86_64-pc-linux-gnu
* R was compiled by
gcc (Ubuntu 11.4.0-1ubuntu1~22.04) 11.4.0
GNU Fortran (Ubuntu 11.4.0-1ubuntu1~22.04) 11.4.0
* running under: Ubuntu 22.04.5 LTS
* using session charset: UTF-8
* checking for file ‘pcxnData/DESCRIPTION’ ... OK
* this is package ‘pcxnData’ version ‘2.26.0’
* package encoding: UTF-8
* checking package namespace information ... OK
* checking package dependencies ... OK
* checking if this is a source package ... OK
* checking if there is a namespace ... OK
* checking for hidden files and directories ... NOTE
Found the following hidden files and directories:
.BBSoptions
These were most likely included in error. See section ‘Package
structure’ in the ‘Writing R Extensions’ manual.
* checking for portable file names ... OK
* checking for sufficient/correct file permissions ... OK
* checking whether package ‘pcxnData’ can be installed ... OK
* checking installed package size ... NOTE
installed size is 39.5Mb
sub-directories of 1Mb or more:
data 39.3Mb
* checking package directory ... OK
* checking ‘build’ directory ... OK
* checking DESCRIPTION meta-information ... NOTE
License stub is invalid DCF.
* checking top-level files ... OK
* checking for left-over files ... OK
* checking index information ... OK
* checking package subdirectories ... OK
* checking code files for non-ASCII characters ... OK
* checking R files for syntax errors ... OK
* checking whether the package can be loaded ... OK
* checking whether the package can be loaded with stated dependencies ... OK
* checking whether the package can be unloaded cleanly ... OK
* checking whether the namespace can be loaded with stated dependencies ... OK
* checking whether the namespace can be unloaded cleanly ... OK
* checking loading without being on the library search path ... OK
* checking whether startup messages can be suppressed ... OK
* checking dependencies in R code ... OK
* checking S3 generic/method consistency ... OK
* checking replacement functions ... OK
* checking foreign function calls ... OK
* checking R code for possible problems ... OK
* checking Rd files ... OK
* checking Rd metadata ... OK
* checking Rd cross-references ... OK
* checking for missing documentation entries ... OK
* checking for code/documentation mismatches ... WARNING
Error in vapply(exprs[ind], function(e) as.character(e[[2L]]), "") :
values must be length 1,
but FUN(X[[1]]) result is length 13
Calls: <Anonymous> -> vapply
Execution halted
* checking Rd \usage sections ... OK
* checking Rd contents ... OK
* checking for unstated dependencies in examples ... OK
* checking contents of ‘data’ directory ... WARNING
File ‘data/datalist’ contains malformed line(s):
‘cp_gs_v5.1:cp_gs_v5.1’ ‘gobp_gs_v5.1:gobp_gs_v5.1’
‘h_gs_v5.1:h_gs_v5.1’ ‘pathprint.Hs.gs:pathprint.Hs.gs’
‘pathCor_CPv5.1_dframe:pathCor_CPv5.1_dframe’
‘pathCor_GOBPv5.1_dframe:pathCor_GOBPv5.1_dframe’
‘pathCor_Hv5.1_dframe:pathCor_Hv5.1_dframe’
‘pathCor_pathprint_v1.2.3_dframe:pathCor_pathprint_v1.2.3_dframe’
‘pathCor_CPv5.1_unadjusted_dframe:pathCor_CPv5.1_unadjusted_dframe’
‘pathCor_GOBPv5.1_unadjusted_dframe:pathCor_GOBPv5.1_unadjusted_dframe’
‘pathCor_Hv5.1_unadjusted_dframe:pathCor_Hv5.1_unadjusted_dframe’
‘pathCor_pathprint_v1.2.3_unadjusted_dframe:pathCor_pathprint_v1.2.3_unadjusted_dframe’
* checking data for non-ASCII characters ... OK
* checking data for ASCII and uncompressed saves ... OK
* checking files in ‘vignettes’ ... OK
* checking examples ... OK
* checking for unstated dependencies in vignettes ... OK
* checking package vignettes ... OK
* checking re-building of vignette outputs ... ERROR
Error(s) in re-building vignettes:
...
--- re-building ‘usingpcxnData.Rnw’ using Sweave
Loading required package: pcxnData
Warning in fun(libname, pkgname) :
Package 'pcxnData' is deprecated and will be removed from Bioconductor
version 3.20
Warning in fun(libname, pkgname) :
Package 'pcxn' is deprecated and will be removed from Bioconductor
version 3.20
Error: processing vignette 'usingpcxnData.Rnw' failed with diagnostics:
chunk 1
Error in loadNamespace(name) : there is no package called ‘org.Hs.eg.db’
--- failed re-building ‘usingpcxnData.Rnw’
SUMMARY: processing the following file failed:
‘usingpcxnData.Rnw’
Error: Vignette re-building failed.
Execution halted
* checking PDF version of manual ... OK
* DONE
Status: 1 ERROR, 2 WARNINGs, 3 NOTEs
See
‘/home/biocbuild/bbs-3.19-data-experiment/meat/pcxnData.Rcheck/00check.log’
for details.
pcxnData.Rcheck/00install.out
############################################################################## ############################################################################## ### ### Running command: ### ### /home/biocbuild/bbs-3.19-bioc/R/bin/R CMD INSTALL pcxnData ### ############################################################################## ############################################################################## * installing to library ‘/home/biocbuild/bbs-3.19-bioc/R/site-library’ * installing *source* package ‘pcxnData’ ... ** using staged installation ** R ** data ** byte-compile and prepare package for lazy loading ** help *** installing help indices ** building package indices ** installing vignettes ** testing if installed package can be loaded from temporary location Warning in fun(libname, pkgname) : Package 'pcxnData' is deprecated and will be removed from Bioconductor version 3.20 ** testing if installed package can be loaded from final location Warning in fun(libname, pkgname) : Package 'pcxnData' is deprecated and will be removed from Bioconductor version 3.20 ** testing if installed package keeps a record of temporary installation path * DONE (pcxnData)
pcxnData.Rcheck/pcxnData-Ex.timings
| name | user | system | elapsed | |
| pcxnData | 3.354 | 0.109 | 3.464 | |