| Back to Multiple platform build/check report for BioC 3.18: simplified long |
|
This page was generated on 2024-04-17 11:36:09 -0400 (Wed, 17 Apr 2024).
| Hostname | OS | Arch (*) | R version | Installed pkgs |
|---|---|---|---|---|
| nebbiolo2 | Linux (Ubuntu 22.04.3 LTS) | x86_64 | 4.3.3 (2024-02-29) -- "Angel Food Cake" | 4676 |
| palomino4 | Windows Server 2022 Datacenter | x64 | 4.3.3 (2024-02-29 ucrt) -- "Angel Food Cake" | 4414 |
| merida1 | macOS 12.7.1 Monterey | x86_64 | 4.3.3 (2024-02-29) -- "Angel Food Cake" | 4437 |
| Click on any hostname to see more info about the system (e.g. compilers) (*) as reported by 'uname -p', except on Windows and Mac OS X | ||||
| Package 1359/2266 | Hostname | OS / Arch | INSTALL | BUILD | CHECK | BUILD BIN | ||||||||
| MultiDataSet 1.30.0 (landing page) Xavier Escribà Montagut
| nebbiolo2 | Linux (Ubuntu 22.04.3 LTS) / x86_64 | OK | OK | ERROR | |||||||||
| palomino4 | Windows Server 2022 Datacenter / x64 | OK | OK | WARNINGS | OK | |||||||||
| merida1 | macOS 12.7.1 Monterey / x86_64 | OK | OK | WARNINGS | OK | |||||||||
| kjohnson1 | macOS 13.6.1 Ventura / arm64 | see weekly results here | ||||||||||||
|
To the developers/maintainers of the MultiDataSet package: - Allow up to 24 hours (and sometimes 48 hours) for your latest push to git@git.bioconductor.org:packages/MultiDataSet.git to reflect on this report. See Troubleshooting Build Report for more information. - Use the following Renviron settings to reproduce errors and warnings. - If 'R CMD check' started to fail recently on the Linux builder(s) over a missing dependency, add the missing dependency to 'Suggests:' in your DESCRIPTION file. See Renviron.bioc for more information. |
| Package: MultiDataSet |
| Version: 1.30.0 |
| Command: /home/biocbuild/bbs-3.18-bioc/R/bin/R CMD check --install=check:MultiDataSet.install-out.txt --library=/home/biocbuild/bbs-3.18-bioc/R/site-library --timings MultiDataSet_1.30.0.tar.gz |
| StartedAt: 2024-04-16 01:20:18 -0400 (Tue, 16 Apr 2024) |
| EndedAt: 2024-04-16 01:24:03 -0400 (Tue, 16 Apr 2024) |
| EllapsedTime: 225.5 seconds |
| RetCode: 1 |
| Status: ERROR |
| CheckDir: MultiDataSet.Rcheck |
| Warnings: NA |
##############################################################################
##############################################################################
###
### Running command:
###
### /home/biocbuild/bbs-3.18-bioc/R/bin/R CMD check --install=check:MultiDataSet.install-out.txt --library=/home/biocbuild/bbs-3.18-bioc/R/site-library --timings MultiDataSet_1.30.0.tar.gz
###
##############################################################################
##############################################################################
* using log directory ‘/home/biocbuild/bbs-3.18-bioc/meat/MultiDataSet.Rcheck’
* using R version 4.3.3 (2024-02-29)
* using platform: x86_64-pc-linux-gnu (64-bit)
* R was compiled by
gcc (Ubuntu 11.4.0-1ubuntu1~22.04) 11.4.0
GNU Fortran (Ubuntu 11.4.0-1ubuntu1~22.04) 11.4.0
* running under: Ubuntu 22.04.4 LTS
* using session charset: UTF-8
* checking for file ‘MultiDataSet/DESCRIPTION’ ... OK
* checking extension type ... Package
* this is package ‘MultiDataSet’ version ‘1.30.0’
* checking package namespace information ... OK
* checking package dependencies ... OK
* checking if this is a source package ... OK
* checking if there is a namespace ... OK
* checking for hidden files and directories ... OK
* checking for portable file names ... OK
* checking for sufficient/correct file permissions ... OK
* checking whether package ‘MultiDataSet’ can be installed ... OK
* checking installed package size ... OK
* checking package directory ... OK
* checking ‘build’ directory ... OK
* checking DESCRIPTION meta-information ... OK
* checking top-level files ... OK
* checking for left-over files ... OK
* checking index information ... OK
* checking package subdirectories ... NOTE
Problems with news in ‘NEWS’:
Cannot process chunk/lines:
o Add function to add matrices to MDS.
Cannot process chunk/lines:
o Add vignettes published in scientific article.
Cannot process chunk/lines:
o Remove non-critical dependencies.
Cannot process chunk/lines:
o Add wrappers for two functions to integrate omic data: mcia (from omicade4 package) and iClusterPlus.
Cannot process chunk/lines:
o Add advanced subsetting by phenotype and feature.
Cannot process chunk/lines:
BUG FIXES
Cannot process chunk/lines:
o Solve subsetting issues when sampleNames is different from ID column.
* checking R files for non-ASCII characters ... OK
* checking R files for syntax errors ... OK
* checking whether the package can be loaded ... OK
* checking whether the package can be loaded with stated dependencies ... OK
* checking whether the package can be unloaded cleanly ... OK
* checking whether the namespace can be loaded with stated dependencies ... OK
* checking whether the namespace can be unloaded cleanly ... OK
* checking loading without being on the library search path ... OK
* checking dependencies in R code ... NOTE
Unexported objects imported by ':::' calls:
‘Biobase:::assayDataEnvLock’ ‘Biobase:::assayDataStorageMode’
See the note in ?`:::` about the use of this operator.
* checking S3 generic/method consistency ... OK
* checking replacement functions ... OK
* checking foreign function calls ... OK
* checking R code for possible problems ... NOTE
downloadGEO : <anonymous>: no visible global function definition for
‘methylationSet’
lambdaClayton: no visible global function definition for ‘qnorm’
lambdaClayton: no visible global function definition for ‘qchisq’
qq_plot: no visible global function definition for ‘qbeta’
Undefined global functions or variables:
methylationSet qbeta qchisq qnorm
Consider adding
importFrom("stats", "qbeta", "qchisq", "qnorm")
to your NAMESPACE file.
* checking Rd files ... OK
* checking Rd metadata ... OK
* checking Rd cross-references ... OK
* checking for missing documentation entries ... OK
* checking for code/documentation mismatches ... WARNING
Codoc mismatches from documentation object 'ResultSet':
\S4method{getAssociation}{ResultSet}
Code: function(object, rid = 1, coef = 2, contrast = NULL, fNames =
NULL, robust = FALSE, ...)
Docs: function(object, rid = 1, coef = 2, contrast = NULL, fNames =
NULL, ...)
Argument names in code not in docs:
robust
Mismatches in argument names:
Position: 6 Code: robust Docs: ...
* checking Rd \usage sections ... OK
* checking Rd contents ... OK
* checking for unstated dependencies in examples ... OK
* checking contents of ‘data’ directory ... OK
* checking data for non-ASCII characters ... OK
* checking LazyData ... OK
* checking data for ASCII and uncompressed saves ... OK
* checking files in ‘vignettes’ ... OK
* checking examples ... OK
Examples with CPU (user + system) or elapsed time > 5s
user system elapsed
add_methy 14.771 1.188 15.959
* checking for unstated dependencies in vignettes ... OK
* checking package vignettes in ‘inst/doc’ ... OK
* checking running R code from vignettes ...
‘MultiDataSet.Rmd’ using ‘UTF-8’... failed
‘MultiDataSet_Extending_Proteome.Rmd’ using ‘UTF-8’... OK
ERROR
Errors in running code in vignettes:
when running code in ‘MultiDataSet.Rmd’
...
. expression: YES
. phenoData:
. expression: 100 samples, 3 cols (age, ..., sex)
> multi2 <- add_eset(multi2, brge_gexp2, dataset.type = "expression",
+ warnings = FALSE, overwrite = FALSE)
When sourcing ‘MultiDataSet.R’:
Error: There is already an object in this slot. Set overwrite = TRUE to overwrite the previous set.
Execution halted
* checking re-building of vignette outputs ... OK
* checking PDF version of manual ... OK
* DONE
Status: 1 ERROR, 1 WARNING, 3 NOTEs
See
‘/home/biocbuild/bbs-3.18-bioc/meat/MultiDataSet.Rcheck/00check.log’
for details.
MultiDataSet.Rcheck/00install.out
############################################################################## ############################################################################## ### ### Running command: ### ### /home/biocbuild/bbs-3.18-bioc/R/bin/R CMD INSTALL MultiDataSet ### ############################################################################## ############################################################################## * installing to library ‘/home/biocbuild/bbs-3.18-bioc/R/site-library’ * installing *source* package ‘MultiDataSet’ ... ** using staged installation Warning in .write_description(db, file.path(outDir, "DESCRIPTION")) : Unknown encoding with non-ASCII data: converting to ASCII ** R ** data *** moving datasets to lazyload DB ** inst ** byte-compile and prepare package for lazy loading in method for ‘add_methy’ with signature ‘"MultiDataSet","GenomicRatioSet"’: no definition for class “GenomicRatioSet” ** help *** installing help indices ** building package indices ** installing vignettes ** testing if installed package can be loaded from temporary location ** testing if installed package can be loaded from final location ** testing if installed package keeps a record of temporary installation path * DONE (MultiDataSet)
MultiDataSet.Rcheck/MultiDataSet-Ex.timings
| name | user | system | elapsed | |
| MultiDataSet-class | 0.001 | 0.000 | 0.001 | |
| ResultSet-class | 0.001 | 0.000 | 0.001 | |
| add_eset | 0.08 | 0.00 | 0.08 | |
| add_genexp | 0.101 | 0.000 | 0.102 | |
| add_methy | 14.771 | 1.188 | 15.959 | |
| add_rnaseq-methods | 0.063 | 0.000 | 0.063 | |
| add_rse | 0.177 | 0.004 | 0.182 | |
| add_se | 0.036 | 0.000 | 0.036 | |
| add_snps | 0.044 | 0.000 | 0.044 | |
| add_table | 0.008 | 0.000 | 0.008 | |
| chrNumToChar | 0 | 0 | 0 | |
| commonIds | 0.104 | 0.004 | 0.108 | |
| commonSamples | 0.102 | 0.024 | 0.125 | |
| getAssociation-methods | 0.020 | 0.004 | 0.024 | |
| lambdaClayton | 0.001 | 0.000 | 0.001 | |
| opt-methods | 0.001 | 0.000 | 0.001 | |
| qq_plot | 0.352 | 0.076 | 0.427 | |
| rowRangesElements | 0.083 | 0.008 | 0.091 | |
| volcano_plot | 0.137 | 0.035 | 0.172 | |