| Back to Build/check report for BioC 3.17 annotations |
|
This page was generated on 2023-10-11 08:30:04 -0400 (Wed, 11 Oct 2023).
| Hostname | OS | Arch (*) | R version | Installed pkgs |
|---|---|---|---|---|
| nebbiolo1 | Linux (Ubuntu 22.04.2 LTS) | x86_64 | 4.3.1 (2023-06-16) -- "Beagle Scouts" | 4626 |
| Click on any hostname to see more info about the system (e.g. compilers) (*) as reported by 'uname -p', except on Windows and Mac OS X | ||||
| Package 8/37 | Hostname | OS / Arch | INSTALL | BUILD | CHECK | ||||||||
| alternativeSplicingEvents.hg19 1.1.0 (landing page) Nuno Agostinho
| nebbiolo1 | Linux (Ubuntu 22.04.2 LTS) / x86_64 | OK | OK | OK | ||||||||
|
To the developers/maintainers of the alternativeSplicingEvents.hg19 package: - Use the following Renviron settings to reproduce errors and warnings. - If 'R CMD check' started to fail recently on the Linux builder(s) over a missing dependency, add the missing dependency to 'Suggests:' in your DESCRIPTION file. See Renviron.bioc for more information. |
| Package: alternativeSplicingEvents.hg19 |
| Version: 1.1.0 |
| Command: /home/biocbuild/bbs-3.17-bioc/R/bin/R CMD check --install=check:alternativeSplicingEvents.hg19.install-out.txt --library=/home/biocbuild/bbs-3.17-bioc/R/site-library --timings alternativeSplicingEvents.hg19_1.1.0.tar.gz |
| StartedAt: 2023-10-11 05:32:59 -0400 (Wed, 11 Oct 2023) |
| EndedAt: 2023-10-11 05:33:00 -0400 (Wed, 11 Oct 2023) |
| EllapsedTime: 1.0 seconds |
| RetCode: 0 |
| Status: OK |
| CheckDir: alternativeSplicingEvents.hg19.Rcheck |
| Warnings: 0 |
##############################################################################
##############################################################################
###
### Running command:
###
### /home/biocbuild/bbs-3.17-bioc/R/bin/R CMD check --install=check:alternativeSplicingEvents.hg19.install-out.txt --library=/home/biocbuild/bbs-3.17-bioc/R/site-library --timings alternativeSplicingEvents.hg19_1.1.0.tar.gz
###
##############################################################################
##############################################################################
* using log directory ‘/home/biocbuild/bbs-3.17-data-annotation/meat/alternativeSplicingEvents.hg19.Rcheck’
* using R version 4.3.1 (2023-06-16)
* using platform: x86_64-pc-linux-gnu (64-bit)
* R was compiled by
gcc (Ubuntu 11.3.0-1ubuntu1~22.04.1) 11.3.0
GNU Fortran (Ubuntu 11.3.0-1ubuntu1~22.04.1) 11.3.0
* running under: Ubuntu 22.04.3 LTS
* using session charset: UTF-8
* checking for file ‘alternativeSplicingEvents.hg19/DESCRIPTION’ ... OK
* checking extension type ... ERROR
Extensions with Type ‘Annotation package’ cannot be checked.
* DONE
Status: 1 ERROR
See
‘/home/biocbuild/bbs-3.17-data-annotation/meat/alternativeSplicingEvents.hg19.Rcheck/00check.log’
for details.