| Back to Build/check report for BioC 3.16 experimental data |
|
This page was generated on 2023-04-11 14:50:27 -0400 (Tue, 11 Apr 2023).
| Hostname | OS | Arch (*) | R version | Installed pkgs |
|---|---|---|---|---|
| nebbiolo2 | Linux (Ubuntu 20.04.5 LTS) | x86_64 | 4.2.3 (2023-03-15) -- "Shortstop Beagle" | 4502 |
| Click on any hostname to see more info about the system (e.g. compilers) (*) as reported by 'uname -p', except on Windows and Mac OS X | ||||
|
To the developers/maintainers of the scRNAseq package: Make sure to use the following settings in order to reproduce any error or warning you see on this page. |
| Package 345/416 | Hostname | OS / Arch | INSTALL | BUILD | CHECK | ||||||||
| scRNAseq 2.12.0 (landing page) Aaron Lun
| nebbiolo2 | Linux (Ubuntu 20.04.5 LTS) / x86_64 | OK | OK | WARNINGS | ||||||||
| Package: scRNAseq |
| Version: 2.12.0 |
| Command: /home/biocbuild/bbs-3.16-bioc/R/bin/R CMD check --install=check:scRNAseq.install-out.txt --library=/home/biocbuild/bbs-3.16-bioc/R/site-library --timings scRNAseq_2.12.0.tar.gz |
| StartedAt: 2023-04-11 12:17:37 -0400 (Tue, 11 Apr 2023) |
| EndedAt: 2023-04-11 12:37:12 -0400 (Tue, 11 Apr 2023) |
| EllapsedTime: 1175.0 seconds |
| RetCode: 0 |
| Status: WARNINGS |
| CheckDir: scRNAseq.Rcheck |
| Warnings: 1 |
##############################################################################
##############################################################################
###
### Running command:
###
### /home/biocbuild/bbs-3.16-bioc/R/bin/R CMD check --install=check:scRNAseq.install-out.txt --library=/home/biocbuild/bbs-3.16-bioc/R/site-library --timings scRNAseq_2.12.0.tar.gz
###
##############################################################################
##############################################################################
* using log directory ‘/home/biocbuild/bbs-3.16-data-experiment/meat/scRNAseq.Rcheck’
* using R version 4.2.3 (2023-03-15)
* using platform: x86_64-pc-linux-gnu (64-bit)
* using session charset: UTF-8
* checking for file ‘scRNAseq/DESCRIPTION’ ... OK
* this is package ‘scRNAseq’ version ‘2.12.0’
* package encoding: UTF-8
* checking package namespace information ... OK
* checking package dependencies ... OK
* checking if this is a source package ... OK
* checking if there is a namespace ... OK
* checking for hidden files and directories ... NOTE
Found the following hidden files and directories:
.BBSoptions
These were most likely included in error. See section ‘Package
structure’ in the ‘Writing R Extensions’ manual.
* checking for portable file names ... OK
* checking for sufficient/correct file permissions ... OK
* checking whether package ‘scRNAseq’ can be installed ... OK
* checking installed package size ... OK
* checking package directory ... OK
* checking ‘build’ directory ... OK
* checking DESCRIPTION meta-information ... OK
* checking top-level files ... OK
* checking for left-over files ... OK
* checking index information ... OK
* checking package subdirectories ... WARNING
Problems with news in ‘inst/NEWS.Rd’:
inst/NEWS.Rd:35: unexpected section header '\section'
inst/NEWS.Rd:51: unexpected section header '\section'
inst/NEWS.Rd:59: unexpected section header '\section'
inst/NEWS.Rd:67: unexpected section header '\section'
inst/NEWS.Rd:70: unexpected END_OF_INPUT '
'
* checking R files for non-ASCII characters ... OK
* checking R files for syntax errors ... OK
* checking whether the package can be loaded ... OK
* checking whether the package can be loaded with stated dependencies ... OK
* checking whether the package can be unloaded cleanly ... OK
* checking whether the namespace can be loaded with stated dependencies ... OK
* checking whether the namespace can be unloaded cleanly ... OK
* checking loading without being on the library search path ... OK
* checking dependencies in R code ... OK
* checking S3 generic/method consistency ... OK
* checking replacement functions ... OK
* checking foreign function calls ... OK
* checking R code for possible problems ... OK
* checking Rd files ... OK
* checking Rd metadata ... OK
* checking Rd cross-references ... OK
* checking for missing documentation entries ... OK
* checking for code/documentation mismatches ... OK
* checking Rd \usage sections ... OK
* checking Rd contents ... OK
* checking for unstated dependencies in examples ... OK
* checking files in ‘vignettes’ ... OK
* checking examples ... OK
Examples with CPU (user + system) or elapsed time > 5s
user system elapsed
HeOrganAtlasData 42.118 13.396 58.849
ZeiselNervousData 28.492 3.434 33.371
BhaduriOrganoidData 24.983 2.767 28.821
BacherTCellData 16.246 3.474 20.312
JessaBrainData 15.302 3.203 19.659
ErnstSpermatogenesisData 14.772 1.676 17.429
GiladiHSCData 12.689 2.802 16.940
LunSpikeInData 13.400 1.762 27.011
StoeckiusHashingData 12.895 2.234 16.853
LaMannoBrainData 11.759 1.196 15.332
ZhaoImmuneLiverData 10.736 1.220 12.499
MessmerESCData 8.121 1.249 10.754
ZilionisLungData 8.721 0.596 10.295
RichardTCellData 7.181 1.188 9.423
ReprocessedData 7.369 0.906 9.201
BuettnerESCData 7.029 0.945 9.224
NestorowaHSCData 6.618 1.212 8.629
BachMammaryData 6.149 0.820 8.311
BunisHSPCData 6.197 0.616 7.745
AztekinTailData 6.130 0.652 7.523
SegerstolpePancreasData 5.932 0.696 7.525
KotliarovPBMCData 5.954 0.633 7.062
KolodziejczykESCData 5.377 0.949 8.262
TasicBrainData 5.110 1.092 7.207
ZeiselBrainData 5.569 0.332 6.880
MairPBMCData 4.988 0.548 6.325
CampbellBrainData 4.783 0.693 5.903
BaronPancreasData 4.751 0.363 6.028
HermannSpermatogenesisData 4.091 0.603 5.284
UsoskinBrainData 4.132 0.505 5.103
ShekharRetinaData 4.059 0.544 5.095
MacoskoRetinaData 4.058 0.461 5.019
* checking for unstated dependencies in ‘tests’ ... OK
* checking tests ...
Running ‘testthat.R’
OK
* checking for unstated dependencies in vignettes ... OK
* checking package vignettes in ‘inst/doc’ ... OK
* checking running R code from vignettes ...
‘scRNAseq.Rmd’ using ‘UTF-8’... OK
NONE
* checking re-building of vignette outputs ... OK
* checking PDF version of manual ... OK
* DONE
Status: 1 WARNING, 1 NOTE
See
‘/home/biocbuild/bbs-3.16-data-experiment/meat/scRNAseq.Rcheck/00check.log’
for details.
scRNAseq.Rcheck/00install.out
############################################################################## ############################################################################## ### ### Running command: ### ### /home/biocbuild/bbs-3.16-bioc/R/bin/R CMD INSTALL scRNAseq ### ############################################################################## ############################################################################## * installing to library ‘/home/biocbuild/bbs-3.16-bioc/R/site-library’ * installing *source* package ‘scRNAseq’ ... ** using staged installation ** R ** inst ** byte-compile and prepare package for lazy loading ** help *** installing help indices ** building package indices ** installing vignettes ** testing if installed package can be loaded from temporary location ** testing if installed package can be loaded from final location ** testing if installed package keeps a record of temporary installation path * DONE (scRNAseq)
scRNAseq.Rcheck/tests/testthat.Rout
R version 4.2.3 (2023-03-15) -- "Shortstop Beagle"
Copyright (C) 2023 The R Foundation for Statistical Computing
Platform: x86_64-pc-linux-gnu (64-bit)
R is free software and comes with ABSOLUTELY NO WARRANTY.
You are welcome to redistribute it under certain conditions.
Type 'license()' or 'licence()' for distribution details.
R is a collaborative project with many contributors.
Type 'contributors()' for more information and
'citation()' on how to cite R or R packages in publications.
Type 'demo()' for some demos, 'help()' for on-line help, or
'help.start()' for an HTML browser interface to help.
Type 'q()' to quit R.
> library(testthat)
> library(scRNAseq)
Loading required package: SingleCellExperiment
Loading required package: SummarizedExperiment
Loading required package: MatrixGenerics
Loading required package: matrixStats
Attaching package: 'MatrixGenerics'
The following objects are masked from 'package:matrixStats':
colAlls, colAnyNAs, colAnys, colAvgsPerRowSet, colCollapse,
colCounts, colCummaxs, colCummins, colCumprods, colCumsums,
colDiffs, colIQRDiffs, colIQRs, colLogSumExps, colMadDiffs,
colMads, colMaxs, colMeans2, colMedians, colMins, colOrderStats,
colProds, colQuantiles, colRanges, colRanks, colSdDiffs, colSds,
colSums2, colTabulates, colVarDiffs, colVars, colWeightedMads,
colWeightedMeans, colWeightedMedians, colWeightedSds,
colWeightedVars, rowAlls, rowAnyNAs, rowAnys, rowAvgsPerColSet,
rowCollapse, rowCounts, rowCummaxs, rowCummins, rowCumprods,
rowCumsums, rowDiffs, rowIQRDiffs, rowIQRs, rowLogSumExps,
rowMadDiffs, rowMads, rowMaxs, rowMeans2, rowMedians, rowMins,
rowOrderStats, rowProds, rowQuantiles, rowRanges, rowRanks,
rowSdDiffs, rowSds, rowSums2, rowTabulates, rowVarDiffs, rowVars,
rowWeightedMads, rowWeightedMeans, rowWeightedMedians,
rowWeightedSds, rowWeightedVars
Loading required package: GenomicRanges
Loading required package: stats4
Loading required package: BiocGenerics
Attaching package: 'BiocGenerics'
The following objects are masked from 'package:stats':
IQR, mad, sd, var, xtabs
The following objects are masked from 'package:base':
Filter, Find, Map, Position, Reduce, anyDuplicated, aperm, append,
as.data.frame, basename, cbind, colnames, dirname, do.call,
duplicated, eval, evalq, get, grep, grepl, intersect, is.unsorted,
lapply, mapply, match, mget, order, paste, pmax, pmax.int, pmin,
pmin.int, rank, rbind, rownames, sapply, setdiff, sort, table,
tapply, union, unique, unsplit, which.max, which.min
Loading required package: S4Vectors
Attaching package: 'S4Vectors'
The following objects are masked from 'package:base':
I, expand.grid, unname
Loading required package: IRanges
Loading required package: GenomeInfoDb
Loading required package: Biobase
Welcome to Bioconductor
Vignettes contain introductory material; view with
'browseVignettes()'. To cite Bioconductor, see
'citation("Biobase")', and for packages 'citation("pkgname")'.
Attaching package: 'Biobase'
The following object is masked from 'package:MatrixGenerics':
rowMedians
The following objects are masked from 'package:matrixStats':
anyMissing, rowMedians
> test_check("scRNAseq")
[ FAIL 0 | WARN 37 | SKIP 0 | PASS 120 ]
[ FAIL 0 | WARN 37 | SKIP 0 | PASS 120 ]
Warning message:
call dbDisconnect() when finished working with a connection
>
> proc.time()
user system elapsed
340.460 34.152 436.687
scRNAseq.Rcheck/scRNAseq-Ex.timings
| name | user | system | elapsed | |
| AztekinTailData | 6.130 | 0.652 | 7.523 | |
| BachMammaryData | 6.149 | 0.820 | 8.311 | |
| BacherTCellData | 16.246 | 3.474 | 20.312 | |
| BaronPancreasData | 4.751 | 0.363 | 6.028 | |
| BhaduriOrganoidData | 24.983 | 2.767 | 28.821 | |
| BuettnerESCData | 7.029 | 0.945 | 9.224 | |
| BunisHSPCData | 6.197 | 0.616 | 7.745 | |
| CampbellBrainData | 4.783 | 0.693 | 5.903 | |
| ChenBrainData | 3.472 | 0.393 | 4.327 | |
| DarmanisBrainData | 2.343 | 0.304 | 3.107 | |
| ERCCSpikeInConcentrations | 1.202 | 0.152 | 1.768 | |
| ErnstSpermatogenesisData | 14.772 | 1.676 | 17.429 | |
| FletcherOlfactoryData | 3.791 | 0.588 | 4.893 | |
| GiladiHSCData | 12.689 | 2.802 | 16.940 | |
| GrunHSCData | 1.339 | 0.136 | 1.758 | |
| GrunPancreasData | 2.739 | 0.285 | 3.697 | |
| HeOrganAtlasData | 42.118 | 13.396 | 58.849 | |
| HermannSpermatogenesisData | 4.091 | 0.603 | 5.284 | |
| HuCortexData | 3.392 | 0.470 | 4.611 | |
| JessaBrainData | 15.302 | 3.203 | 19.659 | |
| KolodziejczykESCData | 5.377 | 0.949 | 8.262 | |
| KotliarovPBMCData | 5.954 | 0.633 | 7.062 | |
| LaMannoBrainData | 11.759 | 1.196 | 15.332 | |
| LawlorPancreasData | 2.379 | 0.278 | 3.101 | |
| LedergorMyelomaData | 3.812 | 0.399 | 4.692 | |
| LengESCData | 2.500 | 0.232 | 3.335 | |
| LunSpikeInData | 13.400 | 1.762 | 27.011 | |
| MacoskoRetinaData | 4.058 | 0.461 | 5.019 | |
| MairPBMCData | 4.988 | 0.548 | 6.325 | |
| MarquesBrainData | 2.933 | 0.301 | 3.787 | |
| MessmerESCData | 8.121 | 1.249 | 10.754 | |
| MuraroPancreasData | 3.179 | 0.455 | 4.112 | |
| NestorowaHSCData | 6.618 | 1.212 | 8.629 | |
| NowakowskiCortexData | 3.916 | 0.395 | 4.944 | |
| PaulHSCData | 3.116 | 0.485 | 4.094 | |
| PollenGliaData | 2.207 | 0.237 | 2.939 | |
| ReprocessedData | 7.369 | 0.906 | 9.201 | |
| RichardTCellData | 7.181 | 1.188 | 9.423 | |
| RomanovBrainData | 2.749 | 0.344 | 3.574 | |
| SegerstolpePancreasData | 5.932 | 0.696 | 7.525 | |
| ShekharRetinaData | 4.059 | 0.544 | 5.095 | |
| StoeckiusHashingData | 12.895 | 2.234 | 16.853 | |
| TasicBrainData | 5.110 | 1.092 | 7.207 | |
| UsoskinBrainData | 4.132 | 0.505 | 5.103 | |
| WuKidneyData | 1.580 | 0.087 | 1.957 | |
| XinPancreasData | 3.750 | 0.232 | 4.594 | |
| ZeiselBrainData | 5.569 | 0.332 | 6.880 | |
| ZeiselNervousData | 28.492 | 3.434 | 33.371 | |
| ZhaoImmuneLiverData | 10.736 | 1.220 | 12.499 | |
| ZhongPrefrontalData | 2.636 | 0.204 | 3.231 | |
| ZilionisLungData | 8.721 | 0.596 | 10.295 | |
| listDatasets | 0.008 | 0.004 | 0.012 | |