| Back to Build/check report for BioC 3.16 experimental data |
|
This page was generated on 2023-04-11 14:50:27 -0400 (Tue, 11 Apr 2023).
| Hostname | OS | Arch (*) | R version | Installed pkgs |
|---|---|---|---|---|
| nebbiolo2 | Linux (Ubuntu 20.04.5 LTS) | x86_64 | 4.2.3 (2023-03-15) -- "Shortstop Beagle" | 4502 |
| Click on any hostname to see more info about the system (e.g. compilers) (*) as reported by 'uname -p', except on Windows and Mac OS X | ||||
|
To the developers/maintainers of the hgu2beta7 package: Make sure to use the following settings in order to reproduce any error or warning you see on this page. |
| Package 176/416 | Hostname | OS / Arch | INSTALL | BUILD | CHECK | ||||||||
| hgu2beta7 1.38.0 (landing page) Bioconductor Package Maintainer
| nebbiolo2 | Linux (Ubuntu 20.04.5 LTS) / x86_64 | OK | OK | WARNINGS | ||||||||
| Package: hgu2beta7 |
| Version: 1.38.0 |
| Command: /home/biocbuild/bbs-3.16-bioc/R/bin/R CMD check --install=check:hgu2beta7.install-out.txt --library=/home/biocbuild/bbs-3.16-bioc/R/site-library --timings hgu2beta7_1.38.0.tar.gz |
| StartedAt: 2023-04-11 11:52:21 -0400 (Tue, 11 Apr 2023) |
| EndedAt: 2023-04-11 11:52:39 -0400 (Tue, 11 Apr 2023) |
| EllapsedTime: 17.7 seconds |
| RetCode: 0 |
| Status: WARNINGS |
| CheckDir: hgu2beta7.Rcheck |
| Warnings: 4 |
##############################################################################
##############################################################################
###
### Running command:
###
### /home/biocbuild/bbs-3.16-bioc/R/bin/R CMD check --install=check:hgu2beta7.install-out.txt --library=/home/biocbuild/bbs-3.16-bioc/R/site-library --timings hgu2beta7_1.38.0.tar.gz
###
##############################################################################
##############################################################################
* using log directory ‘/home/biocbuild/bbs-3.16-data-experiment/meat/hgu2beta7.Rcheck’
* using R version 4.2.3 (2023-03-15)
* using platform: x86_64-pc-linux-gnu (64-bit)
* using session charset: UTF-8
* checking for file ‘hgu2beta7/DESCRIPTION’ ... OK
* this is package ‘hgu2beta7’ version ‘1.38.0’
* checking package namespace information ... OK
* checking package dependencies ... OK
* checking if this is a source package ... OK
* checking if there is a namespace ... OK
* checking for hidden files and directories ... OK
* checking for portable file names ... OK
* checking for sufficient/correct file permissions ... OK
* checking whether package ‘hgu2beta7’ can be installed ... OK
* checking installed package size ... NOTE
installed size is 7.0Mb
sub-directories of 1Mb or more:
data 6.9Mb
* checking package directory ... OK
* checking DESCRIPTION meta-information ... NOTE
Malformed Description field: should contain one or more complete sentences.
* checking top-level files ... OK
* checking for left-over files ... OK
* checking index information ... OK
* checking package subdirectories ... WARNING
Subdirectory ‘data’ contains no data sets.
* checking R files for non-ASCII characters ... OK
* checking R files for syntax errors ... OK
* checking whether the package can be loaded ... OK
* checking whether the package can be loaded with stated dependencies ... OK
* checking whether the package can be unloaded cleanly ... OK
* checking whether the namespace can be loaded with stated dependencies ... OK
* checking whether the namespace can be unloaded cleanly ... OK
* checking loading without being on the library search path ... OK
* checking dependencies in R code ... OK
* checking S3 generic/method consistency ... OK
* checking replacement functions ... OK
* checking foreign function calls ... OK
* checking R code for possible problems ... NOTE
hgu2beta7: no visible binding for global variable ‘hgu2beta7QC’
Undefined global functions or variables:
hgu2beta7QC
* checking Rd files ... OK
* checking Rd metadata ... OK
* checking Rd cross-references ... OK
* checking for missing documentation entries ... OK
* checking for code/documentation mismatches ... OK
* checking Rd \usage sections ... OK
* checking Rd contents ... OK
* checking for unstated dependencies in examples ... WARNING
'library' or 'require' call not declared from: ‘annotate’
* checking contents of ‘data’ directory ... WARNING
Files not of a type allowed in a ‘data’ directory:
‘Rdata.rdb’ ‘Rdata.rds’ ‘Rdata.rdx’
Please use e.g. ‘inst/extdata’ for non-R data files
* checking data for non-ASCII characters ... OK
* checking LazyData ... WARNING
LazyData DB of 6.9 MB without LazyDataCompression set
See §1.1.6 of 'Writing R Extensions'
* checking data for ASCII and uncompressed saves ... OK
* checking examples ... OK
* checking PDF version of manual ... OK
* DONE
Status: 4 WARNINGs, 3 NOTEs
See
‘/home/biocbuild/bbs-3.16-data-experiment/meat/hgu2beta7.Rcheck/00check.log’
for details.
hgu2beta7.Rcheck/00install.out
############################################################################## ############################################################################## ### ### Running command: ### ### /home/biocbuild/bbs-3.16-bioc/R/bin/R CMD INSTALL hgu2beta7 ### ############################################################################## ############################################################################## * installing to library ‘/home/biocbuild/bbs-3.16-bioc/R/site-library’ * installing *source* package ‘hgu2beta7’ ... ** using staged installation ** R ** data *** moving datasets to lazyload DB ** byte-compile and prepare package for lazy loading ** help *** installing help indices ** building package indices ** testing if installed package can be loaded from temporary location ** testing if installed package can be loaded from final location ** testing if installed package keeps a record of temporary installation path * DONE (hgu2beta7)
hgu2beta7.Rcheck/hgu2beta7-Ex.timings
| name | user | system | elapsed | |
| hgu2beta7ACCNUM | 0.064 | 0.008 | 0.073 | |
| hgu2beta7CHR | 0.031 | 0.000 | 0.031 | |
| hgu2beta7CHRLENGTHS | 0 | 0 | 0 | |
| hgu2beta7CHRLOC | 0.119 | 0.000 | 0.120 | |
| hgu2beta7ENZYME | 0.015 | 0.000 | 0.015 | |
| hgu2beta7ENZYME2PROBE | 0.002 | 0.000 | 0.001 | |
| hgu2beta7GENENAME | 0.024 | 0.004 | 0.028 | |
| hgu2beta7GO | 0.099 | 0.040 | 0.139 | |
| hgu2beta7GO2ALLPROBES | 0.140 | 0.008 | 0.149 | |
| hgu2beta7GO2PROBE | 0.028 | 0.000 | 0.028 | |
| hgu2beta7GRIF | 0.014 | 0.003 | 0.018 | |
| hgu2beta7LOCUSID | 0.010 | 0.008 | 0.018 | |
| hgu2beta7MAP | 0.060 | 0.004 | 0.064 | |
| hgu2beta7OMIM | 0.019 | 0.000 | 0.019 | |
| hgu2beta7ORGANISM | 0 | 0 | 0 | |
| hgu2beta7PATH | 0.125 | 0.000 | 0.125 | |
| hgu2beta7PATH2PROBE | 0.002 | 0.000 | 0.002 | |
| hgu2beta7PMID | 0.062 | 0.000 | 0.063 | |
| hgu2beta7PMID2PROBE | 0.156 | 0.000 | 0.155 | |
| hgu2beta7REFSEQ | 0.112 | 0.000 | 0.111 | |
| hgu2beta7SUMFUNC | 0.046 | 0.000 | 0.046 | |
| hgu2beta7SYMBOL | 0.026 | 0.000 | 0.027 | |
| hgu2beta7UNIGENE | 0.026 | 0.004 | 0.031 | |