| Back to Build/check report for BioC 3.16 experimental data |
|
This page was generated on 2023-04-11 14:50:27 -0400 (Tue, 11 Apr 2023).
| Hostname | OS | Arch (*) | R version | Installed pkgs |
|---|---|---|---|---|
| nebbiolo2 | Linux (Ubuntu 20.04.5 LTS) | x86_64 | 4.2.3 (2023-03-15) -- "Shortstop Beagle" | 4502 |
| Click on any hostname to see more info about the system (e.g. compilers) (*) as reported by 'uname -p', except on Windows and Mac OS X | ||||
|
To the developers/maintainers of the FlowSorted.DLPFC.450k package: Make sure to use the following settings in order to reproduce any error or warning you see on this page. |
| Package 133/416 | Hostname | OS / Arch | INSTALL | BUILD | CHECK | ||||||||
| FlowSorted.DLPFC.450k 1.34.0 (landing page) Andrew E Jaffe
| nebbiolo2 | Linux (Ubuntu 20.04.5 LTS) / x86_64 | OK | OK | WARNINGS | ||||||||
| Package: FlowSorted.DLPFC.450k |
| Version: 1.34.0 |
| Command: /home/biocbuild/bbs-3.16-bioc/R/bin/R CMD check --install=check:FlowSorted.DLPFC.450k.install-out.txt --library=/home/biocbuild/bbs-3.16-bioc/R/site-library --timings FlowSorted.DLPFC.450k_1.34.0.tar.gz |
| StartedAt: 2023-04-11 11:47:13 -0400 (Tue, 11 Apr 2023) |
| EndedAt: 2023-04-11 11:49:38 -0400 (Tue, 11 Apr 2023) |
| EllapsedTime: 144.4 seconds |
| RetCode: 0 |
| Status: WARNINGS |
| CheckDir: FlowSorted.DLPFC.450k.Rcheck |
| Warnings: 1 |
##############################################################################
##############################################################################
###
### Running command:
###
### /home/biocbuild/bbs-3.16-bioc/R/bin/R CMD check --install=check:FlowSorted.DLPFC.450k.install-out.txt --library=/home/biocbuild/bbs-3.16-bioc/R/site-library --timings FlowSorted.DLPFC.450k_1.34.0.tar.gz
###
##############################################################################
##############################################################################
* using log directory ‘/home/biocbuild/bbs-3.16-data-experiment/meat/FlowSorted.DLPFC.450k.Rcheck’
* using R version 4.2.3 (2023-03-15)
* using platform: x86_64-pc-linux-gnu (64-bit)
* using session charset: UTF-8
* checking for file ‘FlowSorted.DLPFC.450k/DESCRIPTION’ ... OK
* this is package ‘FlowSorted.DLPFC.450k’ version ‘1.34.0’
* checking package namespace information ... OK
* checking package dependencies ... OK
* checking if this is a source package ... OK
* checking if there is a namespace ... OK
* checking for hidden files and directories ... OK
* checking for portable file names ... OK
* checking for sufficient/correct file permissions ... OK
* checking whether package ‘FlowSorted.DLPFC.450k’ can be installed ... OK
* checking installed package size ... NOTE
installed size is 164.5Mb
sub-directories of 1Mb or more:
data 164.4Mb
* checking package directory ... OK
* checking ‘build’ directory ... OK
* checking DESCRIPTION meta-information ... OK
* checking top-level files ... OK
* checking for left-over files ... OK
* checking index information ... OK
* checking package subdirectories ... OK
* checking whether the package can be loaded ... OK
* checking whether the package can be loaded with stated dependencies ... OK
* checking whether the package can be unloaded cleanly ... OK
* checking whether the namespace can be loaded with stated dependencies ... OK
* checking whether the namespace can be unloaded cleanly ... OK
* checking loading without being on the library search path ... OK
* checking Rd files ... OK
* checking Rd metadata ... OK
* checking Rd cross-references ... OK
* checking for missing documentation entries ... OK
* checking for code/documentation mismatches ... OK
* checking Rd \usage sections ... OK
* checking Rd contents ... OK
* checking for unstated dependencies in examples ... OK
* checking contents of ‘data’ directory ... OK
* checking data for non-ASCII characters ... OK
* checking LazyData ... WARNING
LazyData DB of 164.4 MB without LazyDataCompression set
See §1.1.6 of 'Writing R Extensions'
* checking data for ASCII and uncompressed saves ... OK
* checking files in ‘vignettes’ ... OK
* checking examples ... OK
* checking for unstated dependencies in vignettes ... OK
* checking package vignettes in ‘inst/doc’ ... OK
* checking running R code from vignettes ...
‘FlowSorted.DLPFC.450k.Rnw’ using ‘UTF-8’... OK
OK
* checking re-building of vignette outputs ... OK
* checking PDF version of manual ... OK
* DONE
Status: 1 WARNING, 1 NOTE
See
‘/home/biocbuild/bbs-3.16-data-experiment/meat/FlowSorted.DLPFC.450k.Rcheck/00check.log’
for details.
FlowSorted.DLPFC.450k.Rcheck/00install.out
############################################################################## ############################################################################## ### ### Running command: ### ### /home/biocbuild/bbs-3.16-bioc/R/bin/R CMD INSTALL FlowSorted.DLPFC.450k ### ############################################################################## ############################################################################## * installing to library ‘/home/biocbuild/bbs-3.16-bioc/R/site-library’ * installing *source* package ‘FlowSorted.DLPFC.450k’ ... ** using staged installation ** data *** moving datasets to lazyload DB ** inst ** help *** installing help indices ** building package indices ** installing vignettes ** testing if installed package can be loaded from temporary location ** testing if installed package can be loaded from final location ** testing if installed package keeps a record of temporary installation path * DONE (FlowSorted.DLPFC.450k)
FlowSorted.DLPFC.450k.Rcheck/FlowSorted.DLPFC.450k-Ex.timings
| name | user | system | elapsed | |
| FlowSorted.DLPFC.450k | 0.002 | 0.000 | 0.002 | |