| Back to Build/check report for BioC 3.16 experimental data |
|
This page was generated on 2023-04-11 14:50:26 -0400 (Tue, 11 Apr 2023).
| Hostname | OS | Arch (*) | R version | Installed pkgs |
|---|---|---|---|---|
| nebbiolo2 | Linux (Ubuntu 20.04.5 LTS) | x86_64 | 4.2.3 (2023-03-15) -- "Shortstop Beagle" | 4502 |
| Click on any hostname to see more info about the system (e.g. compilers) (*) as reported by 'uname -p', except on Windows and Mac OS X | ||||
|
To the developers/maintainers of the ChIPXpressData package: Make sure to use the following settings in order to reproduce any error or warning you see on this page. |
| Package 59/416 | Hostname | OS / Arch | INSTALL | BUILD | CHECK | ||||||||
| ChIPXpressData 1.36.0 (landing page) George Wu
| nebbiolo2 | Linux (Ubuntu 20.04.5 LTS) / x86_64 | OK | OK | WARNINGS | ||||||||
| Package: ChIPXpressData |
| Version: 1.36.0 |
| Command: /home/biocbuild/bbs-3.16-bioc/R/bin/R CMD check --install=check:ChIPXpressData.install-out.txt --library=/home/biocbuild/bbs-3.16-bioc/R/site-library --timings ChIPXpressData_1.36.0.tar.gz |
| StartedAt: 2023-04-11 11:33:35 -0400 (Tue, 11 Apr 2023) |
| EndedAt: 2023-04-11 11:36:06 -0400 (Tue, 11 Apr 2023) |
| EllapsedTime: 150.7 seconds |
| RetCode: 0 |
| Status: WARNINGS |
| CheckDir: ChIPXpressData.Rcheck |
| Warnings: 1 |
##############################################################################
##############################################################################
###
### Running command:
###
### /home/biocbuild/bbs-3.16-bioc/R/bin/R CMD check --install=check:ChIPXpressData.install-out.txt --library=/home/biocbuild/bbs-3.16-bioc/R/site-library --timings ChIPXpressData_1.36.0.tar.gz
###
##############################################################################
##############################################################################
* using log directory ‘/home/biocbuild/bbs-3.16-data-experiment/meat/ChIPXpressData.Rcheck’
* using R version 4.2.3 (2023-03-15)
* using platform: x86_64-pc-linux-gnu (64-bit)
* using session charset: UTF-8
* checking for file ‘ChIPXpressData/DESCRIPTION’ ... OK
* checking extension type ... Package
* this is package ‘ChIPXpressData’ version ‘1.36.0’
* checking package namespace information ... OK
* checking package dependencies ... OK
* checking if this is a source package ... OK
* checking if there is a namespace ... OK
* checking for hidden files and directories ... NOTE
Found the following hidden files and directories:
.BBSoptions
These were most likely included in error. See section ‘Package
structure’ in the ‘Writing R Extensions’ manual.
* checking for portable file names ... OK
* checking for sufficient/correct file permissions ... OK
* checking whether package ‘ChIPXpressData’ can be installed ... OK
* checking installed package size ... NOTE
installed size is 4306.8Mb
sub-directories of 1Mb or more:
extdata 4305.9Mb
* checking package directory ... OK
* checking DESCRIPTION meta-information ... OK
* checking top-level files ... OK
* checking for left-over files ... OK
* checking index information ... OK
* checking package subdirectories ... OK
* checking whether the package can be loaded ... OK
* checking whether the package can be loaded with stated dependencies ... OK
* checking whether the package can be unloaded cleanly ... OK
* checking whether the namespace can be loaded with stated dependencies ... OK
* checking whether the namespace can be unloaded cleanly ... OK
* checking loading without being on the library search path ... OK
* checking Rd files ... OK
* checking Rd metadata ... OK
* checking Rd cross-references ... OK
* checking for missing documentation entries ... OK
* checking for code/documentation mismatches ... OK
* checking Rd \usage sections ... OK
* checking Rd contents ... OK
* checking for unstated dependencies in examples ... OK
* checking contents of ‘data’ directory ... OK
* checking data for non-ASCII characters ... OK
* checking data for ASCII and uncompressed saves ... WARNING
Note: significantly better compression could be obtained
by using R CMD build --resave-data
old_size new_size compress
GPL1261mean.rda 215Kb 180Kb xz
GPL1261var.rda 216Kb 189Kb xz
GPL570mean.rda 198Kb 159Kb xz
GPL570var.rda 209Kb 181Kb xz
* checking examples ... OK
* checking PDF version of manual ... OK
* DONE
Status: 1 WARNING, 2 NOTEs
See
‘/home/biocbuild/bbs-3.16-data-experiment/meat/ChIPXpressData.Rcheck/00check.log’
for details.
ChIPXpressData.Rcheck/00install.out
############################################################################## ############################################################################## ### ### Running command: ### ### /home/biocbuild/bbs-3.16-bioc/R/bin/R CMD INSTALL ChIPXpressData ### ############################################################################## ############################################################################## * installing to library ‘/home/biocbuild/bbs-3.16-bioc/R/site-library’ * installing *source* package ‘ChIPXpressData’ ... ** using staged installation ** data ** inst ** help *** installing help indices ** building package indices ** testing if installed package can be loaded from temporary location ** testing if installed package can be loaded from final location ** testing if installed package keeps a record of temporary installation path * DONE (ChIPXpressData)
ChIPXpressData.Rcheck/ChIPXpressData-Ex.timings
| name | user | system | elapsed | |
| DB_GPL1261.bigmemory | 0.047 | 0.024 | 0.072 | |
| DB_GPL570.bigmemory | 0.156 | 0.039 | 0.196 | |
| GPL1261mean | 0.017 | 0.000 | 0.017 | |
| GPL1261var | 0.008 | 0.000 | 0.008 | |
| GPL570mean | 0.009 | 0.001 | 0.009 | |
| GPL570var | 0.007 | 0.000 | 0.007 | |