| Back to Multiple platform build/check report for BioC 3.14 |
|
This page was generated on 2022-04-13 12:05:41 -0400 (Wed, 13 Apr 2022).
| Hostname | OS | Arch (*) | R version | Installed pkgs |
|---|---|---|---|---|
| nebbiolo2 | Linux (Ubuntu 20.04.4 LTS) | x86_64 | 4.1.3 (2022-03-10) -- "One Push-Up" | 4324 |
| tokay2 | Windows Server 2012 R2 Standard | x64 | 4.1.3 (2022-03-10) -- "One Push-Up" | 4077 |
| machv2 | macOS 10.14.6 Mojave | x86_64 | 4.1.3 (2022-03-10) -- "One Push-Up" | 4137 |
| Click on any hostname to see more info about the system (e.g. compilers) (*) as reported by 'uname -p', except on Windows and Mac OS X | ||||
|
To the developers/maintainers of the netboxr package: - Please allow up to 24 hours (and sometimes 48 hours) for your latest push to git@git.bioconductor.org:packages/netboxr.git to reflect on this report. See How and When does the builder pull? When will my changes propagate? for more information. - Make sure to use the following settings in order to reproduce any error or warning you see on this page. |
| Package 1283/2083 | Hostname | OS / Arch | INSTALL | BUILD | CHECK | BUILD BIN | ||||||||
| netboxr 1.6.0 (landing page) Eirc Minwei Liu
| nebbiolo2 | Linux (Ubuntu 20.04.4 LTS) / x86_64 | OK | ERROR | skipped | |||||||||
| tokay2 | Windows Server 2012 R2 Standard / x64 | OK | OK | OK | OK | |||||||||
| machv2 | macOS 10.14.6 Mojave / x86_64 | OK | OK | OK | OK | |||||||||
| Package: netboxr |
| Version: 1.6.0 |
| Command: /home/biocbuild/bbs-3.14-bioc/R/bin/R CMD build --keep-empty-dirs --no-resave-data netboxr |
| StartedAt: 2022-04-12 05:09:07 -0400 (Tue, 12 Apr 2022) |
| EndedAt: 2022-04-12 05:11:27 -0400 (Tue, 12 Apr 2022) |
| EllapsedTime: 140.6 seconds |
| RetCode: 1 |
| Status: ERROR |
| PackageFile: None |
| PackageFileSize: NA |
##############################################################################
##############################################################################
###
### Running command:
###
### /home/biocbuild/bbs-3.14-bioc/R/bin/R CMD build --keep-empty-dirs --no-resave-data netboxr
###
##############################################################################
##############################################################################
* checking for file ‘netboxr/DESCRIPTION’ ... OK
* preparing ‘netboxr’:
* checking DESCRIPTION meta-information ... OK
* installing the package to build vignettes
* creating vignettes ... ERROR
--- re-building ‘netboxrTutorial.Rmd’ using rmarkdown
Loading required package: igraph
Attaching package: 'igraph'
The following objects are masked from 'package:stats':
decompose, spectrum
The following object is masked from 'package:base':
union
Loading required package: parallel
Registered S3 method overwritten by 'ggtree':
method from
identify.gg ggfun
Quitting from lines 298-305 (netboxrTutorial.Rmd)
Error: processing vignette 'netboxrTutorial.Rmd' failed with diagnostics:
object 'graphRedu' not found
--- failed re-building ‘netboxrTutorial.Rmd’
SUMMARY: processing the following file failed:
‘netboxrTutorial.Rmd’
Error: Vignette re-building failed.
Execution halted