| Back to Build/check report for BioC 3.13 experimental data | 
 | 
This page was generated on 2021-10-16 15:58:41 -0400 (Sat, 16 Oct 2021).
| To the developers/maintainers of the humanStemCell package: Make sure to use the following settings in order to reproduce any error or warning you see on this page. | 
| Package 188/406 | Hostname | OS / Arch | INSTALL | BUILD | CHECK | ||||||||
| humanStemCell 0.32.0  (landing page) R. Gentleman 
 | malbec2 | Linux (Ubuntu 20.04.2 LTS) / x86_64 | OK | OK | WARNINGS |  | |||||||
| Package: humanStemCell | 
| Version: 0.32.0 | 
| Command: /home/biocbuild/bbs-3.13-bioc/R/bin/R CMD check --install=check:humanStemCell.install-out.txt --library=/home/biocbuild/bbs-3.13-bioc/R/library --no-vignettes --timings humanStemCell_0.32.0.tar.gz | 
| StartedAt: 2021-10-16 13:24:38 -0400 (Sat, 16 Oct 2021) | 
| EndedAt: 2021-10-16 13:25:15 -0400 (Sat, 16 Oct 2021) | 
| EllapsedTime: 36.8 seconds | 
| RetCode: 0 | 
| Status: WARNINGS | 
| CheckDir: humanStemCell.Rcheck | 
| Warnings: 1 | 
##############################################################################
##############################################################################
###
### Running command:
###
###   /home/biocbuild/bbs-3.13-bioc/R/bin/R CMD check --install=check:humanStemCell.install-out.txt --library=/home/biocbuild/bbs-3.13-bioc/R/library --no-vignettes --timings humanStemCell_0.32.0.tar.gz
###
##############################################################################
##############################################################################
* using log directory ‘/home/biocbuild/bbs-3.13-data-experiment/meat/humanStemCell.Rcheck’
* using R version 4.1.1 (2021-08-10)
* using platform: x86_64-pc-linux-gnu (64-bit)
* using session charset: UTF-8
* using option ‘--no-vignettes’
* checking for file ‘humanStemCell/DESCRIPTION’ ... OK
* this is package ‘humanStemCell’ version ‘0.32.0’
* checking package namespace information ... OK
* checking package dependencies ... OK
* checking if this is a source package ... OK
* checking if there is a namespace ... OK
* checking for hidden files and directories ... NOTE
Found the following hidden files and directories:
  .git_fetch_output.txt
  .git_merge_output.txt
These were most likely included in error. See section ‘Package
structure’ in the ‘Writing R Extensions’ manual.
* checking for portable file names ... OK
* checking for sufficient/correct file permissions ... OK
* checking whether package ‘humanStemCell’ can be installed ... OK
* checking installed package size ... NOTE
  installed size is 78.4Mb
  sub-directories of 1Mb or more:
    extdata  77.6Mb
* checking package directory ... OK
* checking DESCRIPTION meta-information ... OK
* checking top-level files ... OK
* checking for left-over files ... OK
* checking index information ... OK
* checking package subdirectories ... OK
* checking whether the package can be loaded ... OK
* checking whether the package can be loaded with stated dependencies ... OK
* checking whether the package can be unloaded cleanly ... OK
* checking whether the namespace can be loaded with stated dependencies ... OK
* checking whether the namespace can be unloaded cleanly ... OK
* checking Rd files ... OK
* checking Rd metadata ... OK
* checking Rd cross-references ... OK
* checking for missing documentation entries ... OK
* checking for code/documentation mismatches ... OK
* checking Rd \usage sections ... OK
* checking Rd contents ... OK
* checking for unstated dependencies in examples ... OK
* checking contents of ‘data’ directory ... OK
* checking data for non-ASCII characters ... OK
* checking data for ASCII and uncompressed saves ... WARNING
  
  Note: significantly better compression could be obtained
        by using R CMD build --resave-data
            old_size new_size compress
  fhesc.rda    788Kb    659Kb       xz
* checking examples ... OK
* checking PDF version of manual ... OK
* DONE
Status: 1 WARNING, 2 NOTEs
See
  ‘/home/biocbuild/bbs-3.13-data-experiment/meat/humanStemCell.Rcheck/00check.log’
for details.
humanStemCell.Rcheck/00install.out
############################################################################## ############################################################################## ### ### Running command: ### ### /home/biocbuild/bbs-3.13-bioc/R/bin/R CMD INSTALL humanStemCell ### ############################################################################## ############################################################################## * installing to library ‘/home/biocbuild/bbs-3.13-bioc/R/library’ * installing *source* package ‘humanStemCell’ ... ** using staged installation ** data ** inst ** help *** installing help indices ** building package indices ** testing if installed package can be loaded from temporary location ** testing if installed package can be loaded from final location ** testing if installed package keeps a record of temporary installation path * DONE (humanStemCell)
humanStemCell.Rcheck/humanStemCell-Ex.timings
| name | user | system | elapsed | |
| fhesc | 0.029 | 0.001 | 0.029 | |