minfiData 0.1.0 Kasper Daniel Hansen
 | Snapshot Date: 2011-10-18 23:15:16 -0700 (Tue, 18 Oct 2011) |  | URL: https://hedgehog.fhcrc.org/bioc-data/trunk/experiment/pkgs/minfiData |  | Last Changed Rev: 1762 / Revision: 1769 |  | Last Changed Date: 2011-10-16 14:31:16 -0700 (Sun, 16 Oct 2011) |  
  | lamb1  | Linux (openSUSE 11.3) / x86_64  |  OK  |  ERROR  |  | 
| gewurz  | Windows Server 2008 R2 Enterprise SP1 (64-bit) / x64  |  OK  | [ ERROR ] |  ERROR  | 
| pelham  | Mac OS X Leopard (10.5.8) / i386  |  OK  |  ERROR  |  ERROR  | 
* using log directory 'D:/biocbld/bbs-2.8-data-experiment/meat/minfiData.Rcheck'
* using R version 2.13.2 (2011-09-30)
* using platform: x86_64-pc-mingw32 (64-bit)
* using session charset: ISO8859-1
* using option '--no-vignettes'
* checking for file 'minfiData/DESCRIPTION' ... OK
* this is package 'minfiData' version '0.1.0'
* checking package namespace information ... OK
* checking package dependencies ... ERROR
Packages required but not available:
  minfi IlluminaHumanMethylation450kmanifest
See the information on DESCRIPTION files in the chapter 'Creating R
packages' of the 'Writing R Extensions' manual.