kidpack 1.5.7 Wolfgang Huber
 | Snapshot Date: 2011-10-18 23:15:16 -0700 (Tue, 18 Oct 2011) |  | URL: https://hedgehog.fhcrc.org/bioc-data/trunk/experiment/pkgs/kidpack |  | Last Changed Rev: 1057 / Revision: 1763 |  | Last Changed Date: 2009-10-13 23:37:03 -0700 (Tue, 13 Oct 2009) |  
  | lamb1  | Linux (openSUSE 11.3) / x86_64  |  OK  | [ WARNINGS ] |  | 
| gewurz  | Windows Server 2008 R2 Enterprise SP1 (64-bit) / x64  |  OK  |  WARNINGS  |  OK  | 
| pelham  | Mac OS X Leopard (10.5.8) / i386  |  OK  |  WARNINGS  |  OK  | 
* using log directory ‘/loc/home/biocbuild/bbs-2.8-data-experiment/meat/kidpack.Rcheck’
* using R version 2.13.2 (2011-09-30)
* using platform: x86_64-unknown-linux-gnu (64-bit)
* using session charset: UTF-8
* using option ‘--no-vignettes’
* checking for file ‘kidpack/DESCRIPTION’ ... OK
* this is package ‘kidpack’ version ‘1.5.7’
* checking package dependencies ... OK
* checking if this is a source package ... OK
* checking whether package ‘kidpack’ can be installed ... OK
* checking installed package size ... NOTE
  installed size is 20.2Mb
  sub-directories of 1Mb or more:
    data  19.8Mb
* checking package directory ... OK
* checking for portable file names ... OK
* checking for sufficient/correct file permissions ... OK
* checking DESCRIPTION meta-information ... OK
* checking top-level files ... OK
* checking index information ... OK
* checking package subdirectories ... OK
* checking R files for non-ASCII characters ... OK
* checking R files for syntax errors ... OK
* checking whether the package can be loaded ... OK
* checking whether the package can be loaded with stated dependencies ... OK
* checking whether the package can be unloaded cleanly ... OK
* checking for unstated dependencies in R code ... OK
* checking S3 generic/method consistency ... OK
* checking replacement functions ... OK
* checking foreign function calls ... OK
* checking R code for possible problems ... OK
* checking Rd files ... OK
* checking Rd metadata ... OK
* checking Rd cross-references ... OK
* checking for missing documentation entries ... OK
* checking for code/documentation mismatches ... OK
* checking Rd \usage sections ... OK
* checking Rd contents ... OK
* checking for unstated dependencies in examples ... OK
* checking contents of 'data' directory ... OK
* checking data for non-ASCII characters ... OK
* checking data for ASCII and uncompressed saves ... WARNING
  Warning: large data file(s) saved inefficiently:
                 size ASCII compress
  cloneanno.rda 742Kb FALSE     none
  spotanno.rda  1.4Mb FALSE     none
  Warning: package needs dependence on R (>= 2.10)
* checking examples ... OK
* checking for unstated dependencies in vignettes ... OK
* checking package vignettes in ‘inst/doc’ ... OK
* checking running R code from vignettes ... SKIPPED
* checking re-building of vignettes ... SKIPPED
* checking PDF version of manual ... OK
WARNING: There was 1 warning, see
  ‘/loc/home/biocbuild/bbs-2.8-data-experiment/meat/kidpack.Rcheck/00check.log’
for details
 
* installing *source* package ‘kidpack’ ...
** R
** data
** inst
** preparing package for lazy loading
** help
*** installing help indices
** building package indices ...
** testing if installed package can be loaded
*** Deprecation warning ***:
The package 'kidpack' is deprecated and will not be supported after Bioconductor release 2.1.
* DONE (kidpack)