| pasilla 0.2.4 Alejandro Reyes
 
 | Snapshot Date: 2011-07-02 23:15:14 -0700 (Sat, 02 Jul 2011) |  | URL: https://hedgehog.fhcrc.org/bioc-data/trunk/experiment/pkgs/pasilla |  | Last Changed Rev: 1656 / Revision: 1676 |  | Last Changed Date: 2011-06-21 06:28:49 -0700 (Tue, 21 Jun 2011) | 
 | lamb1 | Linux (openSUSE 11.3) / x86_64 | ERROR | skipped |  | 
| gewurz | Windows Server 2008 R2 Enterprise (64-bit) / x64 | ERROR | skipped | skipped | 
| petty | Mac OS X Snow Leopard (10.6.7) / i386 | [ ERROR ] | skipped | skipped | 
* checking for file 'pasilla/DESCRIPTION' ... OK
* preparing 'pasilla':
* checking DESCRIPTION meta-information ... OK
* installing the package to re-build vignettes
* creating vignettes ... ERROR
Error: processing vignette 'create_objects.Rnw' failed with diagnostics:
 chunk 7 (label=read) 
Error in library("DEXSeq") : there is no package called 'DEXSeq'
Execution halted