| frmaExampleData 0.99.3 Matthew N. McCall
 
 | Snapshot Date: 2012-09-23 10:15:26 -0700 (Sun, 23 Sep 2012) |  | URL: https://hedgehog.fhcrc.org/bioc-data/trunk/experiment/pkgs/frmaExampleData |  | Last Changed Rev: 2037 / Revision: 2159 |  | Last Changed Date: 2012-03-30 15:20:09 -0700 (Fri, 30 Mar 2012) | 
 | lamb2 | Linux (openSUSE 11.4) / x86_64 | OK | WARNINGS |  | 
| moscato2 | Windows Server 2008 R2 Enterprise SP1 (64-bit) / x64 | OK | [ WARNINGS ] | OK | 
| petty | Mac OS X Leopard (10.5.8) / i386 | OK | WARNINGS | OK | 
* using log directory 'E:/biocbld/bbs-2.10-data-experiment/meat/frmaExampleData.Rcheck'
* using R version 2.15.1 (2012-06-22)
* using platform: i386-pc-mingw32 (32-bit)
* using session charset: ISO8859-1
* using option '--no-vignettes'
* checking for file 'frmaExampleData/DESCRIPTION' ... OK
* this is package 'frmaExampleData' version '0.99.3'
* checking package namespace information ... OK
* checking package dependencies ... OK
* checking if this is a source package ... OK
* checking if there is a namespace ... OK
* checking whether package 'frmaExampleData' can be installed ... OK
* checking installed package size ... NOTE
  installed size is 22.7Mb
  sub-directories of 1Mb or more:
    data  22.7Mb
* checking package directory ... OK
* checking for portable file names ... OK
* checking DESCRIPTION meta-information ... OK
* checking top-level files ... OK
* checking index information ... OK
* checking package subdirectories ... OK
* loading checks for arch 'i386'
** checking whether the package can be loaded ... OK
** checking whether the package can be loaded with stated dependencies ... OK
** checking whether the package can be unloaded cleanly ... OK
** checking whether the namespace can be loaded with stated dependencies ... OK
** checking whether the namespace can be unloaded cleanly ... OK
* loading checks for arch 'x64'
** checking whether the package can be loaded ... OK
** checking whether the package can be loaded with stated dependencies ... OK
** checking whether the package can be unloaded cleanly ... OK
** checking whether the namespace can be loaded with stated dependencies ... OK
** checking whether the namespace can be unloaded cleanly ... OK
* checking Rd files ... OK
* checking Rd metadata ... OK
* checking Rd cross-references ... OK
* checking for missing documentation entries ... OK
* checking for code/documentation mismatches ... OK
* checking Rd \usage sections ... OK
* checking Rd contents ... OK
* checking for unstated dependencies in examples ... OK
* checking contents of 'data' directory ... OK
* checking data for non-ASCII characters ... OK
* checking data for ASCII and uncompressed saves ... WARNING
  
  Note: significantly better compression could be obtained
        by using R CMD build --resave-data
                        old_size new_size compress
  AffyBatch133a.rda       10.8Mb    6.9Mb       xz
  AffyBatch133atag.rda     2.2Mb    822Kb       xz
  AffyBatch133plus2.rda    5.4Mb    1.8Mb       xz
  AffyBatchExample.rda     4.3Mb    2.3Mb       xz
* checking examples ...
** running examples for arch 'i386' ... OK
** running examples for arch 'x64' ... OK
* checking PDF version of manual ... OK
WARNING: There was 1 warning.
NOTE: There was 1 note.
See
  'E:/biocbld/bbs-2.10-data-experiment/meat/frmaExampleData.Rcheck/00check.log'
for details.
 
install for i386
* installing *source* package 'frmaExampleData' ...
** data
** help
*** installing help indices
** building package indices
** testing if installed package can be loaded
install for x64
* installing *source* package 'frmaExampleData' ...
** testing if installed package can be loaded
* MD5 sums
packaged installation of 'frmaExampleData' as frmaExampleData_0.99.3.zip
* DONE (frmaExampleData)