Last updated on 2025-10-21 09:48:52 CEST.
Flavor | Version | Tinstall | Tcheck | Ttotal | Status | Flags |
---|---|---|---|---|---|---|
r-devel-linux-x86_64-debian-clang | 0.1.1 | 4.73 | 58.15 | 62.88 | OK | |
r-devel-linux-x86_64-debian-gcc | 0.1.1 | 3.56 | 40.08 | 43.64 | NOTE | |
r-devel-linux-x86_64-fedora-clang | 0.1.1 | 104.10 | OK | |||
r-devel-linux-x86_64-fedora-gcc | 0.1.1 | 108.31 | OK | |||
r-devel-windows-x86_64 | 0.1.1 | 6.00 | 78.00 | 84.00 | OK | |
r-patched-linux-x86_64 | 0.1.1 | 4.51 | 55.54 | 60.05 | OK | |
r-release-linux-x86_64 | 0.1.1 | 3.67 | 55.05 | 58.72 | OK | |
r-release-macos-arm64 | 0.1.1 | 45.00 | OK | |||
r-release-macos-x86_64 | 0.1.1 | 71.00 | OK | |||
r-release-windows-x86_64 | 0.1.1 | 8.00 | 79.00 | 87.00 | OK | |
r-oldrel-macos-arm64 | 0.1.1 | 33.00 | OK | |||
r-oldrel-macos-x86_64 | 0.1.1 | 53.00 | OK | |||
r-oldrel-windows-x86_64 | 0.1.1 | 9.00 | 93.00 | 102.00 | OK |
Version: 0.1.1
Check: HTML version of manual
Result: NOTE
Found the following HTML validation problems:
apply.palette.to.rawdata.html:58:1 (apply.palette.to.rawdata.Rd:16): Warning: missing </ul> before </div>
check.palette.html:46:1 (check.palette.Rd:10): Warning: missing </ul> before </div>
expand.rawdata.to.mipmaps.html:54:1 (expand.rawdata.to.mipmaps.Rd:14): Warning: missing </ul> before </div>
get.wal.mipmap.data.html:50:1 (get.wal.mipmap.data.Rd:12): Warning: missing </ul> before </div>
half.image.html:46:1 (half.image.Rd:10): Warning: missing </ul> before </div>
is.quakemodel.html:46:1 (is.quakemodel.Rd:10): Warning: missing </ul> before </div>
is.quakemodel_md2.html:46:1 (is.quakemodel_md2.Rd:10): Warning: missing </ul> before </div>
is.quakemodel_mdl.html:46:1 (is.quakemodel_mdl.Rd:10): Warning: missing </ul> before </div>
plot.wal.html:51:1 (plot.wal.Rd:12): Warning: missing </ul> before </div>
print.wad.html:51:1 (print.wad.Rd:12): Warning: missing </ul> before </div>
qarchive.extract.html:58:1 (qarchive.extract.Rd:16): Warning: missing </ul> before </div>
save.filepart.html:58:1 (save.filepart.Rd:16): Warning: missing </ul> before </div>
unpack.vertex.coords.html:50:1 (unpack.vertex.coords.Rd:12): Warning: missing </ul> before </div>
Flavor: r-devel-linux-x86_64-debian-gcc