Last updated on 2025-10-21 09:48:51 CEST.
Flavor | Version | Tinstall | Tcheck | Ttotal | Status | Flags |
---|---|---|---|---|---|---|
r-devel-linux-x86_64-debian-clang | 1.0.5 | 3.26 | 116.51 | 119.77 | OK | |
r-devel-linux-x86_64-debian-gcc | 1.0.5 | 2.11 | 76.73 | 78.84 | NOTE | |
r-devel-linux-x86_64-fedora-clang | 1.0.5 | 200.37 | OK | |||
r-devel-linux-x86_64-fedora-gcc | 1.0.5 | 195.21 | OK | |||
r-devel-windows-x86_64 | 1.0.5 | 5.00 | 118.00 | 123.00 | OK | |
r-patched-linux-x86_64 | 1.0.5 | 2.83 | 110.19 | 113.02 | OK | |
r-release-linux-x86_64 | 1.0.5 | 2.58 | 107.57 | 110.15 | OK | |
r-release-macos-arm64 | 1.0.5 | 61.00 | OK | |||
r-release-macos-x86_64 | 1.0.5 | 116.00 | OK | |||
r-release-windows-x86_64 | 1.0.5 | 5.00 | 120.00 | 125.00 | OK | |
r-oldrel-macos-arm64 | 1.0.5 | 60.00 | NOTE | |||
r-oldrel-macos-x86_64 | 1.0.5 | 115.00 | NOTE | |||
r-oldrel-windows-x86_64 | 1.0.5 | 5.00 | 157.00 | 162.00 | NOTE |
Version: 1.0.5
Check: HTML version of manual
Result: NOTE
Found the following HTML validation problems:
dot-signdisc.html:75:1 (dot-signdisc.Rd:27): Warning: missing </ul> before </div>
Flavor: r-devel-linux-x86_64-debian-gcc
Version: 1.0.5
Check: package dependencies
Result: NOTE
Package suggested but not available for checking: ‘fwelnet’
Flavors: r-oldrel-macos-arm64, r-oldrel-macos-x86_64
Version: 1.0.5
Check: package dependencies
Result: NOTE
Packages suggested but not available for checking: 'fwelnet', 'doMC'
Flavor: r-oldrel-windows-x86_64